114.119.147.209 - - [23/Sep/2022:17:04:19 -0700] "GET /2003/Noah_4-5_mois/ HTTP/1.1" 200 1084 "http://photos.frachon.org/" "Mozilla/5.0 (Linux; Android 7.0;) AppleWebKit/537.36 (KHTML, like Gecko) Mobile Safari/537.36 (compatible; PetalBot;+https://webmaster.petalsearch.com/site/petalbot)" "photos.frachon.org"
114.119.147.213 - - [23/Sep/2022:17:11:00 -0700] "GET /2003/vacances_portland/source/dsc04415.htm HTTP/1.1" 200 1005 "http://photos.frachon.org/2003/vacances_portland/index3.htm" "Mozilla/5.0 (Linux; Android 7.0;) AppleWebKit/537.36 (KHTML, like Gecko) Mobile Safari/537.36 (compatible; PetalBot;+https://webmaster.petalsearch.com/site/petalbot)" "photos.frachon.org"
114.119.147.213 - - [23/Sep/2022:17:17:31 -0700] "GET /2004/SejourAndreCatherine/source/pict0267.htm HTTP/1.1" 200 1058 "http://photos.frachon.org/source/pict0331.htm" "Mozilla/5.0 (Linux; Android 7.0;) AppleWebKit/537.36 (KHTML, like Gecko) Mobile Safari/537.36 (compatible; PetalBot;+https://webmaster.petalsearch.com/site/petalbot)" "photos.frachon.org"
114.119.145.183 - - [23/Sep/2022:17:24:02 -0700] "GET /2004/laborday/source/dsc07051.htm HTTP/1.1" 200 1070 "http://photos.frachon.org/2004/laborday/index.htm" "Mozilla/5.0 (Linux; Android 7.0;) AppleWebKit/537.36 (KHTML, like Gecko) Mobile Safari/537.36 (compatible; PetalBot;+https://webmaster.petalsearch.com/site/petalbot)" "photos.frachon.org"
114.119.147.184 - - [23/Sep/2022:17:30:59 -0700] "GET /2003/shenandoah-demenagement/source/dsc03153.htm HTTP/1.1" 200 1047 "http://photos.frachon.org/2003/shenandoah-demenagement/index.htm" "Mozilla/5.0 (Linux; Android 7.0;) AppleWebKit/537.36 (KHTML, like Gecko) Mobile Safari/537.36 (compatible; PetalBot;+https://webmaster.petalsearch.com/site/petalbot)" "photos.frachon.org"
216.244.66.228 - - [23/Sep/2022:17:34:53 -0700] "GET /robots.txt HTTP/1.1" 404 73 "-" "Mozilla/5.0 (compatible; DotBot/1.2; +https://opensiteexplorer.org/dotbot; help@moz.com)" "photos.frachon.org"
114.119.145.183 - - [23/Sep/2022:17:37:26 -0700] "GET /2004/laborday/source/dsc07128.htm HTTP/1.1" 200 1057 "http://photos.frachon.org/2004/laborday/index4.htm" "Mozilla/5.0 (Linux; Android 7.0;) AppleWebKit/537.36 (KHTML, like Gecko) Mobile Safari/537.36 (compatible; PetalBot;+https://webmaster.petalsearch.com/site/petalbot)" "photos.frachon.org"
114.119.147.209 - - [23/Sep/2022:17:44:10 -0700] "GET /2002/noel_en_france/source/dsc02538.htm HTTP/1.1" 200 1014 "http://photos.frachon.org/2002/noel_en_france/index7.htm" "Mozilla/5.0 (Linux; Android 7.0;) AppleWebKit/537.36 (KHTML, like Gecko) Mobile Safari/537.36 (compatible; PetalBot;+https://webmaster.petalsearch.com/site/petalbot)" "photos.frachon.org"
114.119.147.184 - - [23/Sep/2022:17:50:55 -0700] "GET /2003/vacances_portland/source/dsc04393.htm HTTP/1.1" 200 1008 "http://photos.frachon.org/2003/vacances_portland/index3.htm" "Mozilla/5.0 (Linux; Android 7.0;) AppleWebKit/537.36 (KHTML, like Gecko) Mobile Safari/537.36 (compatible; PetalBot;+https://webmaster.petalsearch.com/site/petalbot)" "photos.frachon.org"
114.119.145.183 - - [23/Sep/2022:17:57:44 -0700] "GET /2002/noah_1_a_2_mois/source/mov01715.htm HTTP/1.1" 200 1075 "http://photos.frachon.org/2002/noah_1_a_2_mois/index2.htm" "Mozilla/5.0 (Linux; Android 7.0;) AppleWebKit/537.36 (KHTML, like Gecko) Mobile Safari/537.36 (compatible; PetalBot;+https://webmaster.petalsearch.com/site/petalbot)" "photos.frachon.org"
114.119.147.213 - - [23/Sep/2022:18:04:30 -0700] "GET /2004/SejourAndreCatherine/source/dsc06278.htm HTTP/1.1" 200 1063 "http://photos.frachon.org/source/pict0331.htm" "Mozilla/5.0 (Linux; Android 7.0;) AppleWebKit/537.36 (KHTML, like Gecko) Mobile Safari/537.36 (compatible; PetalBot;+https://webmaster.petalsearch.com/site/petalbot)" "photos.frachon.org"
114.119.147.205 - - [23/Sep/2022:18:11:32 -0700] "GET /2004/vacances-suede/index5.htm HTTP/1.1" 200 1112 "http://photos.frachon.org/2004/vacances-suede/" "Mozilla/5.0 (Linux; Android 7.0;) AppleWebKit/537.36 (KHTML, like Gecko) Mobile Safari/537.36 (compatible; PetalBot;+https://webmaster.petalsearch.com/site/petalbot)" "photos.frachon.org"
114.119.147.184 - - [23/Sep/2022:18:18:29 -0700] "GET /2003/4th_july/source/dsc04018.htm HTTP/1.1" 200 1058 "http://photos.frachon.org/2003/4th_july/" "Mozilla/5.0 (Linux; Android 7.0;) AppleWebKit/537.36 (KHTML, like Gecko) Mobile Safari/537.36 (compatible; PetalBot;+https://webmaster.petalsearch.com/site/petalbot)" "photos.frachon.org"
216.244.66.228 - - [23/Sep/2022:18:25:08 -0700] "GET /robots.txt HTTP/1.1" 404 73 "-" "Mozilla/5.0 (compatible; DotBot/1.2; +https://opensiteexplorer.org/dotbot; help@moz.com)" "photos.frachon.org"
114.119.145.183 - - [23/Sep/2022:18:25:25 -0700] "GET /2003/Noah_eau/index.htm HTTP/1.1" 200 1085 "http://photos.frachon.org/2003/Noah_eau/index2.htm" "Mozilla/5.0 (Linux; Android 7.0;) AppleWebKit/537.36 (KHTML, like Gecko) Mobile Safari/537.36 (compatible; PetalBot;+https://webmaster.petalsearch.com/site/petalbot)" "photos.frachon.org"
114.119.145.183 - - [23/Sep/2022:18:32:40 -0700] "GET /2002/noah_album_naissance/ HTTP/1.1" 200 1271 "-" "Mozilla/5.0 (Linux; Android 7.0;) AppleWebKit/537.36 (KHTML, like Gecko) Mobile Safari/537.36 (compatible; PetalBot;+https://webmaster.petalsearch.com/site/petalbot)" "photos.frachon.org"
114.119.147.213 - - [23/Sep/2022:18:46:42 -0700] "GET /2003/Noah_4-5_mois/source/dsc02742.htm HTTP/1.1" 200 1009 "http://photos.frachon.org/2003/Noah_4-5_mois/" "Mozilla/5.0 (Linux; Android 7.0;) AppleWebKit/537.36 (KHTML, like Gecko) Mobile Safari/537.36 (compatible; PetalBot;+https://webmaster.petalsearch.com/site/petalbot)" "photos.frachon.org"
114.119.147.213 - - [23/Sep/2022:18:53:47 -0700] "GET /2004/SejourAndreCatherine/source/pict0583.htm HTTP/1.1" 200 1054 "http://photos.frachon.org/2004/SejourAndreCatherine/index6.htm" "Mozilla/5.0 (Linux; Android 7.0;) AppleWebKit/537.36 (KHTML, like Gecko) Mobile Safari/537.36 (compatible; PetalBot;+https://webmaster.petalsearch.com/site/petalbot)" "photos.frachon.org"
114.119.147.209 - - [23/Sep/2022:19:00:59 -0700] "GET /2003/shenandoah-demenagement/source/dsc03150.htm HTTP/1.1" 200 1025 "http://photos.frachon.org/2003/shenandoah-demenagement/index.htm" "Mozilla/5.0 (Linux; Android 7.0;) AppleWebKit/537.36 (KHTML, like Gecko) Mobile Safari/537.36 (compatible; PetalBot;+https://webmaster.petalsearch.com/site/petalbot)" "photos.frachon.org"
114.119.147.213 - - [23/Sep/2022:19:08:17 -0700] "GET /2002/noel_en_france/source/dsc02453.htm HTTP/1.1" 200 1006 "http://photos.frachon.org/2002/noel_en_france/index6.htm" "Mozilla/5.0 (Linux; Android 7.0;) AppleWebKit/537.36 (KHTML, like Gecko) Mobile Safari/537.36 (compatible; PetalBot;+https://webmaster.petalsearch.com/site/petalbot)" "photos.frachon.org"
114.119.147.213 - - [23/Sep/2022:19:15:36 -0700] "GET /2002/noah_1_a_2_mois/source/dsc01854.htm HTTP/1.1" 200 1027 "http://photos.frachon.org/2002/noah_1_a_2_mois/index3.htm" "Mozilla/5.0 (Linux; Android 7.0;) AppleWebKit/537.36 (KHTML, like Gecko) Mobile Safari/537.36 (compatible; PetalBot;+https://webmaster.petalsearch.com/site/petalbot)" "photos.frachon.org"
216.244.66.228 - - [23/Sep/2022:19:16:37 -0700] "GET /robots.txt HTTP/1.1" 404 73 "-" "Mozilla/5.0 (compatible; DotBot/1.2; +https://opensiteexplorer.org/dotbot; help@moz.com)" "photos.frachon.org"
216.244.66.228 - - [23/Sep/2022:19:16:37 -0700] "GET /robots.txt HTTP/1.1" 404 73 "-" "Mozilla/5.0 (compatible; DotBot/1.2; +https://opensiteexplorer.org/dotbot; help@moz.com)" "frachon.org"
114.119.145.183 - - [23/Sep/2022:19:22:48 -0700] "GET /2002/noel_en_france/source/dsc02324.htm HTTP/1.1" 200 1074 "http://photos.frachon.org/2002/noel_en_france/index3.htm" "Mozilla/5.0 (Linux; Android 7.0;) AppleWebKit/537.36 (KHTML, like Gecko) Mobile Safari/537.36 (compatible; PetalBot;+https://webmaster.petalsearch.com/site/petalbot)" "photos.frachon.org"
114.119.147.184 - - [23/Sep/2022:19:30:12 -0700] "GET /2003/halloween/source/img_0950.htm HTTP/1.1" 200 1057 "http://photos.frachon.org/2003/halloween/" "Mozilla/5.0 (Linux; Android 7.0;) AppleWebKit/537.36 (KHTML, like Gecko) Mobile Safari/537.36 (compatible; PetalBot;+https://webmaster.petalsearch.com/site/petalbot)" "photos.frachon.org"
94.154.239.69 - - [23/Sep/2022:19:30:50 -0700] "GET /robots.txt HTTP/1.1" 404 73 "-" "Mozilla/5.0 (compatible; MJ12bot/v1.4.8; http://mj12bot.com/)" "photos.frachon.org"
94.154.239.69 - - [23/Sep/2022:19:30:54 -0700] "GET /2005/nanjing_february/source/img_0269.htm HTTP/1.1" 200 1054 "-" "Mozilla/5.0 (compatible; MJ12bot/v1.4.8; http://mj12bot.com/)" "photos.frachon.org"
94.154.239.69 - - [23/Sep/2022:19:30:56 -0700] "GET /robots.txt HTTP/1.1" 404 73 "-" "Mozilla/5.0 (compatible; MJ12bot/v1.4.8; http://mj12bot.com/)" "www.frachon.org"
94.154.239.69 - - [23/Sep/2022:19:30:58 -0700] "GET /?D=D HTTP/1.1" 200 377 "-" "Mozilla/5.0 (compatible; MJ12bot/v1.4.8; http://mj12bot.com/)" "www.frachon.org"
94.154.239.69 - - [23/Sep/2022:19:31:03 -0700] "GET /?M=D HTTP/1.1" 200 377 "-" "Mozilla/5.0 (compatible; MJ12bot/v1.4.8; http://mj12bot.com/)" "www.frachon.org"
94.154.239.69 - - [23/Sep/2022:19:31:06 -0700] "GET /photos/index2.htm HTTP/1.1" 200 1889 "-" "Mozilla/5.0 (compatible; MJ12bot/v1.4.8; http://mj12bot.com/)" "www.frachon.org"
114.119.145.183 - - [23/Sep/2022:19:37:26 -0700] "GET /2000/mariage/source/tombez_la_chemise__.htm HTTP/1.1" 200 1158 "http://photos.frachon.org/2000/mariage/index2.htm" "Mozilla/5.0 (Linux; Android 7.0;) AppleWebKit/537.36 (KHTML, like Gecko) Mobile Safari/537.36 (compatible; PetalBot;+https://webmaster.petalsearch.com/site/petalbot)" "photos.frachon.org"
114.119.147.213 - - [23/Sep/2022:19:44:53 -0700] "GET /2000/avant_mariage/image/?C=S%3BO%3DA HTTP/1.1" 200 428 "http://photos.frachon.org/2000/avant_mariage/image/" "Mozilla/5.0 (Linux; Android 7.0;) AppleWebKit/537.36 (KHTML, like Gecko) Mobile Safari/537.36 (compatible; PetalBot;+https://webmaster.petalsearch.com/site/petalbot)" "photos.frachon.org"
114.119.147.184 - - [23/Sep/2022:19:52:16 -0700] "GET /2003/vacances_portland/source/dsc04413.htm HTTP/1.1" 200 1009 "http://photos.frachon.org/2003/vacances_portland/index3.htm" "Mozilla/5.0 (Linux; Android 7.0;) AppleWebKit/537.36 (KHTML, like Gecko) Mobile Safari/537.36 (compatible; PetalBot;+https://webmaster.petalsearch.com/site/petalbot)" "photos.frachon.org"
114.119.147.209 - - [23/Sep/2022:19:59:31 -0700] "GET /2005/metamorphose_jardin/source/dsc08381.htm HTTP/1.1" 200 1056 "http://photos.frachon.org/2005/metamorphose_jardin/index2.htm" "Mozilla/5.0 (Linux; Android 7.0;) AppleWebKit/537.36 (KHTML, like Gecko) Mobile Safari/537.36 (compatible; PetalBot;+https://webmaster.petalsearch.com/site/petalbot)" "photos.frachon.org"
216.244.66.228 - - [23/Sep/2022:20:06:15 -0700] "GET /robots.txt HTTP/1.1" 404 73 "-" "Mozilla/5.0 (compatible; DotBot/1.2; +https://opensiteexplorer.org/dotbot; help@moz.com)" "photos.frachon.org"
114.119.147.209 - - [23/Sep/2022:20:06:34 -0700] "GET /2002/noel_en_france/source/dsc02216.htm HTTP/1.1" 200 1012 "http://photos.frachon.org/source/dsc02436.htm" "Mozilla/5.0 (Linux; Android 7.0;) AppleWebKit/537.36 (KHTML, like Gecko) Mobile Safari/537.36 (compatible; PetalBot;+https://webmaster.petalsearch.com/site/petalbot)" "photos.frachon.org"
114.119.147.213 - - [23/Sep/2022:20:13:33 -0700] "GET /2002/noah_1_a_2_mois/source/dsc01825.htm HTTP/1.1" 200 1009 "http://photos.frachon.org/2002/noah_1_a_2_mois/index3.htm" "Mozilla/5.0 (Linux; Android 7.0;) AppleWebKit/537.36 (KHTML, like Gecko) Mobile Safari/537.36 (compatible; PetalBot;+https://webmaster.petalsearch.com/site/petalbot)" "photos.frachon.org"
114.119.147.184 - - [23/Sep/2022:20:20:42 -0700] "GET /2002/noel_en_france/source/dsc02498.htm HTTP/1.1" 200 1009 "http://photos.frachon.org/2002/noel_en_france/index7.htm" "Mozilla/5.0 (Linux; Android 7.0;) AppleWebKit/537.36 (KHTML, like Gecko) Mobile Safari/537.36 (compatible; PetalBot;+https://webmaster.petalsearch.com/site/petalbot)" "photos.frachon.org"
114.119.147.205 - - [23/Sep/2022:20:27:38 -0700] "GET /2005/30ans-bruno/source/dsc08753.htm HTTP/1.1" 200 1047 "http://photos.frachon.org/2005/30ans-bruno/index2.htm" "Mozilla/5.0 (Linux; Android 7.0;) AppleWebKit/537.36 (KHTML, like Gecko) Mobile Safari/537.36 (compatible; PetalBot;+https://webmaster.petalsearch.com/site/petalbot)" "photos.frachon.org"
114.119.145.183 - - [23/Sep/2022:20:34:36 -0700] "GET /2000/voyage_de_noces/source/les_poissons_1.htm HTTP/1.1" 200 1159 "http://photos.frachon.org/2000/voyage_de_noces/index3.htm" "Mozilla/5.0 (Linux; Android 7.0;) AppleWebKit/537.36 (KHTML, like Gecko) Mobile Safari/537.36 (compatible; PetalBot;+https://webmaster.petalsearch.com/site/petalbot)" "photos.frachon.org"
114.119.147.213 - - [23/Sep/2022:20:41:28 -0700] "GET /2004/SejourAndreCatherine/source/pict0590.htm HTTP/1.1" 200 1056 "http://photos.frachon.org/2004/SejourAndreCatherine/index6.htm" "Mozilla/5.0 (Linux; Android 7.0;) AppleWebKit/537.36 (KHTML, like Gecko) Mobile Safari/537.36 (compatible; PetalBot;+https://webmaster.petalsearch.com/site/petalbot)" "photos.frachon.org"
114.119.147.209 - - [23/Sep/2022:20:48:17 -0700] "GET /2003/vacances_portland/index2.htm HTTP/1.1" 200 1084 "http://photos.frachon.org/2003/vacances_portland/" "Mozilla/5.0 (Linux; Android 7.0;) AppleWebKit/537.36 (KHTML, like Gecko) Mobile Safari/537.36 (compatible; PetalBot;+https://webmaster.petalsearch.com/site/petalbot)" "photos.frachon.org"
114.119.147.209 - - [23/Sep/2022:20:55:07 -0700] "GET /2000/voyage_de_noces/source/des_bisous_du_copain__2059.htm HTTP/1.1" 200 1201 "http://photos.frachon.org/2000/voyage_de_noces/index2.htm" "Mozilla/5.0 (Linux; Android 7.0;) AppleWebKit/537.36 (KHTML, like Gecko) Mobile Safari/537.36 (compatible; PetalBot;+https://webmaster.petalsearch.com/site/petalbot)" "photos.frachon.org"
216.244.66.228 - - [23/Sep/2022:20:57:40 -0700] "GET /robots.txt HTTP/1.1" 404 73 "-" "Mozilla/5.0 (compatible; DotBot/1.2; +https://opensiteexplorer.org/dotbot; help@moz.com)" "photos.frachon.org"
216.244.66.228 - - [23/Sep/2022:20:57:40 -0700] "GET /robots.txt HTTP/1.1" 404 73 "-" "Mozilla/5.0 (compatible; DotBot/1.2; +https://opensiteexplorer.org/dotbot; help@moz.com)" "frachon.org"
114.119.147.209 - - [23/Sep/2022:21:01:57 -0700] "GET /2005/nanjing_february/source/dsc08110.htm HTTP/1.1" 200 1048 "http://photos.frachon.org/2005/nanjing_february/" "Mozilla/5.0 (Linux; Android 7.0;) AppleWebKit/537.36 (KHTML, like Gecko) Mobile Safari/537.36 (compatible; PetalBot;+https://webmaster.petalsearch.com/site/petalbot)" "photos.frachon.org"
114.119.147.184 - - [23/Sep/2022:21:09:01 -0700] "GET /2005/nanjing_february/source/dsc08176.htm HTTP/1.1" 200 1048 "http://photos.frachon.org/2005/nanjing_february/index2.htm" "Mozilla/5.0 (Linux; Android 7.0;) AppleWebKit/537.36 (KHTML, like Gecko) Mobile Safari/537.36 (compatible; PetalBot;+https://webmaster.petalsearch.com/site/petalbot)" "photos.frachon.org"
114.119.145.183 - - [23/Sep/2022:21:15:45 -0700] "GET /2002/noah_album_naissance/source/dsc01456.htm HTTP/1.1" 200 1189 "http://photos.frachon.org/2002/noah_album_naissance/index.htm" "Mozilla/5.0 (Linux; Android 7.0;) AppleWebKit/537.36 (KHTML, like Gecko) Mobile Safari/537.36 (compatible; PetalBot;+https://webmaster.petalsearch.com/site/petalbot)" "photos.frachon.org"
114.119.147.184 - - [23/Sep/2022:21:22:38 -0700] "GET /2005/nanjing_february/source/dsc08179.htm HTTP/1.1" 200 1049 "http://photos.frachon.org/2005/nanjing_february/index2.htm" "Mozilla/5.0 (Linux; Android 7.0;) AppleWebKit/537.36 (KHTML, like Gecko) Mobile Safari/537.36 (compatible; PetalBot;+https://webmaster.petalsearch.com/site/petalbot)" "photos.frachon.org"
114.119.147.184 - - [23/Sep/2022:21:29:23 -0700] "GET /2005/30ans-bruno/source/dsc08731.htm HTTP/1.1" 200 1049 "http://photos.frachon.org/2005/30ans-bruno/index.htm" "Mozilla/5.0 (Linux; Android 7.0;) AppleWebKit/537.36 (KHTML, like Gecko) Mobile Safari/537.36 (compatible; PetalBot;+https://webmaster.petalsearch.com/site/petalbot)" "photos.frachon.org"
114.119.147.184 - - [23/Sep/2022:21:36:10 -0700] "GET /2002/picnic_menlo_27_07_2002/source/dsc01353.htm HTTP/1.1" 200 1156 "http://photos.frachon.org/source/dsc01356.htm" "Mozilla/5.0 (Linux; Android 7.0;) AppleWebKit/537.36 (KHTML, like Gecko) Mobile Safari/537.36 (compatible; PetalBot;+https://webmaster.petalsearch.com/site/petalbot)" "photos.frachon.org"
114.119.147.205 - - [23/Sep/2022:21:42:53 -0700] "GET /2002/halloween/image/dsc01913.jpg HTTP/1.1" 200 26883 "http://photos.frachon.org/2002/halloween/source/dsc01913.htm" "Mozilla/5.0 (Linux; Android 7.0;) AppleWebKit/537.36 (KHTML, like Gecko) Mobile Safari/537.36 (compatible; PetalBot;+https://webmaster.petalsearch.com/site/petalbot)" "photos.frachon.org"
114.119.147.209 - - [23/Sep/2022:21:49:39 -0700] "GET /2005/30ans-bruno/source/dsc08740.htm HTTP/1.1" 200 1049 "http://photos.frachon.org/2005/30ans-bruno/index.htm" "Mozilla/5.0 (Linux; Android 7.0;) AppleWebKit/537.36 (KHTML, like Gecko) Mobile Safari/537.36 (compatible; PetalBot;+https://webmaster.petalsearch.com/site/petalbot)" "photos.frachon.org"
114.119.147.209 - - [23/Sep/2022:21:56:20 -0700] "GET /2003/low_wedding/source/dsc04493.htm HTTP/1.1" 200 1060 "http://photos.frachon.org/2003/low_wedding/" "Mozilla/5.0 (Linux; Android 7.0;) AppleWebKit/537.36 (KHTML, like Gecko) Mobile Safari/537.36 (compatible; PetalBot;+https://webmaster.petalsearch.com/site/petalbot)" "photos.frachon.org"
114.119.147.184 - - [23/Sep/2022:22:03:04 -0700] "GET /2004/vacances-suede/source/113_1335p.htm HTTP/1.1" 200 1078 "http://photos.frachon.org/2004/vacances-suede/index8.htm" "Mozilla/5.0 (Linux; Android 7.0;) AppleWebKit/537.36 (KHTML, like Gecko) Mobile Safari/537.36 (compatible; PetalBot;+https://webmaster.petalsearch.com/site/petalbot)" "photos.frachon.org"
114.119.147.184 - - [23/Sep/2022:22:09:40 -0700] "GET /2004/vacances-suede/source/dsc06715.htm HTTP/1.1" 200 1070 "http://photos.frachon.org/2004/vacances-suede/index4.htm" "Mozilla/5.0 (Linux; Android 7.0;) AppleWebKit/537.36 (KHTML, like Gecko) Mobile Safari/537.36 (compatible; PetalBot;+https://webmaster.petalsearch.com/site/petalbot)" "photos.frachon.org"
114.119.145.183 - - [23/Sep/2022:22:16:23 -0700] "GET /2005/nanjing_february/source/dsc08231.htm HTTP/1.1" 200 1050 "http://photos.frachon.org/2005/nanjing_february/index4.htm" "Mozilla/5.0 (Linux; Android 7.0;) AppleWebKit/537.36 (KHTML, like Gecko) Mobile Safari/537.36 (compatible; PetalBot;+https://webmaster.petalsearch.com/site/petalbot)" "photos.frachon.org"
114.119.147.213 - - [23/Sep/2022:22:23:04 -0700] "GET /2000/mariage/source/les_tontons_flingueurs.htm HTTP/1.1" 200 1160 "http://photos.frachon.org/2000/mariage/index2.htm" "Mozilla/5.0 (Linux; Android 7.0;) AppleWebKit/537.36 (KHTML, like Gecko) Mobile Safari/537.36 (compatible; PetalBot;+https://webmaster.petalsearch.com/site/petalbot)" "photos.frachon.org"
114.119.147.213 - - [23/Sep/2022:22:29:53 -0700] "GET /2002/Picnic_Santa_Cruz_21_07_2002/source/mov01341.htm HTTP/1.1" 200 1206 "http://photos.frachon.org/2002/Picnic_Santa_Cruz_21_07_2002/" "Mozilla/5.0 (Linux; Android 7.0;) AppleWebKit/537.36 (KHTML, like Gecko) Mobile Safari/537.36 (compatible; PetalBot;+https://webmaster.petalsearch.com/site/petalbot)" "photos.frachon.org"
114.119.147.209 - - [23/Sep/2022:22:36:42 -0700] "GET /2005/metamorphose_jardin/source/dsc08388.htm HTTP/1.1" 200 1059 "http://photos.frachon.org/2005/metamorphose_jardin/index2.htm" "Mozilla/5.0 (Linux; Android 7.0;) AppleWebKit/537.36 (KHTML, like Gecko) Mobile Safari/537.36 (compatible; PetalBot;+https://webmaster.petalsearch.com/site/petalbot)" "photos.frachon.org"
216.244.66.228 - - [23/Sep/2022:22:37:46 -0700] "GET /robots.txt HTTP/1.1" 404 73 "-" "Mozilla/5.0 (compatible; DotBot/1.2; +https://opensiteexplorer.org/dotbot; help@moz.com)" "photos.frachon.org"
114.119.145.183 - - [23/Sep/2022:22:43:09 -0700] "GET /source/mov01285.htm HTTP/1.1" 200 142 "http://photos.frachon.org/index2.htm" "Mozilla/5.0 (Linux; Android 7.0;) AppleWebKit/537.36 (KHTML, like Gecko) Mobile Safari/537.36 (compatible; PetalBot;+https://webmaster.petalsearch.com/site/petalbot)" "photos.frachon.org"
114.119.147.209 - - [23/Sep/2022:22:49:52 -0700] "GET /2003/halloween/source/img_0992.htm HTTP/1.1" 200 1056 "http://photos.frachon.org/2003/halloween/" "Mozilla/5.0 (Linux; Android 7.0;) AppleWebKit/537.36 (KHTML, like Gecko) Mobile Safari/537.36 (compatible; PetalBot;+https://webmaster.petalsearch.com/site/petalbot)" "photos.frachon.org"
114.119.147.209 - - [23/Sep/2022:22:56:44 -0700] "GET /2003/halloween/source/img_0957.htm HTTP/1.1" 200 1059 "http://photos.frachon.org/2003/halloween/" "Mozilla/5.0 (Linux; Android 7.0;) AppleWebKit/537.36 (KHTML, like Gecko) Mobile Safari/537.36 (compatible; PetalBot;+https://webmaster.petalsearch.com/site/petalbot)" "photos.frachon.org"
114.119.147.205 - - [23/Sep/2022:23:03:48 -0700] "GET /2000/avant_mariage/?C=N%3BO%3DD HTTP/1.1" 200 375 "http://photos.frachon.org/2000/avant_mariage/?C=D%3BO%3DA" "Mozilla/5.0 (Linux; Android 7.0;) AppleWebKit/537.36 (KHTML, like Gecko) Mobile Safari/537.36 (compatible; PetalBot;+https://webmaster.petalsearch.com/site/petalbot)" "photos.frachon.org"
114.119.147.209 - - [23/Sep/2022:23:10:33 -0700] "GET /2000/voyage_de_noces/source/fabrice_mange_dans_la_205a.htm HTTP/1.1" 200 1203 "http://photos.frachon.org/2000/voyage_de_noces/index2.htm" "Mozilla/5.0 (Linux; Android 7.0;) AppleWebKit/537.36 (KHTML, like Gecko) Mobile Safari/537.36 (compatible; PetalBot;+https://webmaster.petalsearch.com/site/petalbot)" "photos.frachon.org"
114.119.147.184 - - [23/Sep/2022:23:17:19 -0700] "GET /2003/anniversaire_logan/image/dsc03039.jpg HTTP/1.1" 200 77696 "http://photos.frachon.org/2003/anniversaire_logan/source/dsc03039.htm" "Mozilla/5.0 (Linux; Android 7.0;) AppleWebKit/537.36 (KHTML, like Gecko) Mobile Safari/537.36 (compatible; PetalBot;+https://webmaster.petalsearch.com/site/petalbot)" "photos.frachon.org"
114.119.145.183 - - [23/Sep/2022:23:24:02 -0700] "GET /2003/Noah_eau/source/dsc03245.htm HTTP/1.1" 200 1005 "http://photos.frachon.org/2003/Noah_eau/index.htm" "Mozilla/5.0 (Linux; Android 7.0;) AppleWebKit/537.36 (KHTML, like Gecko) Mobile Safari/537.36 (compatible; PetalBot;+https://webmaster.petalsearch.com/site/petalbot)" "photos.frachon.org"
114.119.147.213 - - [23/Sep/2022:23:30:51 -0700] "GET /2002/noel_en_france/source/dsc02541.htm HTTP/1.1" 200 1018 "http://photos.frachon.org/2002/noel_en_france/index7.htm" "Mozilla/5.0 (Linux; Android 7.0;) AppleWebKit/537.36 (KHTML, like Gecko) Mobile Safari/537.36 (compatible; PetalBot;+https://webmaster.petalsearch.com/site/petalbot)" "photos.frachon.org"
114.119.147.213 - - [23/Sep/2022:23:38:48 -0700] "GET /2004/laborday/source/dsc07103.htm HTTP/1.1" 200 1056 "http://photos.frachon.org/2004/laborday/index3.htm" "Mozilla/5.0 (Linux; Android 7.0;) AppleWebKit/537.36 (KHTML, like Gecko) Mobile Safari/537.36 (compatible; PetalBot;+https://webmaster.petalsearch.com/site/petalbot)" "photos.frachon.org"
114.119.147.213 - - [23/Sep/2022:23:44:58 -0700] "GET /2000/mariage/source/le_gateau.htm HTTP/1.1" 200 1150 "http://photos.frachon.org/2000/mariage/index2.htm" "Mozilla/5.0 (Linux; Android 7.0;) AppleWebKit/537.36 (KHTML, like Gecko) Mobile Safari/537.36 (compatible; PetalBot;+https://webmaster.petalsearch.com/site/petalbot)" "photos.frachon.org"
114.119.145.183 - - [23/Sep/2022:23:51:09 -0700] "GET /2004/laborday/source/bellito_dsc02717.htm HTTP/1.1" 200 1081 "http://photos.frachon.org/2004/laborday/index6.htm" "Mozilla/5.0 (Linux; Android 7.0;) AppleWebKit/537.36 (KHTML, like Gecko) Mobile Safari/537.36 (compatible; PetalBot;+https://webmaster.petalsearch.com/site/petalbot)" "photos.frachon.org"
114.119.145.183 - - [23/Sep/2022:23:57:16 -0700] "GET /2002/noah_1_a_2_mois/image/dsc01613.jpg HTTP/1.1" 200 20639 "http://photos.frachon.org/2002/noah_1_a_2_mois/source/dsc01613.htm" "Mozilla/5.0 (Linux; Android 7.0;) AppleWebKit/537.36 (KHTML, like Gecko) Mobile Safari/537.36 (compatible; PetalBot;+https://webmaster.petalsearch.com/site/petalbot)" "photos.frachon.org"
114.119.147.184 - - [24/Sep/2022:00:03:22 -0700] "GET /2000/mariage/source/c_est_bien_les_bisous__.jp.htm HTTP/1.1" 200 1159 "http://photos.frachon.org/2000/mariage/index2.htm" "Mozilla/5.0 (Linux; Android 7.0;) AppleWebKit/537.36 (KHTML, like Gecko) Mobile Safari/537.36 (compatible; PetalBot;+https://webmaster.petalsearch.com/site/petalbot)" "photos.frachon.org"
114.119.147.205 - - [24/Sep/2022:00:09:23 -0700] "GET /2005/nanjing_february/source/dsc08224.htm HTTP/1.1" 200 1047 "http://photos.frachon.org/2005/nanjing_february/index3.htm" "Mozilla/5.0 (Linux; Android 7.0;) AppleWebKit/537.36 (KHTML, like Gecko) Mobile Safari/537.36 (compatible; PetalBot;+https://webmaster.petalsearch.com/site/petalbot)" "photos.frachon.org"
114.119.147.184 - - [24/Sep/2022:00:15:23 -0700] "GET /2003/4th_july/source/dsc04010.htm HTTP/1.1" 200 1054 "http://photos.frachon.org/2003/4th_july/" "Mozilla/5.0 (Linux; Android 7.0;) AppleWebKit/537.36 (KHTML, like Gecko) Mobile Safari/537.36 (compatible; PetalBot;+https://webmaster.petalsearch.com/site/petalbot)" "photos.frachon.org"
114.119.147.209 - - [24/Sep/2022:00:21:29 -0700] "GET /2003/Noah_4-5_mois/source/dsc02631.htm HTTP/1.1" 200 1032 "http://photos.frachon.org/2003/Noah_4-5_mois/" "Mozilla/5.0 (Linux; Android 7.0;) AppleWebKit/537.36 (KHTML, like Gecko) Mobile Safari/537.36 (compatible; PetalBot;+https://webmaster.petalsearch.com/site/petalbot)" "photos.frachon.org"
114.119.147.213 - - [24/Sep/2022:00:27:27 -0700] "GET /2002/noel_en_france/source/dsc02294.htm HTTP/1.1" 200 1004 "http://photos.frachon.org/2002/noel_en_france/index3.htm" "Mozilla/5.0 (Linux; Android 7.0;) AppleWebKit/537.36 (KHTML, like Gecko) Mobile Safari/537.36 (compatible; PetalBot;+https://webmaster.petalsearch.com/site/petalbot)" "photos.frachon.org"
114.119.147.213 - - [24/Sep/2022:00:33:05 -0700] "GET /2002/noel_en_france/source/dsc02322.htm HTTP/1.1" 200 1072 "http://photos.frachon.org/2002/noel_en_france/index3.htm" "Mozilla/5.0 (Linux; Android 7.0;) AppleWebKit/537.36 (KHTML, like Gecko) Mobile Safari/537.36 (compatible; PetalBot;+https://webmaster.petalsearch.com/site/petalbot)" "photos.frachon.org"
114.119.145.183 - - [24/Sep/2022:00:38:33 -0700] "GET /2003/4th_july/source/dsc04035.htm HTTP/1.1" 200 1051 "http://photos.frachon.org/2003/4th_july/" "Mozilla/5.0 (Linux; Android 7.0;) AppleWebKit/537.36 (KHTML, like Gecko) Mobile Safari/537.36 (compatible; PetalBot;+https://webmaster.petalsearch.com/site/petalbot)" "photos.frachon.org"
114.119.147.209 - - [24/Sep/2022:00:44:04 -0700] "GET /2000/voyage_de_noces/source/fa_fait_des_bulles.htm HTTP/1.1" 200 1185 "http://photos.frachon.org/2000/voyage_de_noces/index.htm" "Mozilla/5.0 (Linux; Android 7.0;) AppleWebKit/537.36 (KHTML, like Gecko) Mobile Safari/537.36 (compatible; PetalBot;+https://webmaster.petalsearch.com/site/petalbot)" "photos.frachon.org"
114.119.147.184 - - [24/Sep/2022:00:49:39 -0700] "GET /2004/vacances-suede/source/113_1342p.htm HTTP/1.1" 200 1076 "http://photos.frachon.org/2004/vacances-suede/index8.htm" "Mozilla/5.0 (Linux; Android 7.0;) AppleWebKit/537.36 (KHTML, like Gecko) Mobile Safari/537.36 (compatible; PetalBot;+https://webmaster.petalsearch.com/site/petalbot)" "photos.frachon.org"
114.119.147.209 - - [24/Sep/2022:00:55:05 -0700] "GET /2005/metamorphose_jardin/source/dsc08018.htm HTTP/1.1" 200 1072 "http://photos.frachon.org/source/dsc07886.htm" "Mozilla/5.0 (Linux; Android 7.0;) AppleWebKit/537.36 (KHTML, like Gecko) Mobile Safari/537.36 (compatible; PetalBot;+https://webmaster.petalsearch.com/site/petalbot)" "photos.frachon.org"
114.119.147.213 - - [24/Sep/2022:01:00:35 -0700] "GET /2000/voyage_de_noces/source/karine_pres_de_la_chu_205b.htm HTTP/1.1" 200 1208 "http://photos.frachon.org/2000/voyage_de_noces/index2.htm" "Mozilla/5.0 (Linux; Android 7.0;) AppleWebKit/537.36 (KHTML, like Gecko) Mobile Safari/537.36 (compatible; PetalBot;+https://webmaster.petalsearch.com/site/petalbot)" "photos.frachon.org"
114.119.147.184 - - [24/Sep/2022:01:06:04 -0700] "GET /2002/picnic_santa_cruz_14_07_2002/ HTTP/1.1" 200 1230 "http://photos.frachon.org/index2.htm" "Mozilla/5.0 (Linux; Android 7.0;) AppleWebKit/537.36 (KHTML, like Gecko) Mobile Safari/537.36 (compatible; PetalBot;+https://webmaster.petalsearch.com/site/petalbot)" "photos.frachon.org"
114.119.145.183 - - [24/Sep/2022:01:11:35 -0700] "GET /2003/vacances_portland/source/dsc04396.htm HTTP/1.1" 200 1012 "http://photos.frachon.org/2003/vacances_portland/index3.htm" "Mozilla/5.0 (Linux; Android 7.0;) AppleWebKit/537.36 (KHTML, like Gecko) Mobile Safari/537.36 (compatible; PetalBot;+https://webmaster.petalsearch.com/site/petalbot)" "photos.frachon.org"
66.249.66.144 - - [24/Sep/2022:01:13:36 -0700] "GET /robots.txt HTTP/1.1" 404 88 "-" "Mozilla/5.0 (compatible; Googlebot/2.1; +http://www.google.com/bot.html)" "photos.frachon.org"
66.249.66.142 - - [24/Sep/2022:01:13:36 -0700] "GET /favicon.ico HTTP/1.1" 404 88 "-" "Googlebot-Image/1.0" "photos.frachon.org"
114.119.147.209 - - [24/Sep/2022:01:17:05 -0700] "GET /2003/vacances_portland/source/dsc04292.htm HTTP/1.1" 200 1000 "http://photos.frachon.org/2003/vacances_portland/" "Mozilla/5.0 (Linux; Android 7.0;) AppleWebKit/537.36 (KHTML, like Gecko) Mobile Safari/537.36 (compatible; PetalBot;+https://webmaster.petalsearch.com/site/petalbot)" "photos.frachon.org"
114.119.147.209 - - [24/Sep/2022:01:22:37 -0700] "GET /2005/metamorphose_jardin/source/dsc08380.htm HTTP/1.1" 200 1057 "http://photos.frachon.org/2005/metamorphose_jardin/index2.htm" "Mozilla/5.0 (Linux; Android 7.0;) AppleWebKit/537.36 (KHTML, like Gecko) Mobile Safari/537.36 (compatible; PetalBot;+https://webmaster.petalsearch.com/site/petalbot)" "photos.frachon.org"
114.119.147.213 - - [24/Sep/2022:01:28:09 -0700] "GET /2003/anniversaire_logan/source/dsc03039.htm HTTP/1.1" 200 1038 "http://photos.frachon.org/2003/anniversaire_logan/" "Mozilla/5.0 (Linux; Android 7.0;) AppleWebKit/537.36 (KHTML, like Gecko) Mobile Safari/537.36 (compatible; PetalBot;+https://webmaster.petalsearch.com/site/petalbot)" "photos.frachon.org"
114.119.145.183 - - [24/Sep/2022:01:33:41 -0700] "GET /2004/vacances-suede/source/dsc06719.htm HTTP/1.1" 200 1067 "http://photos.frachon.org/2004/vacances-suede/index4.htm" "Mozilla/5.0 (Linux; Android 7.0;) AppleWebKit/537.36 (KHTML, like Gecko) Mobile Safari/537.36 (compatible; PetalBot;+https://webmaster.petalsearch.com/site/petalbot)" "photos.frachon.org"
114.119.147.209 - - [24/Sep/2022:01:39:16 -0700] "GET /2005/nanjing_february/source/dsc08139.htm HTTP/1.1" 200 1050 "http://photos.frachon.org/source/dsc08121.htm" "Mozilla/5.0 (Linux; Android 7.0;) AppleWebKit/537.36 (KHTML, like Gecko) Mobile Safari/537.36 (compatible; PetalBot;+https://webmaster.petalsearch.com/site/petalbot)" "photos.frachon.org"
114.119.147.209 - - [24/Sep/2022:01:44:52 -0700] "GET /2002/noel_en_france/source/dsc02476.htm HTTP/1.1" 200 1015 "http://photos.frachon.org/2002/noel_en_france/index6.htm" "Mozilla/5.0 (Linux; Android 7.0;) AppleWebKit/537.36 (KHTML, like Gecko) Mobile Safari/537.36 (compatible; PetalBot;+https://webmaster.petalsearch.com/site/petalbot)" "photos.frachon.org"
114.119.147.209 - - [24/Sep/2022:01:50:31 -0700] "GET /2000/mariage/source/christophe_lambert_im_2051.htm HTTP/1.1" 200 1168 "http://photos.frachon.org/2000/mariage/" "Mozilla/5.0 (Linux; Android 7.0;) AppleWebKit/537.36 (KHTML, like Gecko) Mobile Safari/537.36 (compatible; PetalBot;+https://webmaster.petalsearch.com/site/petalbot)" "photos.frachon.org"
114.119.147.184 - - [24/Sep/2022:01:56:10 -0700] "GET /2003/Noah_eau/index2.htm HTTP/1.1" 200 880 "http://photos.frachon.org/2003/Noah_eau/index.htm" "Mozilla/5.0 (Linux; Android 7.0;) AppleWebKit/537.36 (KHTML, like Gecko) Mobile Safari/537.36 (compatible; PetalBot;+https://webmaster.petalsearch.com/site/petalbot)" "photos.frachon.org"
114.119.145.183 - - [24/Sep/2022:02:01:49 -0700] "GET /2002/noah_1_a_2_mois/source/dsc01613.htm HTTP/1.1" 200 1004 "http://photos.frachon.org/2002/noah_1_a_2_mois/" "Mozilla/5.0 (Linux; Android 7.0;) AppleWebKit/537.36 (KHTML, like Gecko) Mobile Safari/537.36 (compatible; PetalBot;+https://webmaster.petalsearch.com/site/petalbot)" "photos.frachon.org"
114.119.147.205 - - [24/Sep/2022:02:07:27 -0700] "GET /2005/metamorphose_jardin/index3.htm HTTP/1.1" 200 907 "http://photos.frachon.org/2005/metamorphose_jardin/index2.htm" "Mozilla/5.0 (Linux; Android 7.0;) AppleWebKit/537.36 (KHTML, like Gecko) Mobile Safari/537.36 (compatible; PetalBot;+https://webmaster.petalsearch.com/site/petalbot)" "photos.frachon.org"
114.119.147.213 - - [24/Sep/2022:02:13:06 -0700] "GET /2004/laborday/source/dsc07081.htm HTTP/1.1" 200 1066 "http://photos.frachon.org/2004/laborday/index2.htm" "Mozilla/5.0 (Linux; Android 7.0;) AppleWebKit/537.36 (KHTML, like Gecko) Mobile Safari/537.36 (compatible; PetalBot;+https://webmaster.petalsearch.com/site/petalbot)" "photos.frachon.org"
114.119.145.183 - - [24/Sep/2022:02:18:46 -0700] "GET /2002/noel_en_france/source/dsc02314.htm HTTP/1.1" 200 1060 "http://photos.frachon.org/2002/noel_en_france/index3.htm" "Mozilla/5.0 (Linux; Android 7.0;) AppleWebKit/537.36 (KHTML, like Gecko) Mobile Safari/537.36 (compatible; PetalBot;+https://webmaster.petalsearch.com/site/petalbot)" "photos.frachon.org"
35.90.214.180 - - [24/Sep/2022:02:19:39 -0700] "GET / HTTP/1.1" 200 377 "-" "Mozilla/5.0 (X11; Linux x86_64) AppleWebKit/537.36 (KHTML, like Gecko) Chrome/83.0.4103.97 Safari/537.36" "frachon.org"
35.90.214.180 - - [24/Sep/2022:02:19:40 -0700] "GET / HTTP/1.1" 200 377 "-" "Mozilla/5.0 (X11; Linux x86_64) AppleWebKit/537.36 (KHTML, like Gecko) Chrome/83.0.4103.97 Safari/537.36" "frachon.org"
46.161.27.155 - - [24/Sep/2022:02:20:45 -0700] "GET /wp-login.php HTTP/1.1" 404 88 "-" "Mozilla/5.0 (Windows NT 10.0; Win64; x64) AppleWebKit/537.36 (KHTML, like Gecko) Chrome/64.0.3282.140 Safari/537.36 Edge/18.17763" "frachon.org"
114.119.147.205 - - [24/Sep/2022:02:24:24 -0700] "GET /2002/noah_1_a_2_mois/source/dsc01643.htm HTTP/1.1" 200 1029 "http://photos.frachon.org/2002/noah_1_a_2_mois/" "Mozilla/5.0 (Linux; Android 7.0;) AppleWebKit/537.36 (KHTML, like Gecko) Mobile Safari/537.36 (compatible; PetalBot;+https://webmaster.petalsearch.com/site/petalbot)" "photos.frachon.org"
114.119.145.183 - - [24/Sep/2022:02:29:59 -0700] "GET /2002/picnic_menlo_27_07_2002/source/dsc01364.htm HTTP/1.1" 200 1150 "http://photos.frachon.org/source/dsc01356.htm" "Mozilla/5.0 (Linux; Android 7.0;) AppleWebKit/537.36 (KHTML, like Gecko) Mobile Safari/537.36 (compatible; PetalBot;+https://webmaster.petalsearch.com/site/petalbot)" "photos.frachon.org"
114.119.147.209 - - [24/Sep/2022:02:35:38 -0700] "GET /2002/picnic_menlo_27_07_2002/source/dsc01373.htm HTTP/1.1" 200 1155 "http://photos.frachon.org/source/dsc01356.htm" "Mozilla/5.0 (Linux; Android 7.0;) AppleWebKit/537.36 (KHTML, like Gecko) Mobile Safari/537.36 (compatible; PetalBot;+https://webmaster.petalsearch.com/site/petalbot)" "photos.frachon.org"
114.119.145.183 - - [24/Sep/2022:02:41:17 -0700] "GET /2004/SejourAndreCatherine/index3.htm HTTP/1.1" 200 1114 "http://photos.frachon.org/source/pict0331.htm" "Mozilla/5.0 (Linux; Android 7.0;) AppleWebKit/537.36 (KHTML, like Gecko) Mobile Safari/537.36 (compatible; PetalBot;+https://webmaster.petalsearch.com/site/petalbot)" "photos.frachon.org"
114.119.147.209 - - [24/Sep/2022:02:46:57 -0700] "GET /2000/voyage_de_noces/source/la_pointe_des_chateaux.htm HTTP/1.1" 200 1184 "http://photos.frachon.org/2000/voyage_de_noces/index2.htm" "Mozilla/5.0 (Linux; Android 7.0;) AppleWebKit/537.36 (KHTML, like Gecko) Mobile Safari/537.36 (compatible; PetalBot;+https://webmaster.petalsearch.com/site/petalbot)" "photos.frachon.org"
114.119.145.183 - - [24/Sep/2022:02:52:36 -0700] "GET /2004/laborday/source/dsc07154.htm HTTP/1.1" 200 1090 "http://photos.frachon.org/2004/laborday/index6.htm" "Mozilla/5.0 (Linux; Android 7.0;) AppleWebKit/537.36 (KHTML, like Gecko) Mobile Safari/537.36 (compatible; PetalBot;+https://webmaster.petalsearch.com/site/petalbot)" "photos.frachon.org"
114.119.145.183 - - [24/Sep/2022:02:58:15 -0700] "GET /2003/low_wedding/source/dsc04474.htm HTTP/1.1" 200 1069 "http://photos.frachon.org/2003/low_wedding/" "Mozilla/5.0 (Linux; Android 7.0;) AppleWebKit/537.36 (KHTML, like Gecko) Mobile Safari/537.36 (compatible; PetalBot;+https://webmaster.petalsearch.com/site/petalbot)" "photos.frachon.org"
114.119.147.205 - - [24/Sep/2022:03:03:54 -0700] "GET /2003/halloween/source/img_0993.htm HTTP/1.1" 200 1050 "http://photos.frachon.org/2003/halloween/" "Mozilla/5.0 (Linux; Android 7.0;) AppleWebKit/537.36 (KHTML, like Gecko) Mobile Safari/537.36 (compatible; PetalBot;+https://webmaster.petalsearch.com/site/petalbot)" "photos.frachon.org"
114.119.147.184 - - [24/Sep/2022:03:09:35 -0700] "GET /2003/Noah_eau/source/mov03542.htm HTTP/1.1" 200 1233 "http://photos.frachon.org/2003/Noah_eau/index2.htm" "Mozilla/5.0 (Linux; Android 7.0;) AppleWebKit/537.36 (KHTML, like Gecko) Mobile Safari/537.36 (compatible; PetalBot;+https://webmaster.petalsearch.com/site/petalbot)" "photos.frachon.org"
114.119.147.184 - - [24/Sep/2022:03:15:16 -0700] "GET /2005/nanjing_february/image/dsc08204.jpg HTTP/1.1" 200 156340 "http://photos.frachon.org/2005/nanjing_february/source/dsc08204.htm" "Mozilla/5.0 (Linux; Android 7.0;) AppleWebKit/537.36 (KHTML, like Gecko) Mobile Safari/537.36 (compatible; PetalBot;+https://webmaster.petalsearch.com/site/petalbot)" "photos.frachon.org"
114.119.147.209 - - [24/Sep/2022:03:20:56 -0700] "GET /2000/voyage_de_noces/index2.htm HTTP/1.1" 200 1609 "http://photos.frachon.org/2000/voyage_de_noces/index.htm" "Mozilla/5.0 (Linux; Android 7.0;) AppleWebKit/537.36 (KHTML, like Gecko) Mobile Safari/537.36 (compatible; PetalBot;+https://webmaster.petalsearch.com/site/petalbot)" "photos.frachon.org"
114.119.145.183 - - [24/Sep/2022:03:26:34 -0700] "GET /2002/employee_day_29092002/index2.htm HTTP/1.1" 200 974 "http://photos.frachon.org/source/dsc01755.htm" "Mozilla/5.0 (Linux; Android 7.0;) AppleWebKit/537.36 (KHTML, like Gecko) Mobile Safari/537.36 (compatible; PetalBot;+https://webmaster.petalsearch.com/site/petalbot)" "photos.frachon.org"
114.119.147.205 - - [24/Sep/2022:03:32:15 -0700] "GET /2004/vacances-suede/source/dsc06754.htm HTTP/1.1" 200 1067 "http://photos.frachon.org/2004/vacances-suede/index5.htm" "Mozilla/5.0 (Linux; Android 7.0;) AppleWebKit/537.36 (KHTML, like Gecko) Mobile Safari/537.36 (compatible; PetalBot;+https://webmaster.petalsearch.com/site/petalbot)" "photos.frachon.org"
147.78.47.249 - - [24/Sep/2022:03:33:16 -0700] "GET /_ignition/health-check/ HTTP/1.1" 404 88 "-" "Mozilla/5.0 (Windows NT 10.0; Win64; x64) AppleWebKit/537.36 (KHTML, like Gecko) Chrome/105.0.0.0 Safari/537.36" "frachon.org"
147.78.47.249 - - [24/Sep/2022:03:33:18 -0700] "GET /public/_ignition/health-check/ HTTP/1.1" 404 88 "-" "Mozilla/5.0 (Windows NT 10.0; Win64; x64) AppleWebKit/537.36 (KHTML, like Gecko) Chrome/105.0.0.0 Safari/537.36" "frachon.org"
147.78.47.249 - - [24/Sep/2022:03:33:20 -0700] "GET /wp-includes/wlwmanifest.xml HTTP/1.1" 404 88 "-" "Mozilla/5.0 (Windows NT 10.0; Win64; x64) AppleWebKit/537.36 (KHTML, like Gecko) Chrome/105.0.0.0 Safari/537.36" "frachon.org"
114.119.147.213 - - [24/Sep/2022:03:37:52 -0700] "GET /2002/noah_1_a_2_mois/source/mov01745.htm HTTP/1.1" 200 1098 "http://photos.frachon.org/2002/noah_1_a_2_mois/index2.htm" "Mozilla/5.0 (Linux; Android 7.0;) AppleWebKit/537.36 (KHTML, like Gecko) Mobile Safari/537.36 (compatible; PetalBot;+https://webmaster.petalsearch.com/site/petalbot)" "photos.frachon.org"
114.119.147.205 - - [24/Sep/2022:03:43:34 -0700] "GET /2005/metamorphose_jardin/source/dsc08302.htm HTTP/1.1" 200 1059 "http://photos.frachon.org/source/dsc07886.htm" "Mozilla/5.0 (Linux; Android 7.0;) AppleWebKit/537.36 (KHTML, like Gecko) Mobile Safari/537.36 (compatible; PetalBot;+https://webmaster.petalsearch.com/site/petalbot)" "photos.frachon.org"
114.119.145.183 - - [24/Sep/2022:03:49:15 -0700] "GET /2005/nanjing_february/source/img_0269.htm HTTP/1.1" 200 1054 "http://photos.frachon.org/2005/nanjing_february/index4.htm" "Mozilla/5.0 (Linux; Android 7.0;) AppleWebKit/537.36 (KHTML, like Gecko) Mobile Safari/537.36 (compatible; PetalBot;+https://webmaster.petalsearch.com/site/petalbot)" "photos.frachon.org"
114.119.147.184 - - [24/Sep/2022:03:55:03 -0700] "GET /source/anniv._4.htm HTTP/1.1" 200 137 "http://photos.frachon.org/index2.htm" "Mozilla/5.0 (Linux; Android 7.0;) AppleWebKit/537.36 (KHTML, like Gecko) Mobile Safari/537.36 (compatible; PetalBot;+https://webmaster.petalsearch.com/site/petalbot)" "photos.frachon.org"
177.135.79.177 - - [24/Sep/2022:03:59:47 -0700] "GET / HTTP/1.1" 200 377 "-" "Mozilla/5.0 (Windows NT 10.0; Win64; x64) AppleWebKit/537.36 (KHTML, like Gecko) Chrome/85.0.4183.121 Safari/537.36" "frachon.org"
114.119.145.183 - - [24/Sep/2022:04:00:37 -0700] "GET /2003/Noah_eau/image/dsc03556.jpg HTTP/1.1" 200 65384 "http://photos.frachon.org/2003/Noah_eau/source/dsc03556.htm" "Mozilla/5.0 (Linux; Android 7.0;) AppleWebKit/537.36 (KHTML, like Gecko) Mobile Safari/537.36 (compatible; PetalBot;+https://webmaster.petalsearch.com/site/petalbot)" "photos.frachon.org"
114.119.147.205 - - [24/Sep/2022:04:06:18 -0700] "GET /2002/noel_en_france/image/dscf0007.jpg HTTP/1.1" 200 56616 "http://photos.frachon.org/2002/noel_en_france/source/dscf0007.htm" "Mozilla/5.0 (Linux; Android 7.0;) AppleWebKit/537.36 (KHTML, like Gecko) Mobile Safari/537.36 (compatible; PetalBot;+https://webmaster.petalsearch.com/site/petalbot)" "photos.frachon.org"
114.119.147.209 - - [24/Sep/2022:04:11:57 -0700] "GET /2002/employee_day_29092002/source/dsc01799.htm HTTP/1.1" 200 1018 "http://photos.frachon.org/2002/employee_day_29092002/index2.htm" "Mozilla/5.0 (Linux; Android 7.0;) AppleWebKit/537.36 (KHTML, like Gecko) Mobile Safari/537.36 (compatible; PetalBot;+https://webmaster.petalsearch.com/site/petalbot)" "photos.frachon.org"
114.119.147.184 - - [24/Sep/2022:04:17:37 -0700] "GET /2005/nanjing_february/image/dsc08185.jpg HTTP/1.1" 200 274191 "http://photos.frachon.org/2005/nanjing_february/source/dsc08185.htm" "Mozilla/5.0 (Linux; Android 7.0;) AppleWebKit/537.36 (KHTML, like Gecko) Mobile Safari/537.36 (compatible; PetalBot;+https://webmaster.petalsearch.com/site/petalbot)" "photos.frachon.org"
114.119.147.209 - - [24/Sep/2022:04:23:13 -0700] "GET /2005/nanjing_february/image/dsc08194.jpg HTTP/1.1" 200 136031 "http://photos.frachon.org/2005/nanjing_february/source/dsc08194.htm" "Mozilla/5.0 (Linux; Android 7.0;) AppleWebKit/537.36 (KHTML, like Gecko) Mobile Safari/537.36 (compatible; PetalBot;+https://webmaster.petalsearch.com/site/petalbot)" "photos.frachon.org"
114.119.147.209 - - [24/Sep/2022:04:28:54 -0700] "GET /2004/laborday/source/dsc07126.htm HTTP/1.1" 200 1057 "http://photos.frachon.org/2004/laborday/index4.htm" "Mozilla/5.0 (Linux; Android 7.0;) AppleWebKit/537.36 (KHTML, like Gecko) Mobile Safari/537.36 (compatible; PetalBot;+https://webmaster.petalsearch.com/site/petalbot)" "photos.frachon.org"
114.119.147.209 - - [24/Sep/2022:04:34:35 -0700] "GET /2002/noah_album_naissance/image/dsc01467.jpg HTTP/1.1" 200 24348 "http://photos.frachon.org/2002/noah_album_naissance/source/dsc01467.htm" "Mozilla/5.0 (Linux; Android 7.0;) AppleWebKit/537.36 (KHTML, like Gecko) Mobile Safari/537.36 (compatible; PetalBot;+https://webmaster.petalsearch.com/site/petalbot)" "photos.frachon.org"
114.119.147.209 - - [24/Sep/2022:04:40:13 -0700] "GET /2002/employee_day_29092002/source/dsc01760.htm HTTP/1.1" 200 1012 "http://photos.frachon.org/source/dsc01755.htm" "Mozilla/5.0 (Linux; Android 7.0;) AppleWebKit/537.36 (KHTML, like Gecko) Mobile Safari/537.36 (compatible; PetalBot;+https://webmaster.petalsearch.com/site/petalbot)" "photos.frachon.org"
114.119.147.213 - - [24/Sep/2022:04:45:51 -0700] "GET /2003/Noah_4-5_mois/source/dsc02556.htm HTTP/1.1" 200 1012 "http://photos.frachon.org/2003/Noah_4-5_mois/" "Mozilla/5.0 (Linux; Android 7.0;) AppleWebKit/537.36 (KHTML, like Gecko) Mobile Safari/537.36 (compatible; PetalBot;+https://webmaster.petalsearch.com/site/petalbot)" "photos.frachon.org"
114.119.147.184 - - [24/Sep/2022:04:51:32 -0700] "GET /2004/laborday/image/dsc07080.jpg HTTP/1.1" 200 133488 "http://photos.frachon.org/2004/laborday/source/dsc07080.htm" "Mozilla/5.0 (Linux; Android 7.0;) AppleWebKit/537.36 (KHTML, like Gecko) Mobile Safari/537.36 (compatible; PetalBot;+https://webmaster.petalsearch.com/site/petalbot)" "photos.frachon.org"
114.119.145.183 - - [24/Sep/2022:04:57:14 -0700] "GET /2005/nanjing_february/source/dsc08127.htm HTTP/1.1" 200 1067 "http://photos.frachon.org/source/dsc08121.htm" "Mozilla/5.0 (Linux; Android 7.0;) AppleWebKit/537.36 (KHTML, like Gecko) Mobile Safari/537.36 (compatible; PetalBot;+https://webmaster.petalsearch.com/site/petalbot)" "photos.frachon.org"
114.119.147.205 - - [24/Sep/2022:05:02:58 -0700] "GET /2000/voyage_de_noces/source/karine_se_baigne_dans_205c.htm HTTP/1.1" 200 1217 "http://photos.frachon.org/2000/voyage_de_noces/index2.htm" "Mozilla/5.0 (Linux; Android 7.0;) AppleWebKit/537.36 (KHTML, like Gecko) Mobile Safari/537.36 (compatible; PetalBot;+https://webmaster.petalsearch.com/site/petalbot)" "photos.frachon.org"
114.119.145.183 - - [24/Sep/2022:05:08:42 -0700] "GET /2004/vacances-suede/source/dsc06644.htm HTTP/1.1" 200 1081 "http://photos.frachon.org/2004/vacances-suede/" "Mozilla/5.0 (Linux; Android 7.0;) AppleWebKit/537.36 (KHTML, like Gecko) Mobile Safari/537.36 (compatible; PetalBot;+https://webmaster.petalsearch.com/site/petalbot)" "photos.frachon.org"
114.119.147.205 - - [24/Sep/2022:05:14:22 -0700] "GET /2003/Noah_eau/source/img_5586.htm HTTP/1.1" 200 1011 "http://photos.frachon.org/2003/Noah_eau/index.htm" "Mozilla/5.0 (Linux; Android 7.0;) AppleWebKit/537.36 (KHTML, like Gecko) Mobile Safari/537.36 (compatible; PetalBot;+https://webmaster.petalsearch.com/site/petalbot)" "photos.frachon.org"
114.119.147.213 - - [24/Sep/2022:05:20:05 -0700] "GET /2002/noel_en_france/source/dsc02370.htm HTTP/1.1" 200 1073 "http://photos.frachon.org/2002/noel_en_france/index4.htm" "Mozilla/5.0 (Linux; Android 7.0;) AppleWebKit/537.36 (KHTML, like Gecko) Mobile Safari/537.36 (compatible; PetalBot;+https://webmaster.petalsearch.com/site/petalbot)" "photos.frachon.org"
114.119.147.184 - - [24/Sep/2022:05:25:49 -0700] "GET /2003/shenandoah-demenagement/image/dsc03156.jpg HTTP/1.1" 200 51936 "http://photos.frachon.org/2003/shenandoah-demenagement/source/dsc03156.htm" "Mozilla/5.0 (Linux; Android 7.0;) AppleWebKit/537.36 (KHTML, like Gecko) Mobile Safari/537.36 (compatible; PetalBot;+https://webmaster.petalsearch.com/site/petalbot)" "photos.frachon.org"
216.244.66.228 - - [24/Sep/2022:05:30:10 -0700] "GET /robots.txt HTTP/1.1" 404 73 "-" "Mozilla/5.0 (compatible; DotBot/1.2; +https://opensiteexplorer.org/dotbot; help@moz.com)" "photos.frachon.org"
216.244.66.228 - - [24/Sep/2022:05:30:10 -0700] "GET /robots.txt HTTP/1.1" 404 73 "-" "Mozilla/5.0 (compatible; DotBot/1.2; +https://opensiteexplorer.org/dotbot; help@moz.com)" "frachon.org"
114.119.145.183 - - [24/Sep/2022:05:31:31 -0700] "GET /2003/halloween/source/img_0967.htm HTTP/1.1" 200 1059 "http://photos.frachon.org/2003/halloween/" "Mozilla/5.0 (Linux; Android 7.0;) AppleWebKit/537.36 (KHTML, like Gecko) Mobile Safari/537.36 (compatible; PetalBot;+https://webmaster.petalsearch.com/site/petalbot)" "photos.frachon.org"
114.119.147.209 - - [24/Sep/2022:05:37:16 -0700] "GET /2004/vacances-suede/source/dsc06701.htm HTTP/1.1" 200 1075 "http://photos.frachon.org/2004/vacances-suede/index3.htm" "Mozilla/5.0 (Linux; Android 7.0;) AppleWebKit/537.36 (KHTML, like Gecko) Mobile Safari/537.36 (compatible; PetalBot;+https://webmaster.petalsearch.com/site/petalbot)" "photos.frachon.org"
114.119.147.213 - - [24/Sep/2022:05:42:55 -0700] "GET /2004/laborday/image/dsc07120.jpg HTTP/1.1" 200 106270 "http://photos.frachon.org/2004/laborday/source/dsc07120.htm" "Mozilla/5.0 (Linux; Android 7.0;) AppleWebKit/537.36 (KHTML, like Gecko) Mobile Safari/537.36 (compatible; PetalBot;+https://webmaster.petalsearch.com/site/petalbot)" "photos.frachon.org"
114.119.147.213 - - [24/Sep/2022:05:48:35 -0700] "GET /2004/laborday/source/dsc07158.htm HTTP/1.1" 200 1071 "http://photos.frachon.org/2004/laborday/index6.htm" "Mozilla/5.0 (Linux; Android 7.0;) AppleWebKit/537.36 (KHTML, like Gecko) Mobile Safari/537.36 (compatible; PetalBot;+https://webmaster.petalsearch.com/site/petalbot)" "photos.frachon.org"
114.119.145.183 - - [24/Sep/2022:05:54:14 -0700] "GET /2004/vacances-suede/source/dsc06737.htm HTTP/1.1" 200 1080 "http://photos.frachon.org/2004/vacances-suede/index5.htm" "Mozilla/5.0 (Linux; Android 7.0;) AppleWebKit/537.36 (KHTML, like Gecko) Mobile Safari/537.36 (compatible; PetalBot;+https://webmaster.petalsearch.com/site/petalbot)" "photos.frachon.org"
114.119.147.205 - - [24/Sep/2022:06:00:02 -0700] "GET /2003/sejour_frachon/source/dsc04680.htm HTTP/1.1" 404 88 "http://photos.frachon.org/2003/sejour_frachon/index5.htm" "Mozilla/5.0 (Linux; Android 7.0;) AppleWebKit/537.36 (KHTML, like Gecko) Mobile Safari/537.36 (compatible; PetalBot;+https://webmaster.petalsearch.com/site/petalbot)" "photos.frachon.org"
114.119.147.184 - - [24/Sep/2022:06:05:44 -0700] "GET /2002/noel_en_france/image/dsc02371.jpg HTTP/1.1" 200 66310 "http://photos.frachon.org/2002/noel_en_france/source/dsc02371.htm" "Mozilla/5.0 (Linux; Android 7.0;) AppleWebKit/537.36 (KHTML, like Gecko) Mobile Safari/537.36 (compatible; PetalBot;+https://webmaster.petalsearch.com/site/petalbot)" "photos.frachon.org"
