114.119.147.209 - - [28/Sep/2022:17:08:42 -0700] "GET /2002/picnic_menlo_27_07_2002/source/dsc01369.htm HTTP/1.1" 200 1204 "http://photos.frachon.org/source/dsc01356.htm" "Mozilla/5.0 (Linux; Android 7.0;) AppleWebKit/537.36 (KHTML, like Gecko) Mobile Safari/537.36 (compatible; PetalBot;+https://webmaster.petalsearch.com/site/petalbot)" "photos.frachon.org"
114.119.147.184 - - [28/Sep/2022:17:19:23 -0700] "GET /2003/Noah_4-5_mois/source/dsc02801.htm HTTP/1.1" 200 1036 "http://photos.frachon.org/2003/Noah_4-5_mois/index2.htm" "Mozilla/5.0 (Linux; Android 7.0;) AppleWebKit/537.36 (KHTML, like Gecko) Mobile Safari/537.36 (compatible; PetalBot;+https://webmaster.petalsearch.com/site/petalbot)" "photos.frachon.org"
114.119.147.213 - - [28/Sep/2022:17:30:10 -0700] "GET /2002/noel_en_france/index7.htm HTTP/1.1" 200 1112 "http://photos.frachon.org/2002/noel_en_france/index6.htm" "Mozilla/5.0 (Linux; Android 7.0;) AppleWebKit/537.36 (KHTML, like Gecko) Mobile Safari/537.36 (compatible; PetalBot;+https://webmaster.petalsearch.com/site/petalbot)" "photos.frachon.org"
114.119.147.209 - - [28/Sep/2022:17:40:58 -0700] "GET /2004/SejourAndreCatherine/source/dsc06330.htm HTTP/1.1" 200 1058 "http://photos.frachon.org/2004/SejourAndreCatherine/index2.htm" "Mozilla/5.0 (Linux; Android 7.0;) AppleWebKit/537.36 (KHTML, like Gecko) Mobile Safari/537.36 (compatible; PetalBot;+https://webmaster.petalsearch.com/site/petalbot)" "photos.frachon.org"
114.119.145.183 - - [28/Sep/2022:17:51:49 -0700] "GET /2002/employee_day_29092002/image/dsc01799.jpg HTTP/1.1" 200 70023 "http://photos.frachon.org/2002/employee_day_29092002/source/dsc01799.htm" "Mozilla/5.0 (Linux; Android 7.0;) AppleWebKit/537.36 (KHTML, like Gecko) Mobile Safari/537.36 (compatible; PetalBot;+https://webmaster.petalsearch.com/site/petalbot)" "photos.frachon.org"
216.244.66.228 - - [28/Sep/2022:17:57:38 -0700] "GET /robots.txt HTTP/1.1" 404 73 "-" "Mozilla/5.0 (compatible; DotBot/1.2; +https://opensiteexplorer.org/dotbot; help@moz.com)" "photos.frachon.org"
114.119.147.184 - - [28/Sep/2022:18:02:44 -0700] "GET /2004/vacances-suede/index.htm HTTP/1.1" 200 1151 "http://photos.frachon.org/2004/vacances-suede/index6.htm" "Mozilla/5.0 (Linux; Android 7.0;) AppleWebKit/537.36 (KHTML, like Gecko) Mobile Safari/537.36 (compatible; PetalBot;+https://webmaster.petalsearch.com/site/petalbot)" "photos.frachon.org"
114.119.147.205 - - [28/Sep/2022:18:13:34 -0700] "GET /2005/nanjing_february/source/dsc08175.htm HTTP/1.1" 200 1050 "http://photos.frachon.org/2005/nanjing_february/index2.htm" "Mozilla/5.0 (Linux; Android 7.0;) AppleWebKit/537.36 (KHTML, like Gecko) Mobile Safari/537.36 (compatible; PetalBot;+https://webmaster.petalsearch.com/site/petalbot)" "photos.frachon.org"
114.119.147.184 - - [28/Sep/2022:18:24:23 -0700] "GET /2002/noah_1_a_2_mois/source/dsc01705.htm HTTP/1.1" 200 1007 "http://photos.frachon.org/2002/noah_1_a_2_mois/index2.htm" "Mozilla/5.0 (Linux; Android 7.0;) AppleWebKit/537.36 (KHTML, like Gecko) Mobile Safari/537.36 (compatible; PetalBot;+https://webmaster.petalsearch.com/site/petalbot)" "photos.frachon.org"
114.119.147.184 - - [28/Sep/2022:18:35:15 -0700] "GET /2002/noel_en_france/source/dsc02508.htm HTTP/1.1" 200 1003 "http://photos.frachon.org/2002/noel_en_france/index7.htm" "Mozilla/5.0 (Linux; Android 7.0;) AppleWebKit/537.36 (KHTML, like Gecko) Mobile Safari/537.36 (compatible; PetalBot;+https://webmaster.petalsearch.com/site/petalbot)" "photos.frachon.org"
114.119.145.183 - - [28/Sep/2022:18:46:05 -0700] "GET /2002/noel_en_france/source/dscf0022.htm HTTP/1.1" 200 1045 "http://photos.frachon.org/2002/noel_en_france/index5.htm" "Mozilla/5.0 (Linux; Android 7.0;) AppleWebKit/537.36 (KHTML, like Gecko) Mobile Safari/537.36 (compatible; PetalBot;+https://webmaster.petalsearch.com/site/petalbot)" "photos.frachon.org"
114.119.147.213 - - [28/Sep/2022:18:57:01 -0700] "GET /2003/4th_july/source/dsc04002.htm HTTP/1.1" 200 1066 "http://photos.frachon.org/source/dsc04028.htm" "Mozilla/5.0 (Linux; Android 7.0;) AppleWebKit/537.36 (KHTML, like Gecko) Mobile Safari/537.36 (compatible; PetalBot;+https://webmaster.petalsearch.com/site/petalbot)" "photos.frachon.org"
114.119.147.209 - - [28/Sep/2022:19:07:48 -0700] "GET /2000/mariage/source/les_heureux_maries.htm HTTP/1.1" 200 1148 "http://photos.frachon.org/2000/mariage/index2.htm" "Mozilla/5.0 (Linux; Android 7.0;) AppleWebKit/537.36 (KHTML, like Gecko) Mobile Safari/537.36 (compatible; PetalBot;+https://webmaster.petalsearch.com/site/petalbot)" "photos.frachon.org"
114.119.147.209 - - [28/Sep/2022:19:18:43 -0700] "GET /2002/picnic_menlo_27_07_2002/image/dsc01373.jpg HTTP/1.1" 200 69906 "http://photos.frachon.org/2002/picnic_menlo_27_07_2002/source/dsc01373.htm" "Mozilla/5.0 (Linux; Android 7.0;) AppleWebKit/537.36 (KHTML, like Gecko) Mobile Safari/537.36 (compatible; PetalBot;+https://webmaster.petalsearch.com/site/petalbot)" "photos.frachon.org"
114.119.147.213 - - [28/Sep/2022:19:29:37 -0700] "GET /2002/noel_en_france/source/dsc02292.htm HTTP/1.1" 200 1012 "http://photos.frachon.org/2002/noel_en_france/index3.htm" "Mozilla/5.0 (Linux; Android 7.0;) AppleWebKit/537.36 (KHTML, like Gecko) Mobile Safari/537.36 (compatible; PetalBot;+https://webmaster.petalsearch.com/site/petalbot)" "photos.frachon.org"
114.119.147.205 - - [28/Sep/2022:19:40:39 -0700] "GET /2003/vacances_portland/index.htm HTTP/1.1" 200 1086 "http://photos.frachon.org/2003/vacances_portland/index2.htm" "Mozilla/5.0 (Linux; Android 7.0;) AppleWebKit/537.36 (KHTML, like Gecko) Mobile Safari/537.36 (compatible; PetalBot;+https://webmaster.petalsearch.com/site/petalbot)" "photos.frachon.org"
114.119.148.105 - - [28/Sep/2022:19:45:13 -0700] "GET /robots.txt HTTP/1.1" 404 88 "-" "Mozilla/5.0 (compatible;PetalBot;+https://webmaster.petalsearch.com/site/petalbot)" "frachon.org"
185.191.171.43 - - [28/Sep/2022:19:45:32 -0700] "GET /robots.txt HTTP/1.1" 404 88 "-" "Mozilla/5.0 (compatible; SemrushBot/7~bl; +http://www.semrush.com/bot.html)" "www.frachon.org"
185.191.171.34 - - [28/Sep/2022:19:45:32 -0700] "GET /photos/source/bellito_dsc02713.htm HTTP/1.1" 200 125 "-" "Mozilla/5.0 (compatible; SemrushBot/7~bl; +http://www.semrush.com/bot.html)" "www.frachon.org"
114.119.147.184 - - [28/Sep/2022:19:51:31 -0700] "GET /2003/noel/source/dsc05443.htm HTTP/1.1" 200 1051 "http://photos.frachon.org/2003/noel/index3.htm" "Mozilla/5.0 (Linux; Android 7.0;) AppleWebKit/537.36 (KHTML, like Gecko) Mobile Safari/537.36 (compatible; PetalBot;+https://webmaster.petalsearch.com/site/petalbot)" "photos.frachon.org"
114.119.145.183 - - [28/Sep/2022:20:02:42 -0700] "GET /2002/noel_en_france/source/dsc02274.htm HTTP/1.1" 200 1009 "http://photos.frachon.org/2002/noel_en_france/index2.htm" "Mozilla/5.0 (Linux; Android 7.0;) AppleWebKit/537.36 (KHTML, like Gecko) Mobile Safari/537.36 (compatible; PetalBot;+https://webmaster.petalsearch.com/site/petalbot)" "photos.frachon.org"
114.119.147.184 - - [28/Sep/2022:20:13:38 -0700] "GET /2004/laborday/source/dsc07145.htm HTTP/1.1" 200 1060 "http://photos.frachon.org/2004/laborday/index5.htm" "Mozilla/5.0 (Linux; Android 7.0;) AppleWebKit/537.36 (KHTML, like Gecko) Mobile Safari/537.36 (compatible; PetalBot;+https://webmaster.petalsearch.com/site/petalbot)" "photos.frachon.org"
114.119.147.184 - - [28/Sep/2022:20:24:37 -0700] "GET /2002/noel_en_france/source/dsc02288.htm HTTP/1.1" 200 1022 "http://photos.frachon.org/2002/noel_en_france/index2.htm" "Mozilla/5.0 (Linux; Android 7.0;) AppleWebKit/537.36 (KHTML, like Gecko) Mobile Safari/537.36 (compatible; PetalBot;+https://webmaster.petalsearch.com/site/petalbot)" "photos.frachon.org"
114.119.147.205 - - [28/Sep/2022:20:35:41 -0700] "GET /2004/vacances-suede/source/dsc06695.htm HTTP/1.1" 200 1068 "http://photos.frachon.org/2004/vacances-suede/index3.htm" "Mozilla/5.0 (Linux; Android 7.0;) AppleWebKit/537.36 (KHTML, like Gecko) Mobile Safari/537.36 (compatible; PetalBot;+https://webmaster.petalsearch.com/site/petalbot)" "photos.frachon.org"
216.244.66.228 - - [28/Sep/2022:20:36:03 -0700] "GET /robots.txt HTTP/1.1" 404 73 "-" "Mozilla/5.0 (compatible; DotBot/1.2; +https://opensiteexplorer.org/dotbot; help@moz.com)" "photos.frachon.org"
114.119.147.209 - - [28/Sep/2022:20:46:47 -0700] "GET /2002/noel_en_france/source/dsc02199.htm HTTP/1.1" 200 1003 "http://photos.frachon.org/2002/noel_en_france/index.htm" "Mozilla/5.0 (Linux; Android 7.0;) AppleWebKit/537.36 (KHTML, like Gecko) Mobile Safari/537.36 (compatible; PetalBot;+https://webmaster.petalsearch.com/site/petalbot)" "photos.frachon.org"
114.119.147.213 - - [28/Sep/2022:20:57:49 -0700] "GET /2005/nanjing_february/source/img_0267.htm HTTP/1.1" 200 1053 "http://photos.frachon.org/2005/nanjing_february/index4.htm" "Mozilla/5.0 (Linux; Android 7.0;) AppleWebKit/537.36 (KHTML, like Gecko) Mobile Safari/537.36 (compatible; PetalBot;+https://webmaster.petalsearch.com/site/petalbot)" "photos.frachon.org"
114.119.145.183 - - [28/Sep/2022:21:08:48 -0700] "GET /2003/shenandoah-demenagement/source/dsc03139.htm HTTP/1.1" 200 1042 "http://photos.frachon.org/2003/shenandoah-demenagement/index.htm" "Mozilla/5.0 (Linux; Android 7.0;) AppleWebKit/537.36 (KHTML, like Gecko) Mobile Safari/537.36 (compatible; PetalBot;+https://webmaster.petalsearch.com/site/petalbot)" "photos.frachon.org"
114.119.147.184 - - [28/Sep/2022:21:20:01 -0700] "GET /2004/SejourAndreCatherine/source/dsc06382.htm HTTP/1.1" 200 1059 "http://photos.frachon.org/2004/SejourAndreCatherine/index2.htm" "Mozilla/5.0 (Linux; Android 7.0;) AppleWebKit/537.36 (KHTML, like Gecko) Mobile Safari/537.36 (compatible; PetalBot;+https://webmaster.petalsearch.com/site/petalbot)" "photos.frachon.org"
114.119.147.184 - - [28/Sep/2022:21:31:01 -0700] "GET /2004/laborday/source/dsc07163.htm HTTP/1.1" 200 1064 "http://photos.frachon.org/2004/laborday/index6.htm" "Mozilla/5.0 (Linux; Android 7.0;) AppleWebKit/537.36 (KHTML, like Gecko) Mobile Safari/537.36 (compatible; PetalBot;+https://webmaster.petalsearch.com/site/petalbot)" "photos.frachon.org"
114.119.145.183 - - [28/Sep/2022:21:42:09 -0700] "GET /2003/shenandoah-demenagement/source/dsc03156.htm HTTP/1.1" 200 1024 "http://photos.frachon.org/2003/shenandoah-demenagement/index.htm" "Mozilla/5.0 (Linux; Android 7.0;) AppleWebKit/537.36 (KHTML, like Gecko) Mobile Safari/537.36 (compatible; PetalBot;+https://webmaster.petalsearch.com/site/petalbot)" "photos.frachon.org"
114.119.128.236 - - [28/Sep/2022:21:44:40 -0700] "GET /robots.txt HTTP/1.1" 404 88 "-" "Mozilla/5.0 (compatible;PetalBot;+https://webmaster.petalsearch.com/site/petalbot)" "photos.frachon.org"
114.119.147.184 - - [28/Sep/2022:21:53:10 -0700] "GET /2002/noel_en_france/source/dsc02371.htm HTTP/1.1" 200 1053 "http://photos.frachon.org/2002/noel_en_france/index4.htm" "Mozilla/5.0 (Linux; Android 7.0;) AppleWebKit/537.36 (KHTML, like Gecko) Mobile Safari/537.36 (compatible; PetalBot;+https://webmaster.petalsearch.com/site/petalbot)" "photos.frachon.org"
114.119.147.213 - - [28/Sep/2022:22:04:12 -0700] "GET /2004/vacances-suede/source/dsc06672.htm HTTP/1.1" 200 1079 "http://photos.frachon.org/2004/vacances-suede/index2.htm" "Mozilla/5.0 (Linux; Android 7.0;) AppleWebKit/537.36 (KHTML, like Gecko) Mobile Safari/537.36 (compatible; PetalBot;+https://webmaster.petalsearch.com/site/petalbot)" "photos.frachon.org"
114.119.145.183 - - [28/Sep/2022:22:15:12 -0700] "GET /2004/SejourAndreCatherine/ HTTP/1.1" 200 1128 "-" "Mozilla/5.0 (Linux; Android 7.0;) AppleWebKit/537.36 (KHTML, like Gecko) Mobile Safari/537.36 (compatible; PetalBot;+https://webmaster.petalsearch.com/site/petalbot)" "photos.frachon.org"
114.119.145.183 - - [28/Sep/2022:22:26:15 -0700] "GET /2000/voyage_de_noces/index.htm HTTP/1.1" 200 1594 "http://photos.frachon.org/2000/voyage_de_noces/index2.htm" "Mozilla/5.0 (Linux; Android 7.0;) AppleWebKit/537.36 (KHTML, like Gecko) Mobile Safari/537.36 (compatible; PetalBot;+https://webmaster.petalsearch.com/site/petalbot)" "photos.frachon.org"
185.191.171.11 - - [28/Sep/2022:22:29:23 -0700] "GET /robots.txt HTTP/1.1" 404 88 "-" "Mozilla/5.0 (compatible; SemrushBot/7~bl; +http://www.semrush.com/bot.html)" "www.frachon.org"
185.191.171.19 - - [28/Sep/2022:22:29:23 -0700] "GET /photos/ HTTP/1.1" 200 1817 "-" "Mozilla/5.0 (compatible; SemrushBot/7~bl; +http://www.semrush.com/bot.html)" "www.frachon.org"
114.119.147.209 - - [28/Sep/2022:22:37:24 -0700] "GET /2003/vacances_portland/source/dsc04349.htm HTTP/1.1" 200 1018 "http://photos.frachon.org/2003/vacances_portland/index2.htm" "Mozilla/5.0 (Linux; Android 7.0;) AppleWebKit/537.36 (KHTML, like Gecko) Mobile Safari/537.36 (compatible; PetalBot;+https://webmaster.petalsearch.com/site/petalbot)" "photos.frachon.org"
114.119.147.213 - - [28/Sep/2022:22:48:26 -0700] "GET /2004/SejourAndreCatherine/image/dsc06446.jpg HTTP/1.1" 200 141956 "http://photos.frachon.org/2004/SejourAndreCatherine/source/dsc06446.htm" "Mozilla/5.0 (Linux; Android 7.0;) AppleWebKit/537.36 (KHTML, like Gecko) Mobile Safari/537.36 (compatible; PetalBot;+https://webmaster.petalsearch.com/site/petalbot)" "photos.frachon.org"
114.119.147.184 - - [28/Sep/2022:22:59:54 -0700] "GET /2000/mariage/source/swiming_pool_party__.htm HTTP/1.1" 200 1156 "http://photos.frachon.org/2000/mariage/index2.htm" "Mozilla/5.0 (Linux; Android 7.0;) AppleWebKit/537.36 (KHTML, like Gecko) Mobile Safari/537.36 (compatible; PetalBot;+https://webmaster.petalsearch.com/site/petalbot)" "photos.frachon.org"
114.119.145.183 - - [28/Sep/2022:23:10:47 -0700] "GET /2000/avant_mariage/image/?C=M%3BO%3DA HTTP/1.1" 200 428 "http://photos.frachon.org/2000/avant_mariage/image/?C=D%3BO%3DA" "Mozilla/5.0 (Linux; Android 7.0;) AppleWebKit/537.36 (KHTML, like Gecko) Mobile Safari/537.36 (compatible; PetalBot;+https://webmaster.petalsearch.com/site/petalbot)" "photos.frachon.org"
216.244.66.228 - - [28/Sep/2022:23:17:33 -0700] "GET /robots.txt HTTP/1.1" 404 73 "-" "Mozilla/5.0 (compatible; DotBot/1.2; +https://opensiteexplorer.org/dotbot; help@moz.com)" "photos.frachon.org"
114.119.145.183 - - [28/Sep/2022:23:21:54 -0700] "GET /2000/mariage/index2.htm HTTP/1.1" 200 1510 "http://photos.frachon.org/source/bizzzzzou_nr_deux_des_3eb3.htm" "Mozilla/5.0 (Linux; Android 7.0;) AppleWebKit/537.36 (KHTML, like Gecko) Mobile Safari/537.36 (compatible; PetalBot;+https://webmaster.petalsearch.com/site/petalbot)" "photos.frachon.org"
185.191.171.8 - - [28/Sep/2022:23:24:29 -0700] "GET /photos/source/dsc06636.htm HTTP/1.1" 200 131 "-" "Mozilla/5.0 (compatible; SemrushBot/7~bl; +http://www.semrush.com/bot.html)" "www.frachon.org"
114.119.147.205 - - [28/Sep/2022:23:33:02 -0700] "GET /2002/employee_day_29092002/source/dsc01755.htm HTTP/1.1" 200 1010 "http://photos.frachon.org/source/dsc01755.htm" "Mozilla/5.0 (Linux; Android 7.0;) AppleWebKit/537.36 (KHTML, like Gecko) Mobile Safari/537.36 (compatible; PetalBot;+https://webmaster.petalsearch.com/site/petalbot)" "photos.frachon.org"
114.119.145.183 - - [28/Sep/2022:23:44:07 -0700] "GET /2005/30ans-bruno/source/dsc08724.htm HTTP/1.1" 200 1046 "http://photos.frachon.org/2005/30ans-bruno/index.htm" "Mozilla/5.0 (Linux; Android 7.0;) AppleWebKit/537.36 (KHTML, like Gecko) Mobile Safari/537.36 (compatible; PetalBot;+https://webmaster.petalsearch.com/site/petalbot)" "photos.frachon.org"
114.119.147.209 - - [28/Sep/2022:23:55:20 -0700] "GET /2002/noah_premiers_jours_maison/source/dsc01525.htm HTTP/1.1" 200 1044 "http://photos.frachon.org/source/dsc01526.htm" "Mozilla/5.0 (Linux; Android 7.0;) AppleWebKit/537.36 (KHTML, like Gecko) Mobile Safari/537.36 (compatible; PetalBot;+https://webmaster.petalsearch.com/site/petalbot)" "photos.frachon.org"
114.119.147.213 - - [29/Sep/2022:00:06:26 -0700] "GET /2002/noel_en_france/source/dsc02265.htm HTTP/1.1" 200 1021 "http://photos.frachon.org/2002/noel_en_france/index2.htm" "Mozilla/5.0 (Linux; Android 7.0;) AppleWebKit/537.36 (KHTML, like Gecko) Mobile Safari/537.36 (compatible; PetalBot;+https://webmaster.petalsearch.com/site/petalbot)" "photos.frachon.org"
185.191.171.10 - - [29/Sep/2022:00:09:52 -0700] "GET /robots.txt HTTP/1.1" 404 88 "-" "Mozilla/5.0 (compatible; SemrushBot/7~bl; +http://www.semrush.com/bot.html)" "www.frachon.org"
185.191.171.19 - - [29/Sep/2022:00:09:52 -0700] "GET /photos/source/dsc04742.htm HTTP/1.1" 200 126 "-" "Mozilla/5.0 (compatible; SemrushBot/7~bl; +http://www.semrush.com/bot.html)" "www.frachon.org"
114.119.147.184 - - [29/Sep/2022:00:17:32 -0700] "GET /2003/noel/source/dsc05446.htm HTTP/1.1" 200 1050 "http://photos.frachon.org/2003/noel/index3.htm" "Mozilla/5.0 (Linux; Android 7.0;) AppleWebKit/537.36 (KHTML, like Gecko) Mobile Safari/537.36 (compatible; PetalBot;+https://webmaster.petalsearch.com/site/petalbot)" "photos.frachon.org"
114.119.145.183 - - [29/Sep/2022:00:28:36 -0700] "GET /2003/Noah_4-5_mois/source/dsc02765.htm HTTP/1.1" 200 1021 "http://photos.frachon.org/2003/Noah_4-5_mois/index.htm" "Mozilla/5.0 (Linux; Android 7.0;) AppleWebKit/537.36 (KHTML, like Gecko) Mobile Safari/537.36 (compatible; PetalBot;+https://webmaster.petalsearch.com/site/petalbot)" "photos.frachon.org"
114.119.145.183 - - [29/Sep/2022:00:39:44 -0700] "GET /2002/noah_premiers_jours_maison/source/dsc01538.htm HTTP/1.1" 200 1030 "http://photos.frachon.org/source/dsc01526.htm" "Mozilla/5.0 (Linux; Android 7.0;) AppleWebKit/537.36 (KHTML, like Gecko) Mobile Safari/537.36 (compatible; PetalBot;+https://webmaster.petalsearch.com/site/petalbot)" "photos.frachon.org"
114.119.147.209 - - [29/Sep/2022:00:50:48 -0700] "GET /2004/vacances-suede/source/113_1330p.htm HTTP/1.1" 200 1077 "http://photos.frachon.org/2004/vacances-suede/index7.htm" "Mozilla/5.0 (Linux; Android 7.0;) AppleWebKit/537.36 (KHTML, like Gecko) Mobile Safari/537.36 (compatible; PetalBot;+https://webmaster.petalsearch.com/site/petalbot)" "photos.frachon.org"
114.119.145.183 - - [29/Sep/2022:01:01:56 -0700] "GET /2002/noah_1_a_2_mois/source/dsc01719.htm HTTP/1.1" 200 1004 "http://photos.frachon.org/2002/noah_1_a_2_mois/index2.htm" "Mozilla/5.0 (Linux; Android 7.0;) AppleWebKit/537.36 (KHTML, like Gecko) Mobile Safari/537.36 (compatible; PetalBot;+https://webmaster.petalsearch.com/site/petalbot)" "photos.frachon.org"
5.255.253.136 - - [29/Sep/2022:01:06:07 -0700] "GET /robots.txt HTTP/1.1" 404 73 "-" "Mozilla/5.0 (compatible; YandexBot/3.0; +http://yandex.com/bots)" "photos.frachon.org"
5.255.231.124 - - [29/Sep/2022:01:06:11 -0700] "GET /source/algerie.htm HTTP/1.1" 200 113 "-" "Mozilla/5.0 (compatible; YandexBot/3.0; +http://yandex.com/bots)" "photos.frachon.org"
114.119.147.209 - - [29/Sep/2022:01:13:15 -0700] "GET /2004/vacances-suede/source/dsc06709.htm HTTP/1.1" 200 1072 "http://photos.frachon.org/2004/vacances-suede/index3.htm" "Mozilla/5.0 (Linux; Android 7.0;) AppleWebKit/537.36 (KHTML, like Gecko) Mobile Safari/537.36 (compatible; PetalBot;+https://webmaster.petalsearch.com/site/petalbot)" "photos.frachon.org"
185.191.171.24 - - [29/Sep/2022:01:19:46 -0700] "GET /robots.txt HTTP/1.1" 404 88 "-" "Mozilla/5.0 (compatible; SemrushBot/7~bl; +http://www.semrush.com/bot.html)" "www.frachon.org"
185.191.171.33 - - [29/Sep/2022:01:19:47 -0700] "GET /photos/source/dsc03139.htm HTTP/1.1" 200 136 "-" "Mozilla/5.0 (compatible; SemrushBot/7~bl; +http://www.semrush.com/bot.html)" "www.frachon.org"
114.119.147.184 - - [29/Sep/2022:01:24:31 -0700] "GET /2005/30ans-bruno/source/dsc08707.htm HTTP/1.1" 200 1047 "http://photos.frachon.org/2005/30ans-bruno/index.htm" "Mozilla/5.0 (Linux; Android 7.0;) AppleWebKit/537.36 (KHTML, like Gecko) Mobile Safari/537.36 (compatible; PetalBot;+https://webmaster.petalsearch.com/site/petalbot)" "photos.frachon.org"
114.119.147.209 - - [29/Sep/2022:01:35:42 -0700] "GET /2003/vacances_portland/source/dsc04395.htm HTTP/1.1" 200 1015 "http://photos.frachon.org/2003/vacances_portland/index3.htm" "Mozilla/5.0 (Linux; Android 7.0;) AppleWebKit/537.36 (KHTML, like Gecko) Mobile Safari/537.36 (compatible; PetalBot;+https://webmaster.petalsearch.com/site/petalbot)" "photos.frachon.org"
114.119.145.183 - - [29/Sep/2022:01:46:54 -0700] "GET /2002/noel_en_france/source/dsc02488.htm HTTP/1.1" 200 1025 "http://photos.frachon.org/2002/noel_en_france/index7.htm" "Mozilla/5.0 (Linux; Android 7.0;) AppleWebKit/537.36 (KHTML, like Gecko) Mobile Safari/537.36 (compatible; PetalBot;+https://webmaster.petalsearch.com/site/petalbot)" "photos.frachon.org"
5.255.253.153 - - [29/Sep/2022:01:56:10 -0700] "GET / HTTP/1.1" 200 1817 "-" "Mozilla/5.0 (compatible; YandexBot/3.0; +http://yandex.com/bots)" "photos.frachon.org"
114.119.147.213 - - [29/Sep/2022:01:58:14 -0700] "GET /2003/sejour_frachon/index.htm HTTP/1.1" 200 1100 "http://photos.frachon.org/2003/sejour_frachon/index2.htm" "Mozilla/5.0 (Linux; Android 7.0;) AppleWebKit/537.36 (KHTML, like Gecko) Mobile Safari/537.36 (compatible; PetalBot;+https://webmaster.petalsearch.com/site/petalbot)" "photos.frachon.org"
216.244.66.228 - - [29/Sep/2022:01:59:09 -0700] "GET /robots.txt HTTP/1.1" 404 73 "-" "Mozilla/5.0 (compatible; DotBot/1.2; +https://opensiteexplorer.org/dotbot; help@moz.com)" "photos.frachon.org"
114.119.147.213 - - [29/Sep/2022:02:09:34 -0700] "GET /2002/noah_1_a_2_mois/source/dsc01836.htm HTTP/1.1" 200 1026 "http://photos.frachon.org/2002/noah_1_a_2_mois/index3.htm" "Mozilla/5.0 (Linux; Android 7.0;) AppleWebKit/537.36 (KHTML, like Gecko) Mobile Safari/537.36 (compatible; PetalBot;+https://webmaster.petalsearch.com/site/petalbot)" "photos.frachon.org"
114.119.145.183 - - [29/Sep/2022:02:20:59 -0700] "GET /2002/noel_en_france/source/dsc02438.htm HTTP/1.1" 200 1009 "http://photos.frachon.org/2002/noel_en_france/index5.htm" "Mozilla/5.0 (Linux; Android 7.0;) AppleWebKit/537.36 (KHTML, like Gecko) Mobile Safari/537.36 (compatible; PetalBot;+https://webmaster.petalsearch.com/site/petalbot)" "photos.frachon.org"
52.89.138.1 - - [29/Sep/2022:02:26:28 -0700] "GET / HTTP/1.1" 200 377 "-" "Mozilla/5.0 (X11; Linux x86_64) AppleWebKit/537.36 (KHTML, like Gecko) Chrome/83.0.4103.97 Safari/537.36" "frachon.org"
35.90.108.140 - - [29/Sep/2022:02:26:29 -0700] "GET / HTTP/1.1" 200 377 "-" "Mozilla/5.0 (X11; Linux x86_64) AppleWebKit/537.36 (KHTML, like Gecko) Chrome/83.0.4103.97 Safari/537.36" "frachon.org"
54.184.86.168 - - [29/Sep/2022:02:26:50 -0700] "GET /favicon.ico HTTP/1.1" 404 88 "-" "Mozilla/5.0 (X11; Linux x86_64) AppleWebKit/537.36 (KHTML, like Gecko) Chrome/83.0.4103.97 Safari/537.36" "frachon.org"
54.184.86.168 - - [29/Sep/2022:02:26:52 -0700] "GET / HTTP/1.1" 200 377 "-" "Mozilla/5.0 (X11; Linux x86_64) AppleWebKit/537.36 (KHTML, like Gecko) Chrome/83.0.4103.97 Safari/537.36" "frachon.org"
114.119.147.209 - - [29/Sep/2022:02:32:04 -0700] "GET /2000/ HTTP/1.1" 200 397 "http://photos.frachon.org/source/toutes_pretes__.htm" "Mozilla/5.0 (Linux; Android 7.0;) AppleWebKit/537.36 (KHTML, like Gecko) Mobile Safari/537.36 (compatible; PetalBot;+https://webmaster.petalsearch.com/site/petalbot)" "photos.frachon.org"
114.119.147.184 - - [29/Sep/2022:02:43:26 -0700] "GET /2002/halloween/source/dsc01921.htm HTTP/1.1" 200 1030 "http://photos.frachon.org/2002/halloween/" "Mozilla/5.0 (Linux; Android 7.0;) AppleWebKit/537.36 (KHTML, like Gecko) Mobile Safari/537.36 (compatible; PetalBot;+https://webmaster.petalsearch.com/site/petalbot)" "photos.frachon.org"
216.244.66.228 - - [29/Sep/2022:02:51:47 -0700] "GET /robots.txt HTTP/1.1" 404 73 "-" "Mozilla/5.0 (compatible; DotBot/1.2; +https://opensiteexplorer.org/dotbot; help@moz.com)" "photos.frachon.org"
114.119.145.183 - - [29/Sep/2022:02:54:37 -0700] "GET /2000/voyage_de_noces/source/les_poissons_1.htm HTTP/1.1" 200 1159 "http://photos.frachon.org/2000/voyage_de_noces/index3.htm" "Mozilla/5.0 (Linux; Android 7.0;) AppleWebKit/537.36 (KHTML, like Gecko) Mobile Safari/537.36 (compatible; PetalBot;+https://webmaster.petalsearch.com/site/petalbot)" "photos.frachon.org"
114.119.147.209 - - [29/Sep/2022:03:05:54 -0700] "GET /2002/employee_day_29092002/source/dsc01773.htm HTTP/1.1" 200 1010 "http://photos.frachon.org/source/dsc01755.htm" "Mozilla/5.0 (Linux; Android 7.0;) AppleWebKit/537.36 (KHTML, like Gecko) Mobile Safari/537.36 (compatible; PetalBot;+https://webmaster.petalsearch.com/site/petalbot)" "photos.frachon.org"
114.119.147.213 - - [29/Sep/2022:03:17:07 -0700] "GET /2003/sejour_frachon/source/dsc04590.htm HTTP/1.1" 404 88 "http://photos.frachon.org/2003/sejour_frachon/index2.htm" "Mozilla/5.0 (Linux; Android 7.0;) AppleWebKit/537.36 (KHTML, like Gecko) Mobile Safari/537.36 (compatible; PetalBot;+https://webmaster.petalsearch.com/site/petalbot)" "photos.frachon.org"
114.119.147.209 - - [29/Sep/2022:03:28:16 -0700] "GET /2004/vacances-suede/source/dsc06767.htm HTTP/1.1" 200 1071 "http://photos.frachon.org/2004/vacances-suede/index6.htm" "Mozilla/5.0 (Linux; Android 7.0;) AppleWebKit/537.36 (KHTML, like Gecko) Mobile Safari/537.36 (compatible; PetalBot;+https://webmaster.petalsearch.com/site/petalbot)" "photos.frachon.org"
54.36.148.60 - - [29/Sep/2022:03:31:25 -0700] "GET /robots.txt HTTP/1.1" 404 88 "-" "Mozilla/5.0 (compatible; AhrefsBot/7.0; +http://ahrefs.com/robot/)" "frachon.org"
5.255.231.111 - - [29/Sep/2022:03:32:01 -0700] "GET /robots.txt HTTP/1.1" 404 73 "-" "Mozilla/5.0 (compatible; YandexBot/3.0; +http://yandex.com/bots)" "frachon.org"
5.255.253.120 - - [29/Sep/2022:03:32:04 -0700] "GET /photos/source/dsc01444.htm HTTP/1.1" 200 136 "-" "Mozilla/5.0 (compatible; YandexBot/3.0; +http://yandex.com/bots)" "frachon.org"
114.119.145.183 - - [29/Sep/2022:03:39:31 -0700] "GET /2003/vacances_portland/source/dsc04259.htm HTTP/1.1" 200 1011 "http://photos.frachon.org/source/dsc04362.htm" "Mozilla/5.0 (Linux; Android 7.0;) AppleWebKit/537.36 (KHTML, like Gecko) Mobile Safari/537.36 (compatible; PetalBot;+https://webmaster.petalsearch.com/site/petalbot)" "photos.frachon.org"
114.119.147.209 - - [29/Sep/2022:03:50:42 -0700] "GET /2003/halloween/source/img_0979.htm HTTP/1.1" 200 1051 "http://photos.frachon.org/2003/halloween/index.htm" "Mozilla/5.0 (Linux; Android 7.0;) AppleWebKit/537.36 (KHTML, like Gecko) Mobile Safari/537.36 (compatible; PetalBot;+https://webmaster.petalsearch.com/site/petalbot)" "photos.frachon.org"
114.119.147.184 - - [29/Sep/2022:04:02:03 -0700] "GET /2004/laborday/source/dsc07099.htm HTTP/1.1" 200 1056 "http://photos.frachon.org/2004/laborday/index3.htm" "Mozilla/5.0 (Linux; Android 7.0;) AppleWebKit/537.36 (KHTML, like Gecko) Mobile Safari/537.36 (compatible; PetalBot;+https://webmaster.petalsearch.com/site/petalbot)" "photos.frachon.org"
114.119.147.205 - - [29/Sep/2022:04:12:33 -0700] "GET /2002/noah_premiers_jours_maison/Navigation/Navigation.html HTTP/1.1" 404 88 "http://photos.frachon.org/source/dsc01526.htm" "Mozilla/5.0 (Linux; Android 7.0;) AppleWebKit/537.36 (KHTML, like Gecko) Mobile Safari/537.36 (compatible; PetalBot;+https://webmaster.petalsearch.com/site/petalbot)" "photos.frachon.org"
114.119.147.209 - - [29/Sep/2022:04:30:47 -0700] "GET /2004/TruckeeMarch2004/source/7.htm HTTP/1.1" 200 1045 "http://photos.frachon.org/2004/TruckeeMarch2004/index.htm" "Mozilla/5.0 (Linux; Android 7.0;) AppleWebKit/537.36 (KHTML, like Gecko) Mobile Safari/537.36 (compatible; PetalBot;+https://webmaster.petalsearch.com/site/petalbot)" "photos.frachon.org"
216.244.66.228 - - [29/Sep/2022:04:36:22 -0700] "GET /robots.txt HTTP/1.1" 404 73 "-" "Mozilla/5.0 (compatible; DotBot/1.2; +https://opensiteexplorer.org/dotbot; help@moz.com)" "photos.frachon.org"
14.116.184.143 - - [29/Sep/2022:04:37:40 -0700] "GET / HTTP/1.1" 200 377 "-" "Mozilla/5.0 (iPhone; CPU iPhone OS 13_2_3 like Mac OS X) AppleWebKit/605.1.15 (KHTML, like Gecko) Version/13.0.3 Mobile/15E148 Safari/604.1" "frachon.org"
114.119.147.184 - - [29/Sep/2022:04:40:05 -0700] "GET /2002/picnic_menlo_27_07_2002/source/dsc01359.htm HTTP/1.1" 200 1158 "http://photos.frachon.org/source/dsc01356.htm" "Mozilla/5.0 (Linux; Android 7.0;) AppleWebKit/537.36 (KHTML, like Gecko) Mobile Safari/537.36 (compatible; PetalBot;+https://webmaster.petalsearch.com/site/petalbot)" "photos.frachon.org"
114.119.147.184 - - [29/Sep/2022:04:49:39 -0700] "GET /2002/noah_1_a_2_mois/source/mov01739.htm HTTP/1.1" 200 1084 "http://photos.frachon.org/2002/noah_1_a_2_mois/index2.htm" "Mozilla/5.0 (Linux; Android 7.0;) AppleWebKit/537.36 (KHTML, like Gecko) Mobile Safari/537.36 (compatible; PetalBot;+https://webmaster.petalsearch.com/site/petalbot)" "photos.frachon.org"
114.119.147.209 - - [29/Sep/2022:04:59:10 -0700] "GET /2000/voyage_de_noces/source/la_deuxieme_chute_du_carbe.htm HTTP/1.1" 200 1200 "http://photos.frachon.org/source/les_coups_de_soleil_au_3a0.htm" "Mozilla/5.0 (Linux; Android 7.0;) AppleWebKit/537.36 (KHTML, like Gecko) Mobile Safari/537.36 (compatible; PetalBot;+https://webmaster.petalsearch.com/site/petalbot)" "photos.frachon.org"
114.119.147.184 - - [29/Sep/2022:05:08:41 -0700] "GET /2002/Picnic_Santa_Cruz_21_07_2002/source/dsc01339.htm HTTP/1.1" 200 1140 "http://photos.frachon.org/source/dsc01327.htm" "Mozilla/5.0 (Linux; Android 7.0;) AppleWebKit/537.36 (KHTML, like Gecko) Mobile Safari/537.36 (compatible; PetalBot;+https://webmaster.petalsearch.com/site/petalbot)" "photos.frachon.org"
114.119.147.205 - - [29/Sep/2022:05:18:16 -0700] "GET /2002/halloween/image/dsc01922.jpg HTTP/1.1" 200 20898 "http://photos.frachon.org/2002/halloween/source/dsc01922.htm" "Mozilla/5.0 (Linux; Android 7.0;) AppleWebKit/537.36 (KHTML, like Gecko) Mobile Safari/537.36 (compatible; PetalBot;+https://webmaster.petalsearch.com/site/petalbot)" "photos.frachon.org"
5.255.231.111 - - [29/Sep/2022:05:26:38 -0700] "GET /robots.txt HTTP/1.1" 404 73 "-" "Mozilla/5.0 (compatible; YandexBot/3.0; +http://yandex.com/bots)" "www.frachon.org"
5.45.207.139 - - [29/Sep/2022:05:26:42 -0700] "GET / HTTP/1.1" 200 377 "-" "Mozilla/5.0 (compatible; YandexBot/3.0; +http://yandex.com/bots)" "www.frachon.org"
5.255.253.141 - - [29/Sep/2022:05:27:10 -0700] "GET / HTTP/1.1" 200 377 "-" "Mozilla/5.0 (compatible; YandexBot/3.0; +http://yandex.com/bots)" "frachon.org"
114.119.147.213 - - [29/Sep/2022:05:28:11 -0700] "GET /2005/nanjing_february/source/dsc08222.htm HTTP/1.1" 200 1048 "http://photos.frachon.org/2005/nanjing_february/index3.htm" "Mozilla/5.0 (Linux; Android 7.0;) AppleWebKit/537.36 (KHTML, like Gecko) Mobile Safari/537.36 (compatible; PetalBot;+https://webmaster.petalsearch.com/site/petalbot)" "photos.frachon.org"
114.119.145.183 - - [29/Sep/2022:05:37:53 -0700] "GET /2003/Noah_eau/source/dsc03245.htm HTTP/1.1" 200 1005 "http://photos.frachon.org/2003/Noah_eau/" "Mozilla/5.0 (Linux; Android 7.0;) AppleWebKit/537.36 (KHTML, like Gecko) Mobile Safari/537.36 (compatible; PetalBot;+https://webmaster.petalsearch.com/site/petalbot)" "photos.frachon.org"
114.119.147.213 - - [29/Sep/2022:05:47:26 -0700] "GET /2003/Noah_4-5_mois/source/dsc02718.htm HTTP/1.1" 200 1006 "http://photos.frachon.org/2003/Noah_4-5_mois/index.htm" "Mozilla/5.0 (Linux; Android 7.0;) AppleWebKit/537.36 (KHTML, like Gecko) Mobile Safari/537.36 (compatible; PetalBot;+https://webmaster.petalsearch.com/site/petalbot)" "photos.frachon.org"
114.119.147.209 - - [29/Sep/2022:05:57:19 -0700] "GET /2005/nanjing_february/source/dsc08157.htm HTTP/1.1" 200 1049 "http://photos.frachon.org/2005/nanjing_february/index2.htm" "Mozilla/5.0 (Linux; Android 7.0;) AppleWebKit/537.36 (KHTML, like Gecko) Mobile Safari/537.36 (compatible; PetalBot;+https://webmaster.petalsearch.com/site/petalbot)" "photos.frachon.org"
114.119.147.213 - - [29/Sep/2022:06:07:11 -0700] "GET /2004/vacances-suede/source/dsc06779.htm HTTP/1.1" 200 1085 "http://photos.frachon.org/2004/vacances-suede/index6.htm" "Mozilla/5.0 (Linux; Android 7.0;) AppleWebKit/537.36 (KHTML, like Gecko) Mobile Safari/537.36 (compatible; PetalBot;+https://webmaster.petalsearch.com/site/petalbot)" "photos.frachon.org"
114.119.147.184 - - [29/Sep/2022:06:17:02 -0700] "GET /2000/mariage/source/la_fine_equipe_devant_2054.htm HTTP/1.1" 200 1171 "http://photos.frachon.org/2000/mariage/index2.htm" "Mozilla/5.0 (Linux; Android 7.0;) AppleWebKit/537.36 (KHTML, like Gecko) Mobile Safari/537.36 (compatible; PetalBot;+https://webmaster.petalsearch.com/site/petalbot)" "photos.frachon.org"
216.244.66.228 - - [29/Sep/2022:06:19:23 -0700] "GET /robots.txt HTTP/1.1" 404 73 "-" "Mozilla/5.0 (compatible; DotBot/1.2; +https://opensiteexplorer.org/dotbot; help@moz.com)" "frachon.org"
216.244.66.228 - - [29/Sep/2022:06:19:23 -0700] "GET /robots.txt HTTP/1.1" 404 73 "-" "Mozilla/5.0 (compatible; DotBot/1.2; +https://opensiteexplorer.org/dotbot; help@moz.com)" "photos.frachon.org"
114.119.145.183 - - [29/Sep/2022:06:26:48 -0700] "GET /2002/Picnic_Santa_Cruz_21_07_2002/source/dsc01343.htm HTTP/1.1" 200 1155 "http://photos.frachon.org/source/dsc01327.htm" "Mozilla/5.0 (Linux; Android 7.0;) AppleWebKit/537.36 (KHTML, like Gecko) Mobile Safari/537.36 (compatible; PetalBot;+https://webmaster.petalsearch.com/site/petalbot)" "photos.frachon.org"
185.191.171.22 - - [29/Sep/2022:06:27:03 -0700] "GET /robots.txt HTTP/1.1" 404 88 "-" "Mozilla/5.0 (compatible; SemrushBot/7~bl; +http://www.semrush.com/bot.html)" "www.frachon.org"
185.191.171.23 - - [29/Sep/2022:06:27:09 -0700] "GET /photos/source/dsc04028.htm HTTP/1.1" 200 125 "-" "Mozilla/5.0 (compatible; SemrushBot/7~bl; +http://www.semrush.com/bot.html)" "www.frachon.org"
110.78.179.103 - - [29/Sep/2022:06:28:46 -0700] "GET / HTTP/1.1" 200 377 "-" "Mozilla/5.0 (Windows NT 10.0; Win64; x64) AppleWebKit/537.36 (KHTML, like Gecko) Chrome/85.0.4183.121 Safari/537.36" "frachon.org"
114.119.145.183 - - [29/Sep/2022:06:36:34 -0700] "GET /2004/SejourAndreCatherine/source/dsc06300.htm HTTP/1.1" 200 1059 "http://photos.frachon.org/2004/SejourAndreCatherine/index.htm" "Mozilla/5.0 (Linux; Android 7.0;) AppleWebKit/537.36 (KHTML, like Gecko) Mobile Safari/537.36 (compatible; PetalBot;+https://webmaster.petalsearch.com/site/petalbot)" "photos.frachon.org"
114.119.147.184 - - [29/Sep/2022:06:46:26 -0700] "GET /source/algerie.htm HTTP/1.1" 200 113 "http://photos.frachon.org/index2.htm" "Mozilla/5.0 (Linux; Android 7.0;) AppleWebKit/537.36 (KHTML, like Gecko) Mobile Safari/537.36 (compatible; PetalBot;+https://webmaster.petalsearch.com/site/petalbot)" "photos.frachon.org"
114.119.147.209 - - [29/Sep/2022:06:56:23 -0700] "GET /2000/voyage_de_noces/source/les_banannes_bronsent_205d.htm HTTP/1.1" 200 1208 "http://photos.frachon.org/2000/voyage_de_noces/index2.htm" "Mozilla/5.0 (Linux; Android 7.0;) AppleWebKit/537.36 (KHTML, like Gecko) Mobile Safari/537.36 (compatible; PetalBot;+https://webmaster.petalsearch.com/site/petalbot)" "photos.frachon.org"
185.191.171.44 - - [29/Sep/2022:07:01:41 -0700] "GET /photos/source/img_0959.htm HTTP/1.1" 200 126 "-" "Mozilla/5.0 (compatible; SemrushBot/7~bl; +http://www.semrush.com/bot.html)" "www.frachon.org"
114.119.145.183 - - [29/Sep/2022:07:05:59 -0700] "GET /2002/noel_en_france/image/dsc02310.jpg HTTP/1.1" 200 44651 "http://photos.frachon.org/2002/noel_en_france/source/dsc02310.htm" "Mozilla/5.0 (Linux; Android 7.0;) AppleWebKit/537.36 (KHTML, like Gecko) Mobile Safari/537.36 (compatible; PetalBot;+https://webmaster.petalsearch.com/site/petalbot)" "photos.frachon.org"
114.119.147.205 - - [29/Sep/2022:07:15:56 -0700] "GET /2005/nanjing_february/source/img_0167.htm HTTP/1.1" 200 1053 "http://photos.frachon.org/2005/nanjing_february/index4.htm" "Mozilla/5.0 (Linux; Android 7.0;) AppleWebKit/537.36 (KHTML, like Gecko) Mobile Safari/537.36 (compatible; PetalBot;+https://webmaster.petalsearch.com/site/petalbot)" "photos.frachon.org"
114.119.147.205 - - [29/Sep/2022:07:25:38 -0700] "GET /2004/SejourAndreCatherine/index4.htm HTTP/1.1" 200 1106 "http://photos.frachon.org/2004/SejourAndreCatherine/index5.htm" "Mozilla/5.0 (Linux; Android 7.0;) AppleWebKit/537.36 (KHTML, like Gecko) Mobile Safari/537.36 (compatible; PetalBot;+https://webmaster.petalsearch.com/site/petalbot)" "photos.frachon.org"
114.119.147.205 - - [29/Sep/2022:07:35:36 -0700] "GET /2002/noel_en_france/image/dsc02398.jpg HTTP/1.1" 200 62146 "http://photos.frachon.org/2002/noel_en_france/source/dsc02398.htm" "Mozilla/5.0 (Linux; Android 7.0;) AppleWebKit/537.36 (KHTML, like Gecko) Mobile Safari/537.36 (compatible; PetalBot;+https://webmaster.petalsearch.com/site/petalbot)" "photos.frachon.org"
114.119.147.213 - - [29/Sep/2022:07:45:24 -0700] "GET /2002/noel_en_france/source/dsc02348.htm HTTP/1.1" 200 1097 "http://photos.frachon.org/2002/noel_en_france/index3.htm" "Mozilla/5.0 (Linux; Android 7.0;) AppleWebKit/537.36 (KHTML, like Gecko) Mobile Safari/537.36 (compatible; PetalBot;+https://webmaster.petalsearch.com/site/petalbot)" "photos.frachon.org"
114.119.147.213 - - [29/Sep/2022:07:54:59 -0700] "GET /2005/nanjing_february/source/dsc08120.htm HTTP/1.1" 200 1048 "http://photos.frachon.org/source/dsc08121.htm" "Mozilla/5.0 (Linux; Android 7.0;) AppleWebKit/537.36 (KHTML, like Gecko) Mobile Safari/537.36 (compatible; PetalBot;+https://webmaster.petalsearch.com/site/petalbot)" "photos.frachon.org"
185.191.171.23 - - [29/Sep/2022:08:00:51 -0700] "GET /robots.txt HTTP/1.1" 404 88 "-" "Mozilla/5.0 (compatible; SemrushBot/7~bl; +http://www.semrush.com/bot.html)" "www.frachon.org"
185.191.171.44 - - [29/Sep/2022:08:00:51 -0700] "GET /photos/source/dsc03037.htm HTTP/1.1" 200 135 "-" "Mozilla/5.0 (compatible; SemrushBot/7~bl; +http://www.semrush.com/bot.html)" "www.frachon.org"
114.119.147.213 - - [29/Sep/2022:08:04:56 -0700] "GET /2004/SejourAndreCatherine/image/pict0597.jpg HTTP/1.1" 200 61105 "http://photos.frachon.org/2004/SejourAndreCatherine/source/pict0597.htm" "Mozilla/5.0 (Linux; Android 7.0;) AppleWebKit/537.36 (KHTML, like Gecko) Mobile Safari/537.36 (compatible; PetalBot;+https://webmaster.petalsearch.com/site/petalbot)" "photos.frachon.org"
5.188.62.21 - - [29/Sep/2022:08:05:21 -0700] "GET / HTTP/1.1" 200 377 "-" "Mozilla/5.0 (Windows NT 10.0; Win64; x64) AppleWebKit/537.36 (KHTML, like Gecko) Chrome/100.0.4895.86 Safari/537.36" "frachon.org"
114.119.147.184 - - [29/Sep/2022:08:14:29 -0700] "GET /source/j_sais_faire_la_pose__.htm HTTP/1.1" 200 113 "http://photos.frachon.org/index2.htm" "Mozilla/5.0 (Linux; Android 7.0;) AppleWebKit/537.36 (KHTML, like Gecko) Mobile Safari/537.36 (compatible; PetalBot;+https://webmaster.petalsearch.com/site/petalbot)" "photos.frachon.org"
114.119.147.213 - - [29/Sep/2022:08:24:25 -0700] "GET /source/emma-oct-2001.htm HTTP/1.1" 200 143 "http://photos.frachon.org/index2.htm" "Mozilla/5.0 (Linux; Android 7.0;) AppleWebKit/537.36 (KHTML, like Gecko) Mobile Safari/537.36 (compatible; PetalBot;+https://webmaster.petalsearch.com/site/petalbot)" "photos.frachon.org"
114.119.145.183 - - [29/Sep/2022:08:34:20 -0700] "GET /2000/avant_mariage/assets/?C=N%3BO%3DD HTTP/1.1" 200 439 "http://photos.frachon.org/2000/avant_mariage/assets/?C=D%3BO%3DA" "Mozilla/5.0 (Linux; Android 7.0;) AppleWebKit/537.36 (KHTML, like Gecko) Mobile Safari/537.36 (compatible; PetalBot;+https://webmaster.petalsearch.com/site/petalbot)" "photos.frachon.org"
114.119.147.184 - - [29/Sep/2022:08:43:54 -0700] "GET /2004/SejourAndreCatherine/source/pict0583.htm HTTP/1.1" 200 1054 "http://photos.frachon.org/2004/SejourAndreCatherine/index6.htm" "Mozilla/5.0 (Linux; Android 7.0;) AppleWebKit/537.36 (KHTML, like Gecko) Mobile Safari/537.36 (compatible; PetalBot;+https://webmaster.petalsearch.com/site/petalbot)" "photos.frachon.org"
114.119.147.209 - - [29/Sep/2022:08:53:40 -0700] "GET /2002/noel_en_france/image/dsc02309.jpg HTTP/1.1" 200 24709 "http://photos.frachon.org/2002/noel_en_france/source/dsc02309.htm" "Mozilla/5.0 (Linux; Android 7.0;) AppleWebKit/537.36 (KHTML, like Gecko) Mobile Safari/537.36 (compatible; PetalBot;+https://webmaster.petalsearch.com/site/petalbot)" "photos.frachon.org"
114.119.147.213 - - [29/Sep/2022:09:03:38 -0700] "GET /2002/noel_en_france/source/dsc02531.htm HTTP/1.1" 200 1009 "http://photos.frachon.org/2002/noel_en_france/index7.htm" "Mozilla/5.0 (Linux; Android 7.0;) AppleWebKit/537.36 (KHTML, like Gecko) Mobile Safari/537.36 (compatible; PetalBot;+https://webmaster.petalsearch.com/site/petalbot)" "photos.frachon.org"
114.119.147.213 - - [29/Sep/2022:09:13:18 -0700] "GET /2003/noel/source/dsc05354.htm HTTP/1.1" 200 1059 "http://photos.frachon.org/2003/noel/" "Mozilla/5.0 (Linux; Android 7.0;) AppleWebKit/537.36 (KHTML, like Gecko) Mobile Safari/537.36 (compatible; PetalBot;+https://webmaster.petalsearch.com/site/petalbot)" "photos.frachon.org"
93.158.161.65 - - [29/Sep/2022:09:14:35 -0700] "GET /robots.txt HTTP/1.1" 404 73 "-" "Mozilla/5.0 (compatible; YandexBot/3.0; +http://yandex.com/bots)" "frachon.org"
93.158.161.53 - - [29/Sep/2022:09:14:40 -0700] "GET /photos/source/dsc08707.htm HTTP/1.1" 200 128 "-" "Mozilla/5.0 (compatible; YandexBot/3.0; +http://yandex.com/bots)" "frachon.org"
114.119.147.213 - - [29/Sep/2022:09:21:17 -0700] "GET /2004/SejourAndreCatherine/source/pict0267.htm HTTP/1.1" 200 1058 "http://photos.frachon.org/2004/SejourAndreCatherine/index.htm" "Mozilla/5.0 (Linux; Android 7.0;) AppleWebKit/537.36 (KHTML, like Gecko) Mobile Safari/537.36 (compatible; PetalBot;+https://webmaster.petalsearch.com/site/petalbot)" "photos.frachon.org"
114.119.147.184 - - [29/Sep/2022:09:28:08 -0700] "GET /2004/SejourAndreCatherine/image/pict0598.jpg HTTP/1.1" 200 34632 "http://photos.frachon.org/2004/SejourAndreCatherine/source/pict0598.htm" "Mozilla/5.0 (Linux; Android 7.0;) AppleWebKit/537.36 (KHTML, like Gecko) Mobile Safari/537.36 (compatible; PetalBot;+https://webmaster.petalsearch.com/site/petalbot)" "photos.frachon.org"
114.119.147.184 - - [29/Sep/2022:09:34:41 -0700] "GET /2000/voyage_de_noces/source/fabrice_dans_la_verdure.jp.htm HTTP/1.1" 200 1196 "http://photos.frachon.org/2000/voyage_de_noces/index2.htm" "Mozilla/5.0 (Linux; Android 7.0;) AppleWebKit/537.36 (KHTML, like Gecko) Mobile Safari/537.36 (compatible; PetalBot;+https://webmaster.petalsearch.com/site/petalbot)" "photos.frachon.org"
114.119.147.213 - - [29/Sep/2022:09:41:54 -0700] "GET /2005/nanjing_february/source/dsc08231.htm HTTP/1.1" 200 1050 "http://photos.frachon.org/2005/nanjing_february/index4.htm" "Mozilla/5.0 (Linux; Android 7.0;) AppleWebKit/537.36 (KHTML, like Gecko) Mobile Safari/537.36 (compatible; PetalBot;+https://webmaster.petalsearch.com/site/petalbot)" "photos.frachon.org"
114.119.147.205 - - [29/Sep/2022:09:49:53 -0700] "GET /2002/employee_day_29092002/source/dsc01796.htm HTTP/1.1" 200 1009 "http://photos.frachon.org/source/dsc01755.htm" "Mozilla/5.0 (Linux; Android 7.0;) AppleWebKit/537.36 (KHTML, like Gecko) Mobile Safari/537.36 (compatible; PetalBot;+https://webmaster.petalsearch.com/site/petalbot)" "photos.frachon.org"
114.119.147.184 - - [29/Sep/2022:09:59:12 -0700] "GET /2005/nanjing_february/source/dsc08155.htm HTTP/1.1" 200 1050 "http://photos.frachon.org/2005/nanjing_february/index2.htm" "Mozilla/5.0 (Linux; Android 7.0;) AppleWebKit/537.36 (KHTML, like Gecko) Mobile Safari/537.36 (compatible; PetalBot;+https://webmaster.petalsearch.com/site/petalbot)" "photos.frachon.org"
114.119.145.183 - - [29/Sep/2022:10:08:31 -0700] "GET /2000/voyage_de_noces/source/les_poissons_2.htm HTTP/1.1" 200 1170 "http://photos.frachon.org/2000/voyage_de_noces/index3.htm" "Mozilla/5.0 (Linux; Android 7.0;) AppleWebKit/537.36 (KHTML, like Gecko) Mobile Safari/537.36 (compatible; PetalBot;+https://webmaster.petalsearch.com/site/petalbot)" "photos.frachon.org"
89.136.38.194 - - [29/Sep/2022:10:16:48 -0700] "GET / HTTP/1.1" 200 377 "-" "Mozilla/5.0 (Windows NT 6.0; WOW64) AppleWebKit/537.36 (KHTML, like Gecko) Chrome/37.0.2062.94 AOL/9.7 AOLBuild/4343.4049.US Safari/537.36" "frachon.org"
89.136.38.194 - - [29/Sep/2022:10:16:49 -0700] "GET /?C=S;O=A HTTP/1.1" 200 377 "-" "Mozilla/5.0 (Linux; Android 5.0; SAMSUNG-SM-G900A Build/LRX21T) AppleWebKit/537.36 (KHTML, like Gecko) SamsungBrowser/2.1 Chrome/34.0.1847.76 Mobile Safari/537.36" "frachon.org"
89.136.38.194 - - [29/Sep/2022:10:16:49 -0700] "GET /?C=M;O=A HTTP/1.1" 200 377 "-" "Mozilla/5.0 (X11; CrOS x86_64 6680.78.0) AppleWebKit/537.36 (KHTML, like Gecko) Chrome/41.0.2272.102 Safari/537.36" "frachon.org"
89.136.38.194 - - [29/Sep/2022:10:16:49 -0700] "GET /?C=D;O=A HTTP/1.1" 200 377 "-" "Mozilla/5.0 (Linux; U; Android 4.0.3; en-us; KFOT Build/IML74K) AppleWebKit/537.36 (KHTML, like Gecko) Silk/3.68 like Chrome/39.0.2171.93 Safari/537.36" "frachon.org"
89.136.38.194 - - [29/Sep/2022:10:16:50 -0700] "GET /assets/ HTTP/1.1" 200 452 "-" "Mozilla/5.0 (iPad; CPU OS 8_4_1 like Mac OS X) AppleWebKit/600.1.4 (KHTML, like Gecko) Mobile/12H321 [Pinterest/iOS]" "frachon.org"
89.136.38.194 - - [29/Sep/2022:10:16:50 -0700] "GET /iweb/ HTTP/1.1" 200 243 "-" "Mozilla/5.0 (Linux; Android 5.0.2; SAMSUNG-SM-G920A Build/LRX22G) AppleWebKit/537.36 (KHTML, like Gecko) SamsungBrowser/3.0 Chrome/38.0.2125.102 Mobile Safari/537.36" "frachon.org"
89.136.38.194 - - [29/Sep/2022:10:16:50 -0700] "GET /photos/ HTTP/1.1" 200 1817 "-" "Mozilla/5.0 (Windows NT 6.0; WOW64) AppleWebKit/537.36 (KHTML, like Gecko) Chrome/37.0.2062.94 AOL/9.7 AOLBuild/4343.4049.US Safari/537.36" "frachon.org"
89.136.38.194 - - [29/Sep/2022:10:16:50 -0700] "GET /?C=N;O=D HTTP/1.1" 200 375 "-" "Mozilla/5.0 (iPad; CPU OS 6_0 like Mac OS X) AppleWebKit/536.26 (KHTML, like Gecko) Version/6.0 Mobile/10A5355d Safari/8536.25" "frachon.org"
89.136.38.194 - - [29/Sep/2022:10:16:50 -0700] "GET /?C=S;O=A HTTP/1.1" 200 377 "-" "Mozilla/5.0 (Windows NT 6.1; WOW64) AppleWebKit/537.36 (KHTML, like Gecko) Chrome/30.0.1599.101 Safari/537.36" "frachon.org"
89.136.38.194 - - [29/Sep/2022:10:16:51 -0700] "GET /?C=N;O=A HTTP/1.1" 200 377 "-" "Mozilla/5.0 (Linux; Android 5.0; SAMSUNG-SM-N900A Build/LRX21V) AppleWebKit/537.36 (KHTML, like Gecko) SamsungBrowser/2.1 Chrome/34.0.1847.76 Mobile Safari/537.36" "frachon.org"
89.136.38.194 - - [29/Sep/2022:10:16:51 -0700] "GET /?C=S;O=D HTTP/1.1" 200 375 "-" "Mozilla/4.0 (compatible; MSIE 8.0; Windows NT 6.1; WOW64; Trident/4.0; SLCC2; .NET CLR 2.0.50727; .NET CLR 3.5.30729; .NET CLR 3.0.30729; Media Center PC 6.0; InfoPath.2; .NET4.0C; .NET4.0E)" "frachon.org"
89.136.38.194 - - [29/Sep/2022:10:16:51 -0700] "GET /?C=N;O=D HTTP/1.1" 200 375 "-" "Mozilla/5.0 (Windows; U; Windows NT 5.1; zh-CN) AppleWebKit/530.19.2 (KHTML, like Gecko) Version/4.0.2 Safari/530.19.1" "frachon.org"
114.119.147.209 - - [29/Sep/2022:10:17:49 -0700] "GET /2002/picnic_santa_cruz_14_07_2002/source/dsc01299.htm HTTP/1.1" 200 1152 "http://photos.frachon.org/2002/picnic_santa_cruz_14_07_2002/index.htm" "Mozilla/5.0 (Linux; Android 7.0;) AppleWebKit/537.36 (KHTML, like Gecko) Mobile Safari/537.36 (compatible; PetalBot;+https://webmaster.petalsearch.com/site/petalbot)" "photos.frachon.org"
114.119.145.183 - - [29/Sep/2022:10:25:43 -0700] "GET /2004/laborday/source/dsc07152.htm HTTP/1.1" 200 1070 "http://photos.frachon.org/2004/laborday/index6.htm" "Mozilla/5.0 (Linux; Android 7.0;) AppleWebKit/537.36 (KHTML, like Gecko) Mobile Safari/537.36 (compatible; PetalBot;+https://webmaster.petalsearch.com/site/petalbot)" "photos.frachon.org"
114.119.147.209 - - [29/Sep/2022:10:32:37 -0700] "GET /2004/laborday/source/dsc07111.htm HTTP/1.1" 200 1056 "http://photos.frachon.org/2004/laborday/index4.htm" "Mozilla/5.0 (Linux; Android 7.0;) AppleWebKit/537.36 (KHTML, like Gecko) Mobile Safari/537.36 (compatible; PetalBot;+https://webmaster.petalsearch.com/site/petalbot)" "photos.frachon.org"
216.244.66.228 - - [29/Sep/2022:10:35:14 -0700] "GET /robots.txt HTTP/1.1" 404 73 "-" "Mozilla/5.0 (compatible; DotBot/1.2; +https://opensiteexplorer.org/dotbot; help@moz.com)" "photos.frachon.org"
216.244.66.228 - - [29/Sep/2022:10:35:14 -0700] "GET /robots.txt HTTP/1.1" 404 73 "-" "Mozilla/5.0 (compatible; DotBot/1.2; +https://opensiteexplorer.org/dotbot; help@moz.com)" "frachon.org"
114.119.147.205 - - [29/Sep/2022:10:39:08 -0700] "GET /2005/30ans-bruno/source/dsc08747.htm HTTP/1.1" 200 1048 "http://photos.frachon.org/2005/30ans-bruno/index2.htm" "Mozilla/5.0 (Linux; Android 7.0;) AppleWebKit/537.36 (KHTML, like Gecko) Mobile Safari/537.36 (compatible; PetalBot;+https://webmaster.petalsearch.com/site/petalbot)" "photos.frachon.org"
114.119.147.184 - - [29/Sep/2022:10:45:45 -0700] "GET /2003/vacances_portland/source/dsc04339.htm HTTP/1.1" 200 1010 "http://photos.frachon.org/2003/vacances_portland/index2.htm" "Mozilla/5.0 (Linux; Android 7.0;) AppleWebKit/537.36 (KHTML, like Gecko) Mobile Safari/537.36 (compatible; PetalBot;+https://webmaster.petalsearch.com/site/petalbot)" "photos.frachon.org"
114.119.147.213 - - [29/Sep/2022:10:52:48 -0700] "GET /2000/mariage/source/arrivee_des_maries.htm HTTP/1.1" 200 1170 "http://photos.frachon.org/source/bizzzzzou_nr_deux_des_3eb3.htm" "Mozilla/5.0 (Linux; Android 7.0;) AppleWebKit/537.36 (KHTML, like Gecko) Mobile Safari/537.36 (compatible; PetalBot;+https://webmaster.petalsearch.com/site/petalbot)" "photos.frachon.org"
114.119.147.205 - - [29/Sep/2022:11:00:56 -0700] "GET /2002/noel_en_france/source/dsc02251.htm HTTP/1.1" 200 1052 "http://photos.frachon.org/2002/noel_en_france/index2.htm" "Mozilla/5.0 (Linux; Android 7.0;) AppleWebKit/537.36 (KHTML, like Gecko) Mobile Safari/537.36 (compatible; PetalBot;+https://webmaster.petalsearch.com/site/petalbot)" "photos.frachon.org"
114.119.145.183 - - [29/Sep/2022:11:09:42 -0700] "GET /2002/picnic_santa_cruz_14_07_2002/source/dsc01301.htm HTTP/1.1" 200 1139 "http://photos.frachon.org/2002/picnic_santa_cruz_14_07_2002/index.htm" "Mozilla/5.0 (Linux; Android 7.0;) AppleWebKit/537.36 (KHTML, like Gecko) Mobile Safari/537.36 (compatible; PetalBot;+https://webmaster.petalsearch.com/site/petalbot)" "photos.frachon.org"
114.119.147.213 - - [29/Sep/2022:11:19:12 -0700] "GET /2004/SejourAndreCatherine/source/pict0577.htm HTTP/1.1" 200 1053 "http://photos.frachon.org/2004/SejourAndreCatherine/index5.htm" "Mozilla/5.0 (Linux; Android 7.0;) AppleWebKit/537.36 (KHTML, like Gecko) Mobile Safari/537.36 (compatible; PetalBot;+https://webmaster.petalsearch.com/site/petalbot)" "photos.frachon.org"
