114.119.147.209 - - [09/Oct/2022:05:47:27 -0700] "GET /2004/vacances-suede/source/dsc06746.htm HTTP/1.1" 200 1077 "http://photos.frachon.org/2004/vacances-suede/index5.htm" "Mozilla/5.0 (Linux; Android 7.0;) AppleWebKit/537.36 (KHTML, like Gecko) Mobile Safari/537.36 (compatible; PetalBot;+https://webmaster.petalsearch.com/site/petalbot)" "photos.frachon.org"
114.119.147.213 - - [09/Oct/2022:05:58:09 -0700] "GET /2003/noel/source/dsc05370.htm HTTP/1.1" 200 1061 "http://photos.frachon.org/2003/noel/" "Mozilla/5.0 (Linux; Android 7.0;) AppleWebKit/537.36 (KHTML, like Gecko) Mobile Safari/537.36 (compatible; PetalBot;+https://webmaster.petalsearch.com/site/petalbot)" "photos.frachon.org"
216.244.66.228 - - [09/Oct/2022:06:05:38 -0700] "GET /robots.txt HTTP/1.1" 404 73 "-" "Mozilla/5.0 (compatible; DotBot/1.2; +https://opensiteexplorer.org/dotbot; help@moz.com)" "frachon.org"
216.244.66.228 - - [09/Oct/2022:06:05:38 -0700] "GET /robots.txt HTTP/1.1" 404 73 "-" "Mozilla/5.0 (compatible; DotBot/1.2; +https://opensiteexplorer.org/dotbot; help@moz.com)" "photos.frachon.org"
114.119.147.213 - - [09/Oct/2022:06:08:47 -0700] "GET /2005/nanjing_february/source/dsc08189.htm HTTP/1.1" 200 1049 "http://photos.frachon.org/2005/nanjing_february/index2.htm" "Mozilla/5.0 (Linux; Android 7.0;) AppleWebKit/537.36 (KHTML, like Gecko) Mobile Safari/537.36 (compatible; PetalBot;+https://webmaster.petalsearch.com/site/petalbot)" "photos.frachon.org"
114.119.147.184 - - [09/Oct/2022:06:19:26 -0700] "GET /2000/voyage_de_noces/source/plage_de_st_francois.htm HTTP/1.1" 200 1188 "http://photos.frachon.org/2000/voyage_de_noces/index2.htm" "Mozilla/5.0 (Linux; Android 7.0;) AppleWebKit/537.36 (KHTML, like Gecko) Mobile Safari/537.36 (compatible; PetalBot;+https://webmaster.petalsearch.com/site/petalbot)" "photos.frachon.org"
114.119.145.183 - - [09/Oct/2022:06:30:03 -0700] "GET /2002/noah_1_a_2_mois/source/dsc01862.htm HTTP/1.1" 200 1006 "http://photos.frachon.org/2002/noah_1_a_2_mois/index3.htm" "Mozilla/5.0 (Linux; Android 7.0;) AppleWebKit/537.36 (KHTML, like Gecko) Mobile Safari/537.36 (compatible; PetalBot;+https://webmaster.petalsearch.com/site/petalbot)" "photos.frachon.org"
87.250.224.115 - - [09/Oct/2022:06:33:14 -0700] "GET /robots.txt HTTP/1.1" 404 73 "-" "Mozilla/5.0 (compatible; YandexBot/3.0; +http://yandex.com/bots)" "frachon.org"
87.250.224.166 - - [09/Oct/2022:06:33:18 -0700] "GET /photos/source/dsc05214.htm HTTP/1.1" 200 121 "-" "Mozilla/5.0 (compatible; YandexBot/3.0; +http://yandex.com/bots)" "frachon.org"
114.119.147.209 - - [09/Oct/2022:06:40:40 -0700] "GET /2004/SejourAndreCatherine/source/pict0556.htm HTTP/1.1" 200 1052 "http://photos.frachon.org/2004/SejourAndreCatherine/index5.htm" "Mozilla/5.0 (Linux; Android 7.0;) AppleWebKit/537.36 (KHTML, like Gecko) Mobile Safari/537.36 (compatible; PetalBot;+https://webmaster.petalsearch.com/site/petalbot)" "photos.frachon.org"
114.119.147.184 - - [09/Oct/2022:06:51:15 -0700] "GET /2002/noel_en_france/index2.htm HTTP/1.1" 200 1114 "http://photos.frachon.org/2002/noel_en_france/index7.htm" "Mozilla/5.0 (Linux; Android 7.0;) AppleWebKit/537.36 (KHTML, like Gecko) Mobile Safari/537.36 (compatible; PetalBot;+https://webmaster.petalsearch.com/site/petalbot)" "photos.frachon.org"
216.244.66.228 - - [09/Oct/2022:06:56:34 -0700] "GET /robots.txt HTTP/1.1" 404 73 "-" "Mozilla/5.0 (compatible; DotBot/1.2; +https://opensiteexplorer.org/dotbot; help@moz.com)" "frachon.org"
216.244.66.228 - - [09/Oct/2022:06:56:34 -0700] "GET /robots.txt HTTP/1.1" 404 73 "-" "Mozilla/5.0 (compatible; DotBot/1.2; +https://opensiteexplorer.org/dotbot; help@moz.com)" "photos.frachon.org"
114.119.147.209 - - [09/Oct/2022:07:01:44 -0700] "GET /2002/noah_premiers_jours_maison/source/dsc01536.htm HTTP/1.1" 200 1029 "http://photos.frachon.org/source/dsc01526.htm" "Mozilla/5.0 (Linux; Android 7.0;) AppleWebKit/537.36 (KHTML, like Gecko) Mobile Safari/537.36 (compatible; PetalBot;+https://webmaster.petalsearch.com/site/petalbot)" "photos.frachon.org"
114.119.147.209 - - [09/Oct/2022:07:12:24 -0700] "GET /2004/laborday/source/dsc07161.htm HTTP/1.1" 200 1087 "http://photos.frachon.org/2004/laborday/index6.htm" "Mozilla/5.0 (Linux; Android 7.0;) AppleWebKit/537.36 (KHTML, like Gecko) Mobile Safari/537.36 (compatible; PetalBot;+https://webmaster.petalsearch.com/site/petalbot)" "photos.frachon.org"
114.119.147.209 - - [09/Oct/2022:07:22:59 -0700] "GET /2003/vacances_portland/source/dsc04356.htm HTTP/1.1" 200 1223 "http://photos.frachon.org/2003/vacances_portland/index2.htm" "Mozilla/5.0 (Linux; Android 7.0;) AppleWebKit/537.36 (KHTML, like Gecko) Mobile Safari/537.36 (compatible; PetalBot;+https://webmaster.petalsearch.com/site/petalbot)" "photos.frachon.org"
114.119.147.213 - - [09/Oct/2022:07:33:41 -0700] "GET /2002/halloween/source/dsc01913.htm HTTP/1.1" 200 1025 "http://photos.frachon.org/2002/halloween/" "Mozilla/5.0 (Linux; Android 7.0;) AppleWebKit/537.36 (KHTML, like Gecko) Mobile Safari/537.36 (compatible; PetalBot;+https://webmaster.petalsearch.com/site/petalbot)" "photos.frachon.org"
188.166.230.142 - - [09/Oct/2022:07:43:47 -0700] "GET / HTTP/1.1" 200 840 "-" "Mozilla/5.0 (Windows NT 10.0; Win64; x64) AppleWebKit/537.36 (KHTML, like Gecko) Chrome/95.0.4638.69 Safari/537.36" "frachon.org"
188.166.230.142 - - [09/Oct/2022:07:43:47 -0700] "GET /wp-includes/ID3/license.txt HTTP/1.1" 404 73 "-" "Mozilla/5.0 (Windows NT 10.0; Win64; x64) AppleWebKit/537.36 (KHTML, like Gecko) Chrome/95.0.4638.69 Safari/537.36" "frachon.org"
188.166.230.142 - - [09/Oct/2022:07:43:48 -0700] "GET /xmlrpc.php?rsd HTTP/1.1" 500 5635 "-" "Mozilla/5.0 (Windows NT 10.0; Win64; x64) AppleWebKit/537.36 (KHTML, like Gecko) Chrome/95.0.4638.69 Safari/537.36" "frachon.org"
188.166.230.142 - - [09/Oct/2022:07:43:49 -0700] "GET /blog/wp-includes/wlwmanifest.xml HTTP/1.1" 404 73 "-" "Mozilla/5.0 (Windows NT 10.0; Win64; x64) AppleWebKit/537.36 (KHTML, like Gecko) Chrome/95.0.4638.69 Safari/537.36" "frachon.org"
188.166.230.142 - - [09/Oct/2022:07:43:50 -0700] "GET /wordpress/wp-includes/wlwmanifest.xml HTTP/1.1" 404 73 "-" "Mozilla/5.0 (Windows NT 10.0; Win64; x64) AppleWebKit/537.36 (KHTML, like Gecko) Chrome/95.0.4638.69 Safari/537.36" "frachon.org"
188.166.230.142 - - [09/Oct/2022:07:43:51 -0700] "GET /wp/wp-includes/wlwmanifest.xml HTTP/1.1" 404 73 "-" "Mozilla/5.0 (Windows NT 10.0; Win64; x64) AppleWebKit/537.36 (KHTML, like Gecko) Chrome/95.0.4638.69 Safari/537.36" "frachon.org"
188.166.230.142 - - [09/Oct/2022:07:43:51 -0700] "GET /2020/wp-includes/wlwmanifest.xml HTTP/1.1" 404 73 "-" "Mozilla/5.0 (Windows NT 10.0; Win64; x64) AppleWebKit/537.36 (KHTML, like Gecko) Chrome/95.0.4638.69 Safari/537.36" "frachon.org"
188.166.230.142 - - [09/Oct/2022:07:43:52 -0700] "GET /2019/wp-includes/wlwmanifest.xml HTTP/1.1" 404 73 "-" "Mozilla/5.0 (Windows NT 10.0; Win64; x64) AppleWebKit/537.36 (KHTML, like Gecko) Chrome/95.0.4638.69 Safari/537.36" "frachon.org"
188.166.230.142 - - [09/Oct/2022:07:43:52 -0700] "GET /2021/wp-includes/wlwmanifest.xml HTTP/1.1" 404 73 "-" "Mozilla/5.0 (Windows NT 10.0; Win64; x64) AppleWebKit/537.36 (KHTML, like Gecko) Chrome/95.0.4638.69 Safari/537.36" "frachon.org"
188.166.230.142 - - [09/Oct/2022:07:43:53 -0700] "GET /shop/wp-includes/wlwmanifest.xml HTTP/1.1" 404 73 "-" "Mozilla/5.0 (Windows NT 10.0; Win64; x64) AppleWebKit/537.36 (KHTML, like Gecko) Chrome/95.0.4638.69 Safari/537.36" "frachon.org"
188.166.230.142 - - [09/Oct/2022:07:43:53 -0700] "GET /wp1/wp-includes/wlwmanifest.xml HTTP/1.1" 404 73 "-" "Mozilla/5.0 (Windows NT 10.0; Win64; x64) AppleWebKit/537.36 (KHTML, like Gecko) Chrome/95.0.4638.69 Safari/537.36" "frachon.org"
188.166.230.142 - - [09/Oct/2022:07:43:54 -0700] "GET /test/wp-includes/wlwmanifest.xml HTTP/1.1" 404 73 "-" "Mozilla/5.0 (Windows NT 10.0; Win64; x64) AppleWebKit/537.36 (KHTML, like Gecko) Chrome/95.0.4638.69 Safari/537.36" "frachon.org"
188.166.230.142 - - [09/Oct/2022:07:43:54 -0700] "GET /site/wp-includes/wlwmanifest.xml HTTP/1.1" 404 73 "-" "Mozilla/5.0 (Windows NT 10.0; Win64; x64) AppleWebKit/537.36 (KHTML, like Gecko) Chrome/95.0.4638.69 Safari/537.36" "frachon.org"
188.166.230.142 - - [09/Oct/2022:07:43:55 -0700] "GET /cms/wp-includes/wlwmanifest.xml HTTP/1.1" 404 73 "-" "Mozilla/5.0 (Windows NT 10.0; Win64; x64) AppleWebKit/537.36 (KHTML, like Gecko) Chrome/95.0.4638.69 Safari/537.36" "frachon.org"
216.244.66.228 - - [09/Oct/2022:07:49:48 -0700] "GET /robots.txt HTTP/1.1" 404 73 "-" "Mozilla/5.0 (compatible; DotBot/1.2; +https://opensiteexplorer.org/dotbot; help@moz.com)" "photos.frachon.org"
114.119.145.183 - - [09/Oct/2022:07:55:17 -0700] "GET /2003/halloween/source/img_0998.htm HTTP/1.1" 200 1060 "http://photos.frachon.org/2003/halloween/index2.htm" "Mozilla/5.0 (Linux; Android 7.0;) AppleWebKit/537.36 (KHTML, like Gecko) Mobile Safari/537.36 (compatible; PetalBot;+https://webmaster.petalsearch.com/site/petalbot)" "photos.frachon.org"
114.119.147.184 - - [09/Oct/2022:08:06:15 -0700] "GET /2005/30ans-bruno/index2.htm HTTP/1.1" 200 1031 "http://photos.frachon.org/source/dsc08707.htm" "Mozilla/5.0 (Linux; Android 7.0;) AppleWebKit/537.36 (KHTML, like Gecko) Mobile Safari/537.36 (compatible; PetalBot;+https://webmaster.petalsearch.com/site/petalbot)" "photos.frachon.org"
114.119.147.205 - - [09/Oct/2022:08:17:00 -0700] "GET /2003/4th_july/source/dsc04014.htm HTTP/1.1" 200 1051 "http://photos.frachon.org/source/dsc04028.htm" "Mozilla/5.0 (Linux; Android 7.0;) AppleWebKit/537.36 (KHTML, like Gecko) Mobile Safari/537.36 (compatible; PetalBot;+https://webmaster.petalsearch.com/site/petalbot)" "photos.frachon.org"
5.255.231.109 - - [09/Oct/2022:08:21:23 -0700] "GET /robots.txt HTTP/1.1" 404 73 "-" "Mozilla/5.0 (compatible; YandexBot/3.0; +http://yandex.com/bots)" "www.frachon.org"
5.255.231.135 - - [09/Oct/2022:08:21:27 -0700] "GET / HTTP/1.1" 200 377 "-" "Mozilla/5.0 (compatible; YandexBot/3.0; +http://yandex.com/bots)" "www.frachon.org"
114.119.147.213 - - [09/Oct/2022:08:27:38 -0700] "GET /2002/Picnic_Santa_Cruz_21_07_2002/source/dsc01328.htm HTTP/1.1" 200 1144 "http://photos.frachon.org/source/dsc01327.htm" "Mozilla/5.0 (Linux; Android 7.0;) AppleWebKit/537.36 (KHTML, like Gecko) Mobile Safari/537.36 (compatible; PetalBot;+https://webmaster.petalsearch.com/site/petalbot)" "photos.frachon.org"
114.119.147.209 - - [09/Oct/2022:08:38:25 -0700] "GET /2003/anniversaire_logan/source/dsc03045.htm HTTP/1.1" 200 1038 "http://photos.frachon.org/source/dsc03037.htm" "Mozilla/5.0 (Linux; Android 7.0;) AppleWebKit/537.36 (KHTML, like Gecko) Mobile Safari/537.36 (compatible; PetalBot;+https://webmaster.petalsearch.com/site/petalbot)" "photos.frachon.org"
216.244.66.228 - - [09/Oct/2022:08:42:11 -0700] "GET /robots.txt HTTP/1.1" 404 73 "-" "Mozilla/5.0 (compatible; DotBot/1.2; +https://opensiteexplorer.org/dotbot; help@moz.com)" "photos.frachon.org"
216.244.66.228 - - [09/Oct/2022:08:42:11 -0700] "GET /robots.txt HTTP/1.1" 404 73 "-" "Mozilla/5.0 (compatible; DotBot/1.2; +https://opensiteexplorer.org/dotbot; help@moz.com)" "frachon.org"
114.119.147.213 - - [09/Oct/2022:08:49:11 -0700] "GET /2002/noah_album_naissance/source/dsc01442.htm HTTP/1.1" 200 1190 "http://photos.frachon.org/2002/noah_album_naissance/" "Mozilla/5.0 (Linux; Android 7.0;) AppleWebKit/537.36 (KHTML, like Gecko) Mobile Safari/537.36 (compatible; PetalBot;+https://webmaster.petalsearch.com/site/petalbot)" "photos.frachon.org"
114.119.147.213 - - [09/Oct/2022:08:59:45 -0700] "GET /2000/voyage_de_noces/source/fabrice_attendant_l_e_205a.htm HTTP/1.1" 200 1211 "http://photos.frachon.org/2000/voyage_de_noces/index.htm" "Mozilla/5.0 (Linux; Android 7.0;) AppleWebKit/537.36 (KHTML, like Gecko) Mobile Safari/537.36 (compatible; PetalBot;+https://webmaster.petalsearch.com/site/petalbot)" "photos.frachon.org"
114.119.147.213 - - [09/Oct/2022:09:10:15 -0700] "GET /2003/shenandoah-demenagement/source/dsc03151.htm HTTP/1.1" 200 1012 "http://photos.frachon.org/2003/shenandoah-demenagement/index.htm" "Mozilla/5.0 (Linux; Android 7.0;) AppleWebKit/537.36 (KHTML, like Gecko) Mobile Safari/537.36 (compatible; PetalBot;+https://webmaster.petalsearch.com/site/petalbot)" "photos.frachon.org"
114.119.147.209 - - [09/Oct/2022:09:20:45 -0700] "GET /2002/noah_album_naissance/source/dsc01456.htm HTTP/1.1" 200 1189 "http://photos.frachon.org/2002/noah_album_naissance/" "Mozilla/5.0 (Linux; Android 7.0;) AppleWebKit/537.36 (KHTML, like Gecko) Mobile Safari/537.36 (compatible; PetalBot;+https://webmaster.petalsearch.com/site/petalbot)" "photos.frachon.org"
114.119.147.213 - - [09/Oct/2022:09:31:34 -0700] "GET /2002/noel_en_france/source/dsc02396.htm HTTP/1.1" 200 1054 "http://photos.frachon.org/2002/noel_en_france/index4.htm" "Mozilla/5.0 (Linux; Android 7.0;) AppleWebKit/537.36 (KHTML, like Gecko) Mobile Safari/537.36 (compatible; PetalBot;+https://webmaster.petalsearch.com/site/petalbot)" "photos.frachon.org"
216.244.66.228 - - [09/Oct/2022:09:34:57 -0700] "GET /robots.txt HTTP/1.1" 404 73 "-" "Mozilla/5.0 (compatible; DotBot/1.2; +https://opensiteexplorer.org/dotbot; help@moz.com)" "photos.frachon.org"
114.119.147.209 - - [09/Oct/2022:09:42:10 -0700] "GET /2003/sejour_frachon/index4.htm HTTP/1.1" 200 1107 "http://photos.frachon.org/source/dsc04742.htm" "Mozilla/5.0 (Linux; Android 7.0;) AppleWebKit/537.36 (KHTML, like Gecko) Mobile Safari/537.36 (compatible; PetalBot;+https://webmaster.petalsearch.com/site/petalbot)" "photos.frachon.org"
114.119.147.209 - - [09/Oct/2022:09:52:57 -0700] "GET /2005/metamorphose_jardin/source/dsc08403.htm HTTP/1.1" 200 1073 "http://photos.frachon.org/2005/metamorphose_jardin/index2.htm" "Mozilla/5.0 (Linux; Android 7.0;) AppleWebKit/537.36 (KHTML, like Gecko) Mobile Safari/537.36 (compatible; PetalBot;+https://webmaster.petalsearch.com/site/petalbot)" "photos.frachon.org"
114.119.147.205 - - [09/Oct/2022:10:03:52 -0700] "GET /2002/noel_en_france/source/dsc02197.htm HTTP/1.1" 200 1018 "http://photos.frachon.org/2002/noel_en_france/index.htm" "Mozilla/5.0 (Linux; Android 7.0;) AppleWebKit/537.36 (KHTML, like Gecko) Mobile Safari/537.36 (compatible; PetalBot;+https://webmaster.petalsearch.com/site/petalbot)" "photos.frachon.org"
114.119.147.184 - - [09/Oct/2022:10:14:39 -0700] "GET /2005/30ans-bruno/source/dsc08712.htm HTTP/1.1" 200 1046 "http://photos.frachon.org/source/dsc08707.htm" "Mozilla/5.0 (Linux; Android 7.0;) AppleWebKit/537.36 (KHTML, like Gecko) Mobile Safari/537.36 (compatible; PetalBot;+https://webmaster.petalsearch.com/site/petalbot)" "photos.frachon.org"
49.12.225.149 - - [09/Oct/2022:10:23:40 -0700] "GET / HTTP/1.1" 200 840 "-" "Mozilla/5.0 (Macintosh; Intel Mac OS X 10_10_1) AppleWebKit/537.36 (KHTML, like Gecko) Chrome/39.0.2171.95 Safari/537.36" "frachon.org"
114.119.145.183 - - [09/Oct/2022:10:25:35 -0700] "GET /2002/noel_en_france/source/dscf0001.htm HTTP/1.1" 200 1025 "http://photos.frachon.org/2002/noel_en_france/index4.htm" "Mozilla/5.0 (Linux; Android 7.0;) AppleWebKit/537.36 (KHTML, like Gecko) Mobile Safari/537.36 (compatible; PetalBot;+https://webmaster.petalsearch.com/site/petalbot)" "photos.frachon.org"
216.244.66.228 - - [09/Oct/2022:10:29:09 -0700] "GET /robots.txt HTTP/1.1" 404 73 "-" "Mozilla/5.0 (compatible; DotBot/1.2; +https://opensiteexplorer.org/dotbot; help@moz.com)" "frachon.org"
216.244.66.228 - - [09/Oct/2022:10:29:09 -0700] "GET /robots.txt HTTP/1.1" 404 73 "-" "Mozilla/5.0 (compatible; DotBot/1.2; +https://opensiteexplorer.org/dotbot; help@moz.com)" "photos.frachon.org"
114.119.147.213 - - [09/Oct/2022:10:36:16 -0700] "GET /2003/noel/source/dsc05410.htm HTTP/1.1" 200 1054 "http://photos.frachon.org/2003/noel/index2.htm" "Mozilla/5.0 (Linux; Android 7.0;) AppleWebKit/537.36 (KHTML, like Gecko) Mobile Safari/537.36 (compatible; PetalBot;+https://webmaster.petalsearch.com/site/petalbot)" "photos.frachon.org"
114.119.145.183 - - [09/Oct/2022:10:47:06 -0700] "GET /2004/laborday/source/dsc07090.htm HTTP/1.1" 200 1058 "http://photos.frachon.org/2004/laborday/index3.htm" "Mozilla/5.0 (Linux; Android 7.0;) AppleWebKit/537.36 (KHTML, like Gecko) Mobile Safari/537.36 (compatible; PetalBot;+https://webmaster.petalsearch.com/site/petalbot)" "photos.frachon.org"
114.119.147.205 - - [09/Oct/2022:10:57:50 -0700] "GET /2004/SejourAndreCatherine/source/pict0458.htm HTTP/1.1" 200 1055 "http://photos.frachon.org/2004/SejourAndreCatherine/index3.htm" "Mozilla/5.0 (Linux; Android 7.0;) AppleWebKit/537.36 (KHTML, like Gecko) Mobile Safari/537.36 (compatible; PetalBot;+https://webmaster.petalsearch.com/site/petalbot)" "photos.frachon.org"
114.119.147.209 - - [09/Oct/2022:11:08:40 -0700] "GET /2000/voyage_de_noces/image/petit_minouche.jpg HTTP/1.1" 200 26128 "http://photos.frachon.org/2000/voyage_de_noces/source/petit_minouche.htm" "Mozilla/5.0 (Linux; Android 7.0;) AppleWebKit/537.36 (KHTML, like Gecko) Mobile Safari/537.36 (compatible; PetalBot;+https://webmaster.petalsearch.com/site/petalbot)" "photos.frachon.org"
114.119.147.184 - - [09/Oct/2022:11:19:25 -0700] "GET /2003/halloween/source/img_1005.htm HTTP/1.1" 200 1056 "http://photos.frachon.org/2003/halloween/index2.htm" "Mozilla/5.0 (Linux; Android 7.0;) AppleWebKit/537.36 (KHTML, like Gecko) Mobile Safari/537.36 (compatible; PetalBot;+https://webmaster.petalsearch.com/site/petalbot)" "photos.frachon.org"
216.244.66.228 - - [09/Oct/2022:11:24:36 -0700] "GET /robots.txt HTTP/1.1" 404 73 "-" "Mozilla/5.0 (compatible; DotBot/1.2; +https://opensiteexplorer.org/dotbot; help@moz.com)" "photos.frachon.org"
114.119.145.183 - - [09/Oct/2022:11:29:52 -0700] "GET /2003/halloween/source/img_1024.htm HTTP/1.1" 200 1059 "http://photos.frachon.org/2003/halloween/index2.htm" "Mozilla/5.0 (Linux; Android 7.0;) AppleWebKit/537.36 (KHTML, like Gecko) Mobile Safari/537.36 (compatible; PetalBot;+https://webmaster.petalsearch.com/site/petalbot)" "photos.frachon.org"
114.119.147.184 - - [09/Oct/2022:11:40:21 -0700] "GET /2004/laborday/image/dsc07082.jpg HTTP/1.1" 200 129100 "http://photos.frachon.org/2004/laborday/source/dsc07082.htm" "Mozilla/5.0 (Linux; Android 7.0;) AppleWebKit/537.36 (KHTML, like Gecko) Mobile Safari/537.36 (compatible; PetalBot;+https://webmaster.petalsearch.com/site/petalbot)" "photos.frachon.org"
114.119.147.209 - - [09/Oct/2022:11:51:10 -0700] "GET /2004/laborday/source/dsc07145.htm HTTP/1.1" 200 1060 "http://photos.frachon.org/2004/laborday/index5.htm" "Mozilla/5.0 (Linux; Android 7.0;) AppleWebKit/537.36 (KHTML, like Gecko) Mobile Safari/537.36 (compatible; PetalBot;+https://webmaster.petalsearch.com/site/petalbot)" "photos.frachon.org"
114.119.147.205 - - [09/Oct/2022:12:01:56 -0700] "GET /2002/noel_en_france/source/dsc02504.htm HTTP/1.1" 200 1010 "http://photos.frachon.org/2002/noel_en_france/index7.htm" "Mozilla/5.0 (Linux; Android 7.0;) AppleWebKit/537.36 (KHTML, like Gecko) Mobile Safari/537.36 (compatible; PetalBot;+https://webmaster.petalsearch.com/site/petalbot)" "photos.frachon.org"
114.119.145.183 - - [09/Oct/2022:12:12:28 -0700] "GET /2003/anniversaire_logan/source/dsc03043.htm HTTP/1.1" 200 1038 "http://photos.frachon.org/source/dsc03037.htm" "Mozilla/5.0 (Linux; Android 7.0;) AppleWebKit/537.36 (KHTML, like Gecko) Mobile Safari/537.36 (compatible; PetalBot;+https://webmaster.petalsearch.com/site/petalbot)" "photos.frachon.org"
216.244.66.228 - - [09/Oct/2022:12:19:58 -0700] "GET /robots.txt HTTP/1.1" 404 73 "-" "Mozilla/5.0 (compatible; DotBot/1.2; +https://opensiteexplorer.org/dotbot; help@moz.com)" "frachon.org"
216.244.66.228 - - [09/Oct/2022:12:19:58 -0700] "GET /robots.txt HTTP/1.1" 404 73 "-" "Mozilla/5.0 (compatible; DotBot/1.2; +https://opensiteexplorer.org/dotbot; help@moz.com)" "photos.frachon.org"
114.119.147.209 - - [09/Oct/2022:12:22:55 -0700] "GET /2004/SejourAndreCatherine/image/pict0572.jpg HTTP/1.1" 200 41109 "http://photos.frachon.org/2004/SejourAndreCatherine/source/pict0572.htm" "Mozilla/5.0 (Linux; Android 7.0;) AppleWebKit/537.36 (KHTML, like Gecko) Mobile Safari/537.36 (compatible; PetalBot;+https://webmaster.petalsearch.com/site/petalbot)" "photos.frachon.org"
114.119.147.184 - - [09/Oct/2022:12:33:44 -0700] "GET /2003/noel/source/dsc05379.htm HTTP/1.1" 200 1060 "http://photos.frachon.org/2003/noel/index2.htm" "Mozilla/5.0 (Linux; Android 7.0;) AppleWebKit/537.36 (KHTML, like Gecko) Mobile Safari/537.36 (compatible; PetalBot;+https://webmaster.petalsearch.com/site/petalbot)" "photos.frachon.org"
114.119.145.183 - - [09/Oct/2022:12:44:21 -0700] "GET /2004/laborday/source/dsc07048.htm HTTP/1.1" 200 1242 "http://photos.frachon.org/2004/laborday/" "Mozilla/5.0 (Linux; Android 7.0;) AppleWebKit/537.36 (KHTML, like Gecko) Mobile Safari/537.36 (compatible; PetalBot;+https://webmaster.petalsearch.com/site/petalbot)" "photos.frachon.org"
87.250.224.145 - - [09/Oct/2022:12:51:42 -0700] "GET /robots.txt HTTP/1.1" 404 73 "-" "Mozilla/5.0 (compatible; YandexBot/3.0; +http://yandex.com/bots)" "frachon.org"
87.250.224.145 - - [09/Oct/2022:12:51:46 -0700] "GET / HTTP/1.1" 200 377 "-" "Mozilla/5.0 (compatible; YandexBot/3.0; +http://yandex.com/bots)" "frachon.org"
213.180.203.83 - - [09/Oct/2022:12:51:48 -0700] "GET /robots.txt HTTP/1.1" 404 73 "-" "Mozilla/5.0 (compatible; YandexBot/3.0; +http://yandex.com/bots)" "www.frachon.org"
87.250.224.41 - - [09/Oct/2022:12:51:53 -0700] "GET / HTTP/1.1" 200 377 "-" "Mozilla/5.0 (compatible; YandexBot/3.0; +http://yandex.com/bots)" "www.frachon.org"
114.119.147.205 - - [09/Oct/2022:12:55:13 -0700] "GET /2004/vacances-suede/source/113_1330p.htm HTTP/1.1" 200 1077 "http://photos.frachon.org/2004/vacances-suede/index7.htm" "Mozilla/5.0 (Linux; Android 7.0;) AppleWebKit/537.36 (KHTML, like Gecko) Mobile Safari/537.36 (compatible; PetalBot;+https://webmaster.petalsearch.com/site/petalbot)" "photos.frachon.org"
114.119.147.205 - - [09/Oct/2022:13:06:21 -0700] "GET /2003/Noah_eau/source/img_5588.htm HTTP/1.1" 200 1001 "http://photos.frachon.org/2003/Noah_eau/" "Mozilla/5.0 (Linux; Android 7.0;) AppleWebKit/537.36 (KHTML, like Gecko) Mobile Safari/537.36 (compatible; PetalBot;+https://webmaster.petalsearch.com/site/petalbot)" "photos.frachon.org"
216.244.66.228 - - [09/Oct/2022:13:14:00 -0700] "GET /robots.txt HTTP/1.1" 404 73 "-" "Mozilla/5.0 (compatible; DotBot/1.2; +https://opensiteexplorer.org/dotbot; help@moz.com)" "photos.frachon.org"
114.119.145.183 - - [09/Oct/2022:13:17:19 -0700] "GET /2000/voyage_de_noces/source/fabrice_essaye_de_ret_205a.htm HTTP/1.1" 200 1204 "http://photos.frachon.org/2000/voyage_de_noces/index2.htm" "Mozilla/5.0 (Linux; Android 7.0;) AppleWebKit/537.36 (KHTML, like Gecko) Mobile Safari/537.36 (compatible; PetalBot;+https://webmaster.petalsearch.com/site/petalbot)" "photos.frachon.org"
103.145.50.127 - - [09/Oct/2022:13:19:15 -0700] "GET /wp-login.php HTTP/1.1" 404 88 "-" "Mozilla/5.0 (Windows NT 10.0; Win64; x64; rv:96.0) Gecko/20100101 Firefox/96" "frachon.org"
114.119.147.205 - - [09/Oct/2022:13:27:51 -0700] "GET /2002/noel_en_france/source/dsc02236.htm HTTP/1.1" 200 1011 "http://photos.frachon.org/2002/noel_en_france/index.htm" "Mozilla/5.0 (Linux; Android 7.0;) AppleWebKit/537.36 (KHTML, like Gecko) Mobile Safari/537.36 (compatible; PetalBot;+https://webmaster.petalsearch.com/site/petalbot)" "photos.frachon.org"
213.180.203.87 - - [09/Oct/2022:13:35:16 -0700] "GET /photos/source/dsc06118.htm HTTP/1.1" 200 130 "-" "Mozilla/5.0 (compatible; YandexBot/3.0; +http://yandex.com/bots)" "frachon.org"
114.119.147.184 - - [09/Oct/2022:13:38:34 -0700] "GET /2002/noel_en_france/source/dsc02371.htm HTTP/1.1" 200 1053 "http://photos.frachon.org/2002/noel_en_france/index4.htm" "Mozilla/5.0 (Linux; Android 7.0;) AppleWebKit/537.36 (KHTML, like Gecko) Mobile Safari/537.36 (compatible; PetalBot;+https://webmaster.petalsearch.com/site/petalbot)" "photos.frachon.org"
114.119.147.209 - - [09/Oct/2022:13:49:41 -0700] "GET /2002/noah_1_a_2_mois/source/dsc01655.htm HTTP/1.1" 200 1011 "http://photos.frachon.org/2002/noah_1_a_2_mois/" "Mozilla/5.0 (Linux; Android 7.0;) AppleWebKit/537.36 (KHTML, like Gecko) Mobile Safari/537.36 (compatible; PetalBot;+https://webmaster.petalsearch.com/site/petalbot)" "photos.frachon.org"
114.119.147.213 - - [09/Oct/2022:14:00:26 -0700] "GET /2003/halloween/source/img_0991.htm HTTP/1.1" 200 1053 "http://photos.frachon.org/source/img_0959.htm" "Mozilla/5.0 (Linux; Android 7.0;) AppleWebKit/537.36 (KHTML, like Gecko) Mobile Safari/537.36 (compatible; PetalBot;+https://webmaster.petalsearch.com/site/petalbot)" "photos.frachon.org"
216.244.66.228 - - [09/Oct/2022:14:07:55 -0700] "GET /robots.txt HTTP/1.1" 404 73 "-" "Mozilla/5.0 (compatible; DotBot/1.2; +https://opensiteexplorer.org/dotbot; help@moz.com)" "photos.frachon.org"
114.119.147.213 - - [09/Oct/2022:14:10:58 -0700] "GET /2004/vacances-suede/source/dsc06702.htm HTTP/1.1" 200 1075 "http://photos.frachon.org/2004/vacances-suede/index3.htm" "Mozilla/5.0 (Linux; Android 7.0;) AppleWebKit/537.36 (KHTML, like Gecko) Mobile Safari/537.36 (compatible; PetalBot;+https://webmaster.petalsearch.com/site/petalbot)" "photos.frachon.org"
114.119.147.209 - - [09/Oct/2022:14:21:24 -0700] "GET /2002/noah_1_a_2_mois/source/dsc01643.htm HTTP/1.1" 200 1029 "http://photos.frachon.org/2002/noah_1_a_2_mois/" "Mozilla/5.0 (Linux; Android 7.0;) AppleWebKit/537.36 (KHTML, like Gecko) Mobile Safari/537.36 (compatible; PetalBot;+https://webmaster.petalsearch.com/site/petalbot)" "photos.frachon.org"
114.119.147.205 - - [09/Oct/2022:14:31:45 -0700] "GET /2000/mariage/source/vive_le_riz.htm HTTP/1.1" 200 1148 "http://photos.frachon.org/2000/mariage/index2.htm" "Mozilla/5.0 (Linux; Android 7.0;) AppleWebKit/537.36 (KHTML, like Gecko) Mobile Safari/537.36 (compatible; PetalBot;+https://webmaster.petalsearch.com/site/petalbot)" "photos.frachon.org"
114.119.145.183 - - [09/Oct/2022:14:42:03 -0700] "GET /2002/noel_en_france/source/dsc02304.htm HTTP/1.1" 200 1093 "http://photos.frachon.org/2002/noel_en_france/index3.htm" "Mozilla/5.0 (Linux; Android 7.0;) AppleWebKit/537.36 (KHTML, like Gecko) Mobile Safari/537.36 (compatible; PetalBot;+https://webmaster.petalsearch.com/site/petalbot)" "photos.frachon.org"
114.119.147.205 - - [09/Oct/2022:14:52:24 -0700] "GET /2000/avant_mariage/?C=N%3BO%3DD HTTP/1.1" 200 375 "http://photos.frachon.org/2000/avant_mariage" "Mozilla/5.0 (Linux; Android 7.0;) AppleWebKit/537.36 (KHTML, like Gecko) Mobile Safari/537.36 (compatible; PetalBot;+https://webmaster.petalsearch.com/site/petalbot)" "photos.frachon.org"
216.244.66.228 - - [09/Oct/2022:15:01:54 -0700] "GET /robots.txt HTTP/1.1" 404 73 "-" "Mozilla/5.0 (compatible; DotBot/1.2; +https://opensiteexplorer.org/dotbot; help@moz.com)" "photos.frachon.org"
114.119.147.205 - - [09/Oct/2022:15:02:43 -0700] "GET /2000/voyage_de_noces/source/fabrice_fait_le_pitre_205a.htm HTTP/1.1" 200 1207 "http://photos.frachon.org/2000/voyage_de_noces/index2.htm" "Mozilla/5.0 (Linux; Android 7.0;) AppleWebKit/537.36 (KHTML, like Gecko) Mobile Safari/537.36 (compatible; PetalBot;+https://webmaster.petalsearch.com/site/petalbot)" "photos.frachon.org"
114.119.147.184 - - [09/Oct/2022:15:13:09 -0700] "GET /2005/nanjing_february/source/dsc08179.htm HTTP/1.1" 200 1049 "http://photos.frachon.org/2005/nanjing_february/index2.htm" "Mozilla/5.0 (Linux; Android 7.0;) AppleWebKit/537.36 (KHTML, like Gecko) Mobile Safari/537.36 (compatible; PetalBot;+https://webmaster.petalsearch.com/site/petalbot)" "photos.frachon.org"
114.119.147.213 - - [09/Oct/2022:15:23:37 -0700] "GET /2002/picnic_santa_cruz_14_07_2002/source/mov01285.htm HTTP/1.1" 200 1206 "http://photos.frachon.org/2002/picnic_santa_cruz_14_07_2002/index2.htm" "Mozilla/5.0 (Linux; Android 7.0;) AppleWebKit/537.36 (KHTML, like Gecko) Mobile Safari/537.36 (compatible; PetalBot;+https://webmaster.petalsearch.com/site/petalbot)" "photos.frachon.org"
114.119.147.205 - - [09/Oct/2022:15:34:33 -0700] "GET /2005/metamorphose_jardin/source/dsc08018.htm HTTP/1.1" 200 1072 "http://photos.frachon.org/2005/metamorphose_jardin/" "Mozilla/5.0 (Linux; Android 7.0;) AppleWebKit/537.36 (KHTML, like Gecko) Mobile Safari/537.36 (compatible; PetalBot;+https://webmaster.petalsearch.com/site/petalbot)" "photos.frachon.org"
114.119.147.213 - - [09/Oct/2022:15:45:17 -0700] "GET /2002/noel_en_france/source/dsc02530.htm HTTP/1.1" 200 1003 "http://photos.frachon.org/2002/noel_en_france/index7.htm" "Mozilla/5.0 (Linux; Android 7.0;) AppleWebKit/537.36 (KHTML, like Gecko) Mobile Safari/537.36 (compatible; PetalBot;+https://webmaster.petalsearch.com/site/petalbot)" "photos.frachon.org"
216.244.66.228 - - [09/Oct/2022:15:55:09 -0700] "GET /robots.txt HTTP/1.1" 404 73 "-" "Mozilla/5.0 (compatible; DotBot/1.2; +https://opensiteexplorer.org/dotbot; help@moz.com)" "photos.frachon.org"
114.119.147.213 - - [09/Oct/2022:15:55:50 -0700] "GET /source/trillaud_-_les_valises_3.htm HTTP/1.1" 200 136 "http://photos.frachon.org/index2.htm" "Mozilla/5.0 (Linux; Android 7.0;) AppleWebKit/537.36 (KHTML, like Gecko) Mobile Safari/537.36 (compatible; PetalBot;+https://webmaster.petalsearch.com/site/petalbot)" "photos.frachon.org"
114.119.145.183 - - [09/Oct/2022:16:06:10 -0700] "GET /2005/metamorphose_jardin/source/dsc07889.htm HTTP/1.1" 200 1079 "http://photos.frachon.org/2005/metamorphose_jardin/" "Mozilla/5.0 (Linux; Android 7.0;) AppleWebKit/537.36 (KHTML, like Gecko) Mobile Safari/537.36 (compatible; PetalBot;+https://webmaster.petalsearch.com/site/petalbot)" "photos.frachon.org"
194.38.20.161 - - [09/Oct/2022:16:09:27 -0700] "GET /wp-content/themes/u-design/scripts/admin/uploadify/uploadify.css HTTP/1.1" 404 73 "-" "ALittle Client" "frachon.org"
114.119.147.184 - - [09/Oct/2022:16:16:25 -0700] "GET /2003/noel/source/dsc05439.htm HTTP/1.1" 200 1051 "http://photos.frachon.org/2003/noel/index3.htm" "Mozilla/5.0 (Linux; Android 7.0;) AppleWebKit/537.36 (KHTML, like Gecko) Mobile Safari/537.36 (compatible; PetalBot;+https://webmaster.petalsearch.com/site/petalbot)" "photos.frachon.org"
114.119.147.205 - - [09/Oct/2022:16:26:45 -0700] "GET /2005/30ans-bruno/source/dsc08759.htm HTTP/1.1" 200 1048 "http://photos.frachon.org/2005/30ans-bruno/index2.htm" "Mozilla/5.0 (Linux; Android 7.0;) AppleWebKit/537.36 (KHTML, like Gecko) Mobile Safari/537.36 (compatible; PetalBot;+https://webmaster.petalsearch.com/site/petalbot)" "photos.frachon.org"
114.119.145.183 - - [09/Oct/2022:16:37:02 -0700] "GET /2003/vacances_portland/source/dsc04325.htm HTTP/1.1" 200 1009 "http://photos.frachon.org/2003/vacances_portland/index2.htm" "Mozilla/5.0 (Linux; Android 7.0;) AppleWebKit/537.36 (KHTML, like Gecko) Mobile Safari/537.36 (compatible; PetalBot;+https://webmaster.petalsearch.com/site/petalbot)" "photos.frachon.org"
216.244.66.228 - - [09/Oct/2022:16:46:23 -0700] "GET /robots.txt HTTP/1.1" 404 73 "-" "Mozilla/5.0 (compatible; DotBot/1.2; +https://opensiteexplorer.org/dotbot; help@moz.com)" "photos.frachon.org"
216.244.66.228 - - [09/Oct/2022:16:46:23 -0700] "GET /robots.txt HTTP/1.1" 404 73 "-" "Mozilla/5.0 (compatible; DotBot/1.2; +https://opensiteexplorer.org/dotbot; help@moz.com)" "frachon.org"
114.119.147.184 - - [09/Oct/2022:16:47:16 -0700] "GET /2005/30ans-bruno/source/dsc08714.htm HTTP/1.1" 200 1047 "http://photos.frachon.org/source/dsc08707.htm" "Mozilla/5.0 (Linux; Android 7.0;) AppleWebKit/537.36 (KHTML, like Gecko) Mobile Safari/537.36 (compatible; PetalBot;+https://webmaster.petalsearch.com/site/petalbot)" "photos.frachon.org"
114.119.147.209 - - [09/Oct/2022:16:57:26 -0700] "GET /2004/SejourAndreCatherine/source/dsc06389.htm HTTP/1.1" 200 1063 "http://photos.frachon.org/2004/SejourAndreCatherine/index2.htm" "Mozilla/5.0 (Linux; Android 7.0;) AppleWebKit/537.36 (KHTML, like Gecko) Mobile Safari/537.36 (compatible; PetalBot;+https://webmaster.petalsearch.com/site/petalbot)" "photos.frachon.org"
