114.119.145.183 - - [13/Nov/2022:16:01:28 -0800] "GET /2002/picnic_santa_cruz_14_07_2002/source/dsc01286.htm HTTP/1.1" 200 1170 "http://photos.frachon.org/2002/picnic_santa_cruz_14_07_2002/index.htm" "Mozilla/5.0 (Linux; Android 7.0;) AppleWebKit/537.36 (KHTML, like Gecko) Mobile Safari/537.36 (compatible; PetalBot;+https://webmaster.petalsearch.com/site/petalbot)" "photos.frachon.org"
114.119.140.4 - - [13/Nov/2022:16:05:21 -0800] "GET /robots.txt HTTP/1.1" 404 88 "-" "Mozilla/5.0 (compatible;PetalBot;+https://webmaster.petalsearch.com/site/petalbot)" "photos.frachon.org"
114.119.147.184 - - [13/Nov/2022:16:12:06 -0800] "GET /2005/nanjing_february/source/dsc08155.htm HTTP/1.1" 200 1050 "http://photos.frachon.org/2005/nanjing_february/index2.htm" "Mozilla/5.0 (Linux; Android 7.0;) AppleWebKit/537.36 (KHTML, like Gecko) Mobile Safari/537.36 (compatible; PetalBot;+https://webmaster.petalsearch.com/site/petalbot)" "photos.frachon.org"
114.119.147.213 - - [13/Nov/2022:16:22:45 -0800] "GET /2000/voyage_de_noces/source/fab_sur_l_ile_de_.htm HTTP/1.1" 200 1194 "http://photos.frachon.org/source/les_coups_de_soleil_au_3a0.htm" "Mozilla/5.0 (Linux; Android 7.0;) AppleWebKit/537.36 (KHTML, like Gecko) Mobile Safari/537.36 (compatible; PetalBot;+https://webmaster.petalsearch.com/site/petalbot)" "photos.frachon.org"
216.244.66.228 - - [13/Nov/2022:16:26:57 -0800] "GET /robots.txt HTTP/1.1" 404 73 "-" "Mozilla/5.0 (compatible; DotBot/1.2; +https://opensiteexplorer.org/dotbot; help@moz.com)" "photos.frachon.org"
114.119.147.205 - - [13/Nov/2022:16:33:33 -0800] "GET /2002/noah_1_a_2_mois/source/dsc01610.htm HTTP/1.1" 200 1001 "http://photos.frachon.org/2002/noah_1_a_2_mois/index.htm" "Mozilla/5.0 (Linux; Android 7.0;) AppleWebKit/537.36 (KHTML, like Gecko) Mobile Safari/537.36 (compatible; PetalBot;+https://webmaster.petalsearch.com/site/petalbot)" "photos.frachon.org"
185.191.171.18 - - [13/Nov/2022:16:41:53 -0800] "GET /robots.txt HTTP/1.1" 404 88 "-" "Mozilla/5.0 (compatible; SemrushBot/7~bl; +http://www.semrush.com/bot.html)" "www.frachon.org"
185.191.171.20 - - [13/Nov/2022:16:41:53 -0800] "GET /assets/?C=N%3BO%3DD HTTP/1.1" 200 452 "-" "Mozilla/5.0 (compatible; SemrushBot/7~bl; +http://www.semrush.com/bot.html)" "www.frachon.org"
114.119.147.184 - - [13/Nov/2022:16:44:05 -0800] "GET /2000/voyage_de_noces/index.htm HTTP/1.1" 200 1594 "http://photos.frachon.org/2000/voyage_de_noces/index2.htm" "Mozilla/5.0 (Linux; Android 7.0;) AppleWebKit/537.36 (KHTML, like Gecko) Mobile Safari/537.36 (compatible; PetalBot;+https://webmaster.petalsearch.com/site/petalbot)" "photos.frachon.org"
114.119.147.205 - - [13/Nov/2022:16:54:51 -0800] "GET /2003/noel/source/dsc05406.htm HTTP/1.1" 200 1057 "http://photos.frachon.org/2003/noel/index2.htm" "Mozilla/5.0 (Linux; Android 7.0;) AppleWebKit/537.36 (KHTML, like Gecko) Mobile Safari/537.36 (compatible; PetalBot;+https://webmaster.petalsearch.com/site/petalbot)" "photos.frachon.org"
114.119.147.213 - - [13/Nov/2022:17:05:43 -0800] "GET /2003/noel/source/dsc05386.htm HTTP/1.1" 200 1062 "http://photos.frachon.org/2003/noel/index2.htm" "Mozilla/5.0 (Linux; Android 7.0;) AppleWebKit/537.36 (KHTML, like Gecko) Mobile Safari/537.36 (compatible; PetalBot;+https://webmaster.petalsearch.com/site/petalbot)" "photos.frachon.org"
185.191.171.4 - - [13/Nov/2022:17:15:55 -0800] "GET /?C=M%3BO%3DA HTTP/1.1" 200 377 "-" "Mozilla/5.0 (compatible; SemrushBot/7~bl; +http://www.semrush.com/bot.html)" "www.frachon.org"
114.119.147.209 - - [13/Nov/2022:17:16:12 -0800] "GET /2005/30ans-bruno/source/dsc08759.htm HTTP/1.1" 200 1048 "http://photos.frachon.org/2005/30ans-bruno/index2.htm" "Mozilla/5.0 (Linux; Android 7.0;) AppleWebKit/537.36 (KHTML, like Gecko) Mobile Safari/537.36 (compatible; PetalBot;+https://webmaster.petalsearch.com/site/petalbot)" "photos.frachon.org"
114.119.147.209 - - [13/Nov/2022:17:26:52 -0800] "GET /2000/mariage/source/la_maman_de_la_mariee_2054.htm HTTP/1.1" 200 1177 "http://photos.frachon.org/2000/mariage/index.htm" "Mozilla/5.0 (Linux; Android 7.0;) AppleWebKit/537.36 (KHTML, like Gecko) Mobile Safari/537.36 (compatible; PetalBot;+https://webmaster.petalsearch.com/site/petalbot)" "photos.frachon.org"
114.119.145.183 - - [13/Nov/2022:17:37:32 -0800] "GET /2002/noah_1_a_2_mois/source/dsc01693.htm HTTP/1.1" 200 1004 "http://photos.frachon.org/2002/noah_1_a_2_mois/index2.htm" "Mozilla/5.0 (Linux; Android 7.0;) AppleWebKit/537.36 (KHTML, like Gecko) Mobile Safari/537.36 (compatible; PetalBot;+https://webmaster.petalsearch.com/site/petalbot)" "photos.frachon.org"
114.119.147.205 - - [13/Nov/2022:17:48:10 -0800] "GET /2005/metamorphose_jardin/source/dsc08381.htm HTTP/1.1" 200 1056 "http://photos.frachon.org/2005/metamorphose_jardin/index2.htm" "Mozilla/5.0 (Linux; Android 7.0;) AppleWebKit/537.36 (KHTML, like Gecko) Mobile Safari/537.36 (compatible; PetalBot;+https://webmaster.petalsearch.com/site/petalbot)" "photos.frachon.org"
216.244.66.228 - - [13/Nov/2022:17:52:17 -0800] "GET /robots.txt HTTP/1.1" 404 73 "-" "Mozilla/5.0 (compatible; DotBot/1.2; +https://opensiteexplorer.org/dotbot; help@moz.com)" "photos.frachon.org"
114.119.145.183 - - [13/Nov/2022:17:58:47 -0800] "GET /2003/noel/source/dsc05392.htm HTTP/1.1" 200 1059 "http://photos.frachon.org/2003/noel/index2.htm" "Mozilla/5.0 (Linux; Android 7.0;) AppleWebKit/537.36 (KHTML, like Gecko) Mobile Safari/537.36 (compatible; PetalBot;+https://webmaster.petalsearch.com/site/petalbot)" "photos.frachon.org"
114.119.147.213 - - [13/Nov/2022:18:09:31 -0800] "GET /2002/noah_1_a_2_mois/source/dsc01655.htm HTTP/1.1" 200 1011 "http://photos.frachon.org/2002/noah_1_a_2_mois/index.htm" "Mozilla/5.0 (Linux; Android 7.0;) AppleWebKit/537.36 (KHTML, like Gecko) Mobile Safari/537.36 (compatible; PetalBot;+https://webmaster.petalsearch.com/site/petalbot)" "photos.frachon.org"
114.119.147.205 - - [13/Nov/2022:18:20:10 -0800] "GET /2000/avant_mariage/image/ HTTP/1.1" 200 428 "http://photos.frachon.org/2000/avant_mariage/?C=S%3BO%3DA" "Mozilla/5.0 (Linux; Android 7.0;) AppleWebKit/537.36 (KHTML, like Gecko) Mobile Safari/537.36 (compatible; PetalBot;+https://webmaster.petalsearch.com/site/petalbot)" "photos.frachon.org"
185.191.171.19 - - [13/Nov/2022:18:28:20 -0800] "GET /robots.txt HTTP/1.1" 404 88 "-" "Mozilla/5.0 (compatible; SemrushBot/7~bl; +http://www.semrush.com/bot.html)" "www.frachon.org"
185.191.171.20 - - [13/Nov/2022:18:28:20 -0800] "GET /photos/source/emma-oct-2001.htm HTTP/1.1" 200 143 "-" "Mozilla/5.0 (compatible; SemrushBot/7~bl; +http://www.semrush.com/bot.html)" "www.frachon.org"
114.119.147.213 - - [13/Nov/2022:18:30:55 -0800] "GET /2004/SejourAndreCatherine/image/pict0528.jpg HTTP/1.1" 200 34758 "http://photos.frachon.org/2004/SejourAndreCatherine/source/pict0528.htm" "Mozilla/5.0 (Linux; Android 7.0;) AppleWebKit/537.36 (KHTML, like Gecko) Mobile Safari/537.36 (compatible; PetalBot;+https://webmaster.petalsearch.com/site/petalbot)" "photos.frachon.org"
109.239.58.107 - - [13/Nov/2022:18:33:03 -0800] "GET / HTTP/1.1" 200 377 "-" "Mozilla/5.0 (Windows NT 10.0; Win64; x64) AppleWebKit/537.36 (KHTML, like Gecko) Chrome/91.0.4472.114 Safari/537.36 Edg/91.0.864.54" "frachon.org"
185.191.171.5 - - [13/Nov/2022:18:33:15 -0800] "GET /photos/index2.htm HTTP/1.1" 200 1889 "-" "Mozilla/5.0 (compatible; SemrushBot/7~bl; +http://www.semrush.com/bot.html)" "www.frachon.org"
114.119.147.209 - - [13/Nov/2022:18:41:36 -0800] "GET /2004/laborday/source/dsc07162.htm HTTP/1.1" 200 1063 "http://photos.frachon.org/2004/laborday/index6.htm" "Mozilla/5.0 (Linux; Android 7.0;) AppleWebKit/537.36 (KHTML, like Gecko) Mobile Safari/537.36 (compatible; PetalBot;+https://webmaster.petalsearch.com/site/petalbot)" "photos.frachon.org"
216.244.66.228 - - [13/Nov/2022:18:48:37 -0800] "GET /robots.txt HTTP/1.1" 404 73 "-" "Mozilla/5.0 (compatible; DotBot/1.2; +https://opensiteexplorer.org/dotbot; help@moz.com)" "frachon.org"
216.244.66.228 - - [13/Nov/2022:18:48:37 -0800] "GET /robots.txt HTTP/1.1" 404 73 "-" "Mozilla/5.0 (compatible; DotBot/1.2; +https://opensiteexplorer.org/dotbot; help@moz.com)" "photos.frachon.org"
185.191.171.15 - - [13/Nov/2022:18:49:54 -0800] "GET /photos/ HTTP/1.1" 200 1817 "-" "Mozilla/5.0 (compatible; SemrushBot/7~bl; +http://www.semrush.com/bot.html)" "www.frachon.org"
185.191.171.21 - - [13/Nov/2022:18:51:58 -0800] "GET /assets/?C=S%3BO%3DA HTTP/1.1" 200 452 "-" "Mozilla/5.0 (compatible; SemrushBot/7~bl; +http://www.semrush.com/bot.html)" "www.frachon.org"
114.119.147.205 - - [13/Nov/2022:18:52:18 -0800] "GET /2005/nanjing_february/source/dsc08184.htm HTTP/1.1" 200 1047 "http://photos.frachon.org/2005/nanjing_february/index2.htm" "Mozilla/5.0 (Linux; Android 7.0;) AppleWebKit/537.36 (KHTML, like Gecko) Mobile Safari/537.36 (compatible; PetalBot;+https://webmaster.petalsearch.com/site/petalbot)" "photos.frachon.org"
185.191.171.23 - - [13/Nov/2022:18:55:03 -0800] "GET /photos/source/anniv._4.htm HTTP/1.1" 200 137 "-" "Mozilla/5.0 (compatible; SemrushBot/7~bl; +http://www.semrush.com/bot.html)" "www.frachon.org"
114.119.147.209 - - [13/Nov/2022:19:03:02 -0800] "GET /2003/4th_july/source/dsc04030.htm HTTP/1.1" 200 1059 "http://photos.frachon.org/2003/4th_july/" "Mozilla/5.0 (Linux; Android 7.0;) AppleWebKit/537.36 (KHTML, like Gecko) Mobile Safari/537.36 (compatible; PetalBot;+https://webmaster.petalsearch.com/site/petalbot)" "photos.frachon.org"
207.46.13.237 - - [13/Nov/2022:19:10:12 -0800] "GET /robots.txt HTTP/1.1" 404 88 "-" "Mozilla/5.0 (compatible; bingbot/2.0; +http://www.bing.com/bingbot.htm)" "photos.frachon.org"
157.55.39.129 - - [13/Nov/2022:19:10:21 -0800] "GET /source/encore_une_pause_au_soleil.htm HTTP/1.1" 200 127 "-" "Mozilla/5.0 (compatible; bingbot/2.0; +http://www.bing.com/bingbot.htm)" "photos.frachon.org"
114.119.147.205 - - [13/Nov/2022:19:13:46 -0800] "GET /2004/vacances-suede/source/dsc06722.htm HTTP/1.1" 200 1067 "http://photos.frachon.org/2004/vacances-suede/index4.htm" "Mozilla/5.0 (Linux; Android 7.0;) AppleWebKit/537.36 (KHTML, like Gecko) Mobile Safari/537.36 (compatible; PetalBot;+https://webmaster.petalsearch.com/site/petalbot)" "photos.frachon.org"
185.16.60.130 - - [13/Nov/2022:19:16:05 -0800] "GET /robots.txt HTTP/1.1" 404 73 "-" "Mozilla/5.0 (compatible; MJ12bot/v1.4.8; http://mj12bot.com/)" "photos.frachon.org"
185.16.60.130 - - [13/Nov/2022:19:16:06 -0800] "GET /2003/vacances_portland/source/dsc04377.htm HTTP/1.1" 200 1002 "-" "Mozilla/5.0 (compatible; MJ12bot/v1.4.8; http://mj12bot.com/)" "photos.frachon.org"
185.16.60.130 - - [13/Nov/2022:19:16:08 -0800] "GET /2003/vacances_portland/source/dsc04378.htm HTTP/1.1" 200 1003 "-" "Mozilla/5.0 (compatible; MJ12bot/v1.4.8; http://mj12bot.com/)" "photos.frachon.org"
185.16.60.130 - - [13/Nov/2022:19:16:10 -0800] "GET /2003/vacances_portland/source/dsc04379.htm HTTP/1.1" 200 1216 "-" "Mozilla/5.0 (compatible; MJ12bot/v1.4.8; http://mj12bot.com/)" "photos.frachon.org"
185.16.60.130 - - [13/Nov/2022:19:16:11 -0800] "GET /2003/vacances_portland/source/dsc04383.htm HTTP/1.1" 200 1010 "-" "Mozilla/5.0 (compatible; MJ12bot/v1.4.8; http://mj12bot.com/)" "photos.frachon.org"
185.16.60.130 - - [13/Nov/2022:19:16:13 -0800] "GET /2003/vacances_portland/source/dsc04384.htm HTTP/1.1" 200 1008 "-" "Mozilla/5.0 (compatible; MJ12bot/v1.4.8; http://mj12bot.com/)" "photos.frachon.org"
114.119.147.213 - - [13/Nov/2022:19:24:26 -0800] "GET /2003/shenandoah-demenagement/source/dsc03135.htm HTTP/1.1" 200 1023 "http://photos.frachon.org/2003/shenandoah-demenagement/index.htm" "Mozilla/5.0 (Linux; Android 7.0;) AppleWebKit/537.36 (KHTML, like Gecko) Mobile Safari/537.36 (compatible; PetalBot;+https://webmaster.petalsearch.com/site/petalbot)" "photos.frachon.org"
185.191.171.6 - - [13/Nov/2022:19:25:09 -0800] "GET /photos/source/bellito_dsc02713.htm HTTP/1.1" 200 125 "-" "Mozilla/5.0 (compatible; SemrushBot/7~bl; +http://www.semrush.com/bot.html)" "www.frachon.org"
185.191.171.4 - - [13/Nov/2022:19:28:37 -0800] "GET /robots.txt HTTP/1.1" 404 88 "-" "Mozilla/5.0 (compatible; SemrushBot/7~bl; +http://www.semrush.com/bot.html)" "www.frachon.org"
185.191.171.18 - - [13/Nov/2022:19:28:37 -0800] "GET /photos/source/dsc06118.htm HTTP/1.1" 200 130 "-" "Mozilla/5.0 (compatible; SemrushBot/7~bl; +http://www.semrush.com/bot.html)" "www.frachon.org"
114.119.147.184 - - [13/Nov/2022:19:35:05 -0800] "GET /2005/nanjing_february/source/dsc08224.htm HTTP/1.1" 200 1047 "http://photos.frachon.org/2005/nanjing_february/index3.htm" "Mozilla/5.0 (Linux; Android 7.0;) AppleWebKit/537.36 (KHTML, like Gecko) Mobile Safari/537.36 (compatible; PetalBot;+https://webmaster.petalsearch.com/site/petalbot)" "photos.frachon.org"
185.191.171.2 - - [13/Nov/2022:19:42:13 -0800] "GET /photos/source/dsc01356.htm HTTP/1.1" 200 137 "-" "Mozilla/5.0 (compatible; SemrushBot/7~bl; +http://www.semrush.com/bot.html)" "www.frachon.org"
216.244.66.228 - - [13/Nov/2022:19:44:27 -0800] "GET /robots.txt HTTP/1.1" 404 73 "-" "Mozilla/5.0 (compatible; DotBot/1.2; +https://opensiteexplorer.org/dotbot; help@moz.com)" "photos.frachon.org"
114.119.147.209 - - [13/Nov/2022:19:45:41 -0800] "GET /2004/SejourAndreCatherine/source/pict0596.htm HTTP/1.1" 200 1053 "http://photos.frachon.org/2004/SejourAndreCatherine/index6.htm" "Mozilla/5.0 (Linux; Android 7.0;) AppleWebKit/537.36 (KHTML, like Gecko) Mobile Safari/537.36 (compatible; PetalBot;+https://webmaster.petalsearch.com/site/petalbot)" "photos.frachon.org"
114.119.147.209 - - [13/Nov/2022:19:56:18 -0800] "GET /2005/metamorphose_jardin/source/dsc08383.htm HTTP/1.1" 200 1056 "http://photos.frachon.org/2005/metamorphose_jardin/index2.htm" "Mozilla/5.0 (Linux; Android 7.0;) AppleWebKit/537.36 (KHTML, like Gecko) Mobile Safari/537.36 (compatible; PetalBot;+https://webmaster.petalsearch.com/site/petalbot)" "photos.frachon.org"
114.119.145.183 - - [13/Nov/2022:20:07:03 -0800] "GET /2004/vacances-suede/source/dsc06790.htm HTTP/1.1" 200 1092 "http://photos.frachon.org/2004/vacances-suede/index8.htm" "Mozilla/5.0 (Linux; Android 7.0;) AppleWebKit/537.36 (KHTML, like Gecko) Mobile Safari/537.36 (compatible; PetalBot;+https://webmaster.petalsearch.com/site/petalbot)" "photos.frachon.org"
114.119.147.205 - - [13/Nov/2022:20:17:37 -0800] "GET /2000/avant_mariage/ HTTP/1.1" 200 375 "http://photos.frachon.org/2000/avant_mariage/image/?C=D%3BO%3DA" "Mozilla/5.0 (Linux; Android 7.0;) AppleWebKit/537.36 (KHTML, like Gecko) Mobile Safari/537.36 (compatible; PetalBot;+https://webmaster.petalsearch.com/site/petalbot)" "photos.frachon.org"
114.119.147.213 - - [13/Nov/2022:20:28:14 -0800] "GET /2003/noel/index3.htm HTTP/1.1" 200 976 "http://photos.frachon.org/2003/noel/index2.htm" "Mozilla/5.0 (Linux; Android 7.0;) AppleWebKit/537.36 (KHTML, like Gecko) Mobile Safari/537.36 (compatible; PetalBot;+https://webmaster.petalsearch.com/site/petalbot)" "photos.frachon.org"
185.191.171.3 - - [13/Nov/2022:20:33:29 -0800] "GET /robots.txt HTTP/1.1" 404 88 "-" "Mozilla/5.0 (compatible; SemrushBot/7~bl; +http://www.semrush.com/bot.html)" "www.frachon.org"
185.191.171.14 - - [13/Nov/2022:20:33:30 -0800] "GET /assets/?C=D%3BO%3DA HTTP/1.1" 200 452 "-" "Mozilla/5.0 (compatible; SemrushBot/7~bl; +http://www.semrush.com/bot.html)" "www.frachon.org"
114.119.145.183 - - [13/Nov/2022:20:38:57 -0800] "GET /2004/laborday/source/dsc07093.htm HTTP/1.1" 200 1068 "http://photos.frachon.org/2004/laborday/index3.htm" "Mozilla/5.0 (Linux; Android 7.0;) AppleWebKit/537.36 (KHTML, like Gecko) Mobile Safari/537.36 (compatible; PetalBot;+https://webmaster.petalsearch.com/site/petalbot)" "photos.frachon.org"
185.191.171.34 - - [13/Nov/2022:20:42:05 -0800] "GET /photos/source/dsc04028.htm HTTP/1.1" 200 125 "-" "Mozilla/5.0 (compatible; SemrushBot/7~bl; +http://www.semrush.com/bot.html)" "www.frachon.org"
114.119.145.183 - - [13/Nov/2022:20:49:42 -0800] "GET /2003/shenandoah-demenagement/source/dsc03136.htm HTTP/1.1" 200 1046 "http://photos.frachon.org/2003/shenandoah-demenagement/index.htm" "Mozilla/5.0 (Linux; Android 7.0;) AppleWebKit/537.36 (KHTML, like Gecko) Mobile Safari/537.36 (compatible; PetalBot;+https://webmaster.petalsearch.com/site/petalbot)" "photos.frachon.org"
114.119.145.183 - - [13/Nov/2022:21:00:18 -0800] "GET /2002/noel_en_france/source/dsc02420.htm HTTP/1.1" 200 1011 "http://photos.frachon.org/2002/noel_en_france/index5.htm" "Mozilla/5.0 (Linux; Android 7.0;) AppleWebKit/537.36 (KHTML, like Gecko) Mobile Safari/537.36 (compatible; PetalBot;+https://webmaster.petalsearch.com/site/petalbot)" "photos.frachon.org"
216.244.66.228 - - [13/Nov/2022:21:07:34 -0800] "GET /robots.txt HTTP/1.1" 404 73 "-" "Mozilla/5.0 (compatible; DotBot/1.2; +https://opensiteexplorer.org/dotbot; help@moz.com)" "frachon.org"
216.244.66.228 - - [13/Nov/2022:21:07:34 -0800] "GET /robots.txt HTTP/1.1" 404 73 "-" "Mozilla/5.0 (compatible; DotBot/1.2; +https://opensiteexplorer.org/dotbot; help@moz.com)" "photos.frachon.org"
114.119.145.183 - - [13/Nov/2022:21:10:58 -0800] "GET /2002/noah_album_naissance/source/dsc01467.htm HTTP/1.1" 200 1201 "http://photos.frachon.org/2002/noah_album_naissance/index2.htm" "Mozilla/5.0 (Linux; Android 7.0;) AppleWebKit/537.36 (KHTML, like Gecko) Mobile Safari/537.36 (compatible; PetalBot;+https://webmaster.petalsearch.com/site/petalbot)" "photos.frachon.org"
14.29.228.249 - - [13/Nov/2022:21:20:39 -0800] "GET / HTTP/1.1" 200 377 "-" "Mozilla/5.0 (iPhone; CPU iPhone OS 13_2_3 like Mac OS X) AppleWebKit/605.1.15 (KHTML, like Gecko) Version/13.0.3 Mobile/15E148 Safari/604.1" "frachon.org"
114.119.147.213 - - [13/Nov/2022:21:21:39 -0800] "GET /2002/noel_en_france/source/dscf0035.htm HTTP/1.1" 200 1056 "http://photos.frachon.org/2002/noel_en_france/index5.htm" "Mozilla/5.0 (Linux; Android 7.0;) AppleWebKit/537.36 (KHTML, like Gecko) Mobile Safari/537.36 (compatible; PetalBot;+https://webmaster.petalsearch.com/site/petalbot)" "photos.frachon.org"
114.119.147.209 - - [13/Nov/2022:21:32:22 -0800] "GET /2002/noel_en_france/index.htm HTTP/1.1" 200 1115 "http://photos.frachon.org/2002/noel_en_france/index8.htm" "Mozilla/5.0 (Linux; Android 7.0;) AppleWebKit/537.36 (KHTML, like Gecko) Mobile Safari/537.36 (compatible; PetalBot;+https://webmaster.petalsearch.com/site/petalbot)" "photos.frachon.org"
114.119.145.183 - - [13/Nov/2022:21:43:04 -0800] "GET /2004/laborday/source/dsc07059.htm HTTP/1.1" 200 1065 "http://photos.frachon.org/source/bellito_dsc02713.htm" "Mozilla/5.0 (Linux; Android 7.0;) AppleWebKit/537.36 (KHTML, like Gecko) Mobile Safari/537.36 (compatible; PetalBot;+https://webmaster.petalsearch.com/site/petalbot)" "photos.frachon.org"
114.119.147.205 - - [13/Nov/2022:21:53:50 -0800] "GET /2004/SejourAndreCatherine/source/pict0278.htm HTTP/1.1" 200 1059 "http://photos.frachon.org/source/pict0331.htm" "Mozilla/5.0 (Linux; Android 7.0;) AppleWebKit/537.36 (KHTML, like Gecko) Mobile Safari/537.36 (compatible; PetalBot;+https://webmaster.petalsearch.com/site/petalbot)" "photos.frachon.org"
114.119.147.209 - - [13/Nov/2022:22:04:39 -0800] "GET /2005/nanjing_february/source/dsc08215.htm HTTP/1.1" 200 1048 "http://photos.frachon.org/2005/nanjing_february/index3.htm" "Mozilla/5.0 (Linux; Android 7.0;) AppleWebKit/537.36 (KHTML, like Gecko) Mobile Safari/537.36 (compatible; PetalBot;+https://webmaster.petalsearch.com/site/petalbot)" "photos.frachon.org"
185.191.171.8 - - [13/Nov/2022:22:06:06 -0800] "GET /robots.txt HTTP/1.1" 404 88 "-" "Mozilla/5.0 (compatible; SemrushBot/7~bl; +http://www.semrush.com/bot.html)" "www.frachon.org"
185.191.171.25 - - [13/Nov/2022:22:06:06 -0800] "GET /photos/source/dsc03139.htm HTTP/1.1" 200 136 "-" "Mozilla/5.0 (compatible; SemrushBot/7~bl; +http://www.semrush.com/bot.html)" "www.frachon.org"
114.119.145.183 - - [13/Nov/2022:22:15:21 -0800] "GET /2000/voyage_de_noces/source/pin-up_allongee_au_bo_205e.htm HTTP/1.1" 200 1198 "http://photos.frachon.org/2000/voyage_de_noces/" "Mozilla/5.0 (Linux; Android 7.0;) AppleWebKit/537.36 (KHTML, like Gecko) Mobile Safari/537.36 (compatible; PetalBot;+https://webmaster.petalsearch.com/site/petalbot)" "photos.frachon.org"
114.119.147.184 - - [13/Nov/2022:22:26:23 -0800] "GET /2005/metamorphose_jardin/source/jardin_coolidge_transforma.htm HTTP/1.1" 200 1078 "http://photos.frachon.org/2005/metamorphose_jardin/index2.htm" "Mozilla/5.0 (Linux; Android 7.0;) AppleWebKit/537.36 (KHTML, like Gecko) Mobile Safari/537.36 (compatible; PetalBot;+https://webmaster.petalsearch.com/site/petalbot)" "photos.frachon.org"
51.222.253.2 - - [13/Nov/2022:22:31:18 -0800] "GET /robots.txt HTTP/1.1" 404 88 "-" "Mozilla/5.0 (compatible; AhrefsBot/7.0; +http://ahrefs.com/robot/)" "www.frachon.org"
51.222.253.20 - - [13/Nov/2022:22:31:19 -0800] "GET / HTTP/1.1" 200 377 "-" "Mozilla/5.0 (compatible; AhrefsBot/7.0; +http://ahrefs.com/robot/)" "www.frachon.org"
114.119.147.205 - - [13/Nov/2022:22:37:03 -0800] "GET /2005/nanjing_february/source/dsc08204.htm HTTP/1.1" 200 1047 "http://photos.frachon.org/2005/nanjing_february/index3.htm" "Mozilla/5.0 (Linux; Android 7.0;) AppleWebKit/537.36 (KHTML, like Gecko) Mobile Safari/537.36 (compatible; PetalBot;+https://webmaster.petalsearch.com/site/petalbot)" "photos.frachon.org"
114.119.147.205 - - [13/Nov/2022:22:47:52 -0800] "GET /2004/vacances-suede/source/dsc06768.htm HTTP/1.1" 200 1073 "http://photos.frachon.org/2004/vacances-suede/index6.htm" "Mozilla/5.0 (Linux; Android 7.0;) AppleWebKit/537.36 (KHTML, like Gecko) Mobile Safari/537.36 (compatible; PetalBot;+https://webmaster.petalsearch.com/site/petalbot)" "photos.frachon.org"
185.191.171.6 - - [13/Nov/2022:23:01:02 -0800] "GET /photos/source/img_0959.htm HTTP/1.1" 200 126 "-" "Mozilla/5.0 (compatible; SemrushBot/7~bl; +http://www.semrush.com/bot.html)" "www.frachon.org"
216.244.66.228 - - [13/Nov/2022:23:01:36 -0800] "GET /robots.txt HTTP/1.1" 404 73 "-" "Mozilla/5.0 (compatible; DotBot/1.2; +https://opensiteexplorer.org/dotbot; help@moz.com)" "photos.frachon.org"
114.119.147.205 - - [13/Nov/2022:23:09:36 -0800] "GET /2005/nanjing_february/source/dsc08179.htm HTTP/1.1" 200 1049 "http://photos.frachon.org/2005/nanjing_february/index2.htm" "Mozilla/5.0 (Linux; Android 7.0;) AppleWebKit/537.36 (KHTML, like Gecko) Mobile Safari/537.36 (compatible; PetalBot;+https://webmaster.petalsearch.com/site/petalbot)" "photos.frachon.org"
114.119.147.205 - - [13/Nov/2022:23:20:28 -0800] "GET /2002/noel_en_france/source/dsc02440.htm HTTP/1.1" 200 1030 "http://photos.frachon.org/2002/noel_en_france/index5.htm" "Mozilla/5.0 (Linux; Android 7.0;) AppleWebKit/537.36 (KHTML, like Gecko) Mobile Safari/537.36 (compatible; PetalBot;+https://webmaster.petalsearch.com/site/petalbot)" "photos.frachon.org"
114.119.147.213 - - [13/Nov/2022:23:31:15 -0800] "GET /2003/sejour_frachon/index.htm HTTP/1.1" 200 1100 "http://photos.frachon.org/2003/sejour_frachon/index4.htm" "Mozilla/5.0 (Linux; Android 7.0;) AppleWebKit/537.36 (KHTML, like Gecko) Mobile Safari/537.36 (compatible; PetalBot;+https://webmaster.petalsearch.com/site/petalbot)" "photos.frachon.org"
114.119.145.183 - - [13/Nov/2022:23:42:11 -0800] "GET /2004/SejourAndreCatherine/source/pict0594.htm HTTP/1.1" 200 1053 "http://photos.frachon.org/2004/SejourAndreCatherine/index6.htm" "Mozilla/5.0 (Linux; Android 7.0;) AppleWebKit/537.36 (KHTML, like Gecko) Mobile Safari/537.36 (compatible; PetalBot;+https://webmaster.petalsearch.com/site/petalbot)" "photos.frachon.org"
114.119.147.209 - - [13/Nov/2022:23:52:57 -0800] "GET /2002/halloween/image/dsc01931.jpg HTTP/1.1" 200 35125 "http://photos.frachon.org/2002/halloween/source/dsc01931.htm" "Mozilla/5.0 (Linux; Android 7.0;) AppleWebKit/537.36 (KHTML, like Gecko) Mobile Safari/537.36 (compatible; PetalBot;+https://webmaster.petalsearch.com/site/petalbot)" "photos.frachon.org"
114.119.145.183 - - [14/Nov/2022:00:03:51 -0800] "GET /2005/nanjing_february/source/dsc08104.htm HTTP/1.1" 200 1067 "http://photos.frachon.org/source/dsc08121.htm" "Mozilla/5.0 (Linux; Android 7.0;) AppleWebKit/537.36 (KHTML, like Gecko) Mobile Safari/537.36 (compatible; PetalBot;+https://webmaster.petalsearch.com/site/petalbot)" "photos.frachon.org"
114.119.147.205 - - [14/Nov/2022:00:14:42 -0800] "GET /2003/vacances_portland/source/dsc04298.htm HTTP/1.1" 200 1216 "http://photos.frachon.org/source/dsc04362.htm" "Mozilla/5.0 (Linux; Android 7.0;) AppleWebKit/537.36 (KHTML, like Gecko) Mobile Safari/537.36 (compatible; PetalBot;+https://webmaster.petalsearch.com/site/petalbot)" "photos.frachon.org"
185.191.171.23 - - [14/Nov/2022:00:14:57 -0800] "GET /robots.txt HTTP/1.1" 404 88 "-" "Mozilla/5.0 (compatible; SemrushBot/7~bl; +http://www.semrush.com/bot.html)" "www.frachon.org"
185.191.171.35 - - [14/Nov/2022:00:14:57 -0800] "GET /photos/source/dsc01755.htm HTTP/1.1" 200 135 "-" "Mozilla/5.0 (compatible; SemrushBot/7~bl; +http://www.semrush.com/bot.html)" "www.frachon.org"
114.119.147.209 - - [14/Nov/2022:00:25:29 -0800] "GET /2002/noel_en_france/source/dsc02196.htm HTTP/1.1" 200 1019 "http://photos.frachon.org/source/dsc02436.htm" "Mozilla/5.0 (Linux; Android 7.0;) AppleWebKit/537.36 (KHTML, like Gecko) Mobile Safari/537.36 (compatible; PetalBot;+https://webmaster.petalsearch.com/site/petalbot)" "photos.frachon.org"
114.119.145.183 - - [14/Nov/2022:00:36:36 -0800] "GET /2002/noel_en_france/source/dsc02430.htm HTTP/1.1" 200 1016 "http://photos.frachon.org/2002/noel_en_france/index5.htm" "Mozilla/5.0 (Linux; Android 7.0;) AppleWebKit/537.36 (KHTML, like Gecko) Mobile Safari/537.36 (compatible; PetalBot;+https://webmaster.petalsearch.com/site/petalbot)" "photos.frachon.org"
114.119.145.183 - - [14/Nov/2022:00:47:08 -0800] "GET /2003/Noah_eau/source/img_5587.htm HTTP/1.1" 200 1001 "http://photos.frachon.org/source/dsc03364.htm" "Mozilla/5.0 (Linux; Android 7.0;) AppleWebKit/537.36 (KHTML, like Gecko) Mobile Safari/537.36 (compatible; PetalBot;+https://webmaster.petalsearch.com/site/petalbot)" "photos.frachon.org"
114.119.147.184 - - [14/Nov/2022:00:58:02 -0800] "GET /2004/vacances-suede/source/dsc06781.htm HTTP/1.1" 200 1081 "http://photos.frachon.org/2004/vacances-suede/index7.htm" "Mozilla/5.0 (Linux; Android 7.0;) AppleWebKit/537.36 (KHTML, like Gecko) Mobile Safari/537.36 (compatible; PetalBot;+https://webmaster.petalsearch.com/site/petalbot)" "photos.frachon.org"
114.119.145.183 - - [14/Nov/2022:01:08:52 -0800] "GET /2004/vacances-suede/source/dsc06756.htm HTTP/1.1" 200 1066 "http://photos.frachon.org/2004/vacances-suede/index5.htm" "Mozilla/5.0 (Linux; Android 7.0;) AppleWebKit/537.36 (KHTML, like Gecko) Mobile Safari/537.36 (compatible; PetalBot;+https://webmaster.petalsearch.com/site/petalbot)" "photos.frachon.org"
50.112.89.71 - - [14/Nov/2022:01:12:36 -0800] "GET / HTTP/1.1" 200 377 "-" "Mozilla/5.0 (X11; Linux x86_64) AppleWebKit/537.36 (KHTML, like Gecko) Chrome/83.0.4103.97 Safari/537.36" "frachon.org"
54.201.178.64 - - [14/Nov/2022:01:12:50 -0800] "GET /favicon.ico HTTP/1.1" 404 88 "-" "Mozilla/5.0 (X11; Linux x86_64) AppleWebKit/537.36 (KHTML, like Gecko) Chrome/83.0.4103.97 Safari/537.36" "frachon.org"
54.201.178.64 - - [14/Nov/2022:01:12:51 -0800] "GET / HTTP/1.1" 200 377 "-" "Mozilla/5.0 (X11; Linux x86_64) AppleWebKit/537.36 (KHTML, like Gecko) Chrome/83.0.4103.97 Safari/537.36" "frachon.org"
54.185.31.140 - - [14/Nov/2022:01:13:35 -0800] "GET / HTTP/1.1" 200 377 "-" "Mozilla/5.0 (X11; Linux x86_64) AppleWebKit/537.36 (KHTML, like Gecko) Chrome/83.0.4103.97 Safari/537.36" "frachon.org"
35.92.148.33 - - [14/Nov/2022:01:14:04 -0800] "GET /favicon.ico HTTP/1.1" 404 88 "-" "Mozilla/5.0 (X11; Linux x86_64) AppleWebKit/537.36 (KHTML, like Gecko) Chrome/83.0.4103.97 Safari/537.36" "frachon.org"
35.92.148.33 - - [14/Nov/2022:01:14:07 -0800] "GET / HTTP/1.1" 200 377 "-" "Mozilla/5.0 (X11; Linux x86_64) AppleWebKit/537.36 (KHTML, like Gecko) Chrome/83.0.4103.97 Safari/537.36" "frachon.org"
114.119.147.184 - - [14/Nov/2022:01:19:40 -0800] "GET /2004/SejourAndreCatherine/source/pict0493.htm HTTP/1.1" 200 1053 "http://photos.frachon.org/2004/SejourAndreCatherine/index4.htm" "Mozilla/5.0 (Linux; Android 7.0;) AppleWebKit/537.36 (KHTML, like Gecko) Mobile Safari/537.36 (compatible; PetalBot;+https://webmaster.petalsearch.com/site/petalbot)" "photos.frachon.org"
114.119.145.183 - - [14/Nov/2022:01:30:28 -0800] "GET /2003/anniversaire_logan/source/dsc03049.htm HTTP/1.1" 200 1038 "http://photos.frachon.org/2003/anniversaire_logan/" "Mozilla/5.0 (Linux; Android 7.0;) AppleWebKit/537.36 (KHTML, like Gecko) Mobile Safari/537.36 (compatible; PetalBot;+https://webmaster.petalsearch.com/site/petalbot)" "photos.frachon.org"
114.119.147.213 - - [14/Nov/2022:01:41:15 -0800] "GET /2004/vacances-suede/source/dsc06651.htm HTTP/1.1" 200 1078 "http://photos.frachon.org/source/dsc06636.htm" "Mozilla/5.0 (Linux; Android 7.0;) AppleWebKit/537.36 (KHTML, like Gecko) Mobile Safari/537.36 (compatible; PetalBot;+https://webmaster.petalsearch.com/site/petalbot)" "photos.frachon.org"
114.119.147.213 - - [14/Nov/2022:01:52:03 -0800] "GET /2005/30ans-bruno/source/dsc08711.htm HTTP/1.1" 200 1048 "http://photos.frachon.org/2005/30ans-bruno/index.htm" "Mozilla/5.0 (Linux; Android 7.0;) AppleWebKit/537.36 (KHTML, like Gecko) Mobile Safari/537.36 (compatible; PetalBot;+https://webmaster.petalsearch.com/site/petalbot)" "photos.frachon.org"
114.119.147.205 - - [14/Nov/2022:02:02:52 -0800] "GET /2005/metamorphose_jardin/source/dsc08407.htm HTTP/1.1" 200 1056 "http://photos.frachon.org/2005/metamorphose_jardin/index3.htm" "Mozilla/5.0 (Linux; Android 7.0;) AppleWebKit/537.36 (KHTML, like Gecko) Mobile Safari/537.36 (compatible; PetalBot;+https://webmaster.petalsearch.com/site/petalbot)" "photos.frachon.org"
114.119.147.205 - - [14/Nov/2022:02:13:40 -0800] "GET /2004/SejourAndreCatherine/source/pict0546.htm HTTP/1.1" 200 1051 "http://photos.frachon.org/2004/SejourAndreCatherine/index5.htm" "Mozilla/5.0 (Linux; Android 7.0;) AppleWebKit/537.36 (KHTML, like Gecko) Mobile Safari/537.36 (compatible; PetalBot;+https://webmaster.petalsearch.com/site/petalbot)" "photos.frachon.org"
114.119.147.213 - - [14/Nov/2022:02:24:34 -0800] "GET /2002/noah_1_a_2_mois/source/dsc01842.htm HTTP/1.1" 200 1014 "http://photos.frachon.org/2002/noah_1_a_2_mois/index3.htm" "Mozilla/5.0 (Linux; Android 7.0;) AppleWebKit/537.36 (KHTML, like Gecko) Mobile Safari/537.36 (compatible; PetalBot;+https://webmaster.petalsearch.com/site/petalbot)" "photos.frachon.org"
114.119.147.209 - - [14/Nov/2022:02:35:19 -0800] "GET /source/lulu_quentin_paris.htm HTTP/1.1" 200 124 "http://photos.frachon.org/index2.htm" "Mozilla/5.0 (Linux; Android 7.0;) AppleWebKit/537.36 (KHTML, like Gecko) Mobile Safari/537.36 (compatible; PetalBot;+https://webmaster.petalsearch.com/site/petalbot)" "photos.frachon.org"
114.119.147.184 - - [14/Nov/2022:02:46:08 -0800] "GET /2002/halloween/source/dsc01910.htm HTTP/1.1" 200 1016 "http://photos.frachon.org/2002/halloween/" "Mozilla/5.0 (Linux; Android 7.0;) AppleWebKit/537.36 (KHTML, like Gecko) Mobile Safari/537.36 (compatible; PetalBot;+https://webmaster.petalsearch.com/site/petalbot)" "photos.frachon.org"
114.119.145.183 - - [14/Nov/2022:02:56:54 -0800] "GET /2002/noel_en_france/source/dsc02205.htm HTTP/1.1" 200 1011 "http://photos.frachon.org/source/dsc02436.htm" "Mozilla/5.0 (Linux; Android 7.0;) AppleWebKit/537.36 (KHTML, like Gecko) Mobile Safari/537.36 (compatible; PetalBot;+https://webmaster.petalsearch.com/site/petalbot)" "photos.frachon.org"
114.119.145.183 - - [14/Nov/2022:03:07:40 -0800] "GET /2000/mariage/source/karine_a_la_mairie.htm HTTP/1.1" 200 1168 "http://photos.frachon.org/2000/mariage/index.htm" "Mozilla/5.0 (Linux; Android 7.0;) AppleWebKit/537.36 (KHTML, like Gecko) Mobile Safari/537.36 (compatible; PetalBot;+https://webmaster.petalsearch.com/site/petalbot)" "photos.frachon.org"
114.119.147.184 - - [14/Nov/2022:03:18:27 -0800] "GET /2004/vacances-suede/source/dsc06710.htm HTTP/1.1" 200 1066 "http://photos.frachon.org/2004/vacances-suede/index3.htm" "Mozilla/5.0 (Linux; Android 7.0;) AppleWebKit/537.36 (KHTML, like Gecko) Mobile Safari/537.36 (compatible; PetalBot;+https://webmaster.petalsearch.com/site/petalbot)" "photos.frachon.org"
114.119.147.184 - - [14/Nov/2022:03:29:23 -0800] "GET /2004/vacances-suede/source/dsc06702.htm HTTP/1.1" 200 1075 "http://photos.frachon.org/2004/vacances-suede/index3.htm" "Mozilla/5.0 (Linux; Android 7.0;) AppleWebKit/537.36 (KHTML, like Gecko) Mobile Safari/537.36 (compatible; PetalBot;+https://webmaster.petalsearch.com/site/petalbot)" "photos.frachon.org"
114.119.147.209 - - [14/Nov/2022:03:40:01 -0800] "GET /2002/noah_1_a_2_mois/source/dsc01643.htm HTTP/1.1" 200 1029 "http://photos.frachon.org/2002/noah_1_a_2_mois/index.htm" "Mozilla/5.0 (Linux; Android 7.0;) AppleWebKit/537.36 (KHTML, like Gecko) Mobile Safari/537.36 (compatible; PetalBot;+https://webmaster.petalsearch.com/site/petalbot)" "photos.frachon.org"
114.119.147.205 - - [14/Nov/2022:03:50:45 -0800] "GET /2005/nanjing_february/source/dsc08199.htm HTTP/1.1" 200 1049 "http://photos.frachon.org/2005/nanjing_february/index3.htm" "Mozilla/5.0 (Linux; Android 7.0;) AppleWebKit/537.36 (KHTML, like Gecko) Mobile Safari/537.36 (compatible; PetalBot;+https://webmaster.petalsearch.com/site/petalbot)" "photos.frachon.org"
114.119.147.205 - - [14/Nov/2022:04:01:31 -0800] "GET /2003/anniversaire_logan/source/dsc03044.htm HTTP/1.1" 200 1245 "http://photos.frachon.org/2003/anniversaire_logan/" "Mozilla/5.0 (Linux; Android 7.0;) AppleWebKit/537.36 (KHTML, like Gecko) Mobile Safari/537.36 (compatible; PetalBot;+https://webmaster.petalsearch.com/site/petalbot)" "photos.frachon.org"
114.119.147.205 - - [14/Nov/2022:04:12:12 -0800] "GET /2003/Noah_eau/source/img_5589.htm HTTP/1.1" 200 1002 "http://photos.frachon.org/source/dsc03364.htm" "Mozilla/5.0 (Linux; Android 7.0;) AppleWebKit/537.36 (KHTML, like Gecko) Mobile Safari/537.36 (compatible; PetalBot;+https://webmaster.petalsearch.com/site/petalbot)" "photos.frachon.org"
114.119.147.205 - - [14/Nov/2022:04:22:50 -0800] "GET /2003/anniversaire_logan/source/dsc03047.htm HTTP/1.1" 200 1038 "http://photos.frachon.org/2003/anniversaire_logan/" "Mozilla/5.0 (Linux; Android 7.0;) AppleWebKit/537.36 (KHTML, like Gecko) Mobile Safari/537.36 (compatible; PetalBot;+https://webmaster.petalsearch.com/site/petalbot)" "photos.frachon.org"
114.119.145.183 - - [14/Nov/2022:04:33:34 -0800] "GET /2002/noel_en_france/source/dsc02197.htm HTTP/1.1" 200 1018 "http://photos.frachon.org/source/dsc02436.htm" "Mozilla/5.0 (Linux; Android 7.0;) AppleWebKit/537.36 (KHTML, like Gecko) Mobile Safari/537.36 (compatible; PetalBot;+https://webmaster.petalsearch.com/site/petalbot)" "photos.frachon.org"
216.244.66.228 - - [14/Nov/2022:04:39:38 -0800] "GET /robots.txt HTTP/1.1" 404 73 "-" "Mozilla/5.0 (compatible; DotBot/1.2; +https://opensiteexplorer.org/dotbot; help@moz.com)" "photos.frachon.org"
114.119.147.205 - - [14/Nov/2022:04:44:13 -0800] "GET /2000/voyage_de_noces/source/karine_pres_de_la_chu_205b.htm HTTP/1.1" 200 1208 "http://photos.frachon.org/2000/voyage_de_noces/index2.htm" "Mozilla/5.0 (Linux; Android 7.0;) AppleWebKit/537.36 (KHTML, like Gecko) Mobile Safari/537.36 (compatible; PetalBot;+https://webmaster.petalsearch.com/site/petalbot)" "photos.frachon.org"
114.119.145.183 - - [14/Nov/2022:04:55:00 -0800] "GET /2004/vacances-suede/source/dsc06636.htm HTTP/1.1" 200 1083 "http://photos.frachon.org/source/dsc06636.htm" "Mozilla/5.0 (Linux; Android 7.0;) AppleWebKit/537.36 (KHTML, like Gecko) Mobile Safari/537.36 (compatible; PetalBot;+https://webmaster.petalsearch.com/site/petalbot)" "photos.frachon.org"
114.119.147.213 - - [14/Nov/2022:05:05:43 -0800] "GET /2005/30ans-bruno/source/dsc08720.htm HTTP/1.1" 200 1048 "http://photos.frachon.org/2005/30ans-bruno/index.htm" "Mozilla/5.0 (Linux; Android 7.0;) AppleWebKit/537.36 (KHTML, like Gecko) Mobile Safari/537.36 (compatible; PetalBot;+https://webmaster.petalsearch.com/site/petalbot)" "photos.frachon.org"
114.119.145.183 - - [14/Nov/2022:05:16:24 -0800] "GET /2000/voyage_de_noces/source/karine_avec_une_biguette.j.htm HTTP/1.1" 200 1196 "http://photos.frachon.org/2000/voyage_de_noces/index3.htm" "Mozilla/5.0 (Linux; Android 7.0;) AppleWebKit/537.36 (KHTML, like Gecko) Mobile Safari/537.36 (compatible; PetalBot;+https://webmaster.petalsearch.com/site/petalbot)" "photos.frachon.org"
114.119.147.205 - - [14/Nov/2022:05:27:09 -0800] "GET /2002/halloween/source/dsc01903.htm HTTP/1.1" 200 1021 "http://photos.frachon.org/2002/halloween/" "Mozilla/5.0 (Linux; Android 7.0;) AppleWebKit/537.36 (KHTML, like Gecko) Mobile Safari/537.36 (compatible; PetalBot;+https://webmaster.petalsearch.com/site/petalbot)" "photos.frachon.org"
114.119.147.184 - - [14/Nov/2022:05:37:48 -0800] "GET /2003/vacances_portland/source/dsc04333.htm HTTP/1.1" 200 1008 "http://photos.frachon.org/2003/vacances_portland/index2.htm" "Mozilla/5.0 (Linux; Android 7.0;) AppleWebKit/537.36 (KHTML, like Gecko) Mobile Safari/537.36 (compatible; PetalBot;+https://webmaster.petalsearch.com/site/petalbot)" "photos.frachon.org"
114.119.145.183 - - [14/Nov/2022:05:48:31 -0800] "GET /2002/noah_album_naissance/source/dsc01427.htm HTTP/1.1" 200 1177 "http://photos.frachon.org/2002/noah_album_naissance/index.htm" "Mozilla/5.0 (Linux; Android 7.0;) AppleWebKit/537.36 (KHTML, like Gecko) Mobile Safari/537.36 (compatible; PetalBot;+https://webmaster.petalsearch.com/site/petalbot)" "photos.frachon.org"
114.119.145.183 - - [14/Nov/2022:05:59:12 -0800] "GET /2005/metamorphose_jardin/source/dsc08399.htm HTTP/1.1" 200 1070 "http://photos.frachon.org/2005/metamorphose_jardin/index2.htm" "Mozilla/5.0 (Linux; Android 7.0;) AppleWebKit/537.36 (KHTML, like Gecko) Mobile Safari/537.36 (compatible; PetalBot;+https://webmaster.petalsearch.com/site/petalbot)" "photos.frachon.org"
114.119.147.209 - - [14/Nov/2022:06:10:02 -0800] "GET /2002/noel_en_france/source/dsc02320.htm HTTP/1.1" 200 1011 "http://photos.frachon.org/2002/noel_en_france/index3.htm" "Mozilla/5.0 (Linux; Android 7.0;) AppleWebKit/537.36 (KHTML, like Gecko) Mobile Safari/537.36 (compatible; PetalBot;+https://webmaster.petalsearch.com/site/petalbot)" "photos.frachon.org"
114.119.145.183 - - [14/Nov/2022:06:20:46 -0800] "GET /2005/metamorphose_jardin/source/dsc08417.htm HTTP/1.1" 200 1064 "http://photos.frachon.org/2005/metamorphose_jardin/index3.htm" "Mozilla/5.0 (Linux; Android 7.0;) AppleWebKit/537.36 (KHTML, like Gecko) Mobile Safari/537.36 (compatible; PetalBot;+https://webmaster.petalsearch.com/site/petalbot)" "photos.frachon.org"
114.119.147.205 - - [14/Nov/2022:06:31:01 -0800] "GET /2002/noel_en_france/source/dsc02481.htm HTTP/1.1" 200 1015 "http://photos.frachon.org/2002/noel_en_france/index6.htm" "Mozilla/5.0 (Linux; Android 7.0;) AppleWebKit/537.36 (KHTML, like Gecko) Mobile Safari/537.36 (compatible; PetalBot;+https://webmaster.petalsearch.com/site/petalbot)" "photos.frachon.org"
114.119.147.205 - - [14/Nov/2022:06:38:56 -0800] "GET /2002/noel_en_france/source/dsc02437.htm HTTP/1.1" 200 1008 "http://photos.frachon.org/2002/noel_en_france/index5.htm" "Mozilla/5.0 (Linux; Android 7.0;) AppleWebKit/537.36 (KHTML, like Gecko) Mobile Safari/537.36 (compatible; PetalBot;+https://webmaster.petalsearch.com/site/petalbot)" "photos.frachon.org"
114.119.147.184 - - [14/Nov/2022:06:45:13 -0800] "GET /2002/halloween/source/dsc01909.htm HTTP/1.1" 200 1015 "http://photos.frachon.org/2002/halloween/" "Mozilla/5.0 (Linux; Android 7.0;) AppleWebKit/537.36 (KHTML, like Gecko) Mobile Safari/537.36 (compatible; PetalBot;+https://webmaster.petalsearch.com/site/petalbot)" "photos.frachon.org"
114.119.147.209 - - [14/Nov/2022:06:50:57 -0800] "GET /2002/noel_en_france/image/dsc02220.jpg HTTP/1.1" 200 61938 "http://photos.frachon.org/2002/noel_en_france/source/dsc02220.htm" "Mozilla/5.0 (Linux; Android 7.0;) AppleWebKit/537.36 (KHTML, like Gecko) Mobile Safari/537.36 (compatible; PetalBot;+https://webmaster.petalsearch.com/site/petalbot)" "photos.frachon.org"
114.119.147.213 - - [14/Nov/2022:06:56:36 -0800] "GET /2003/anniversaire_logan/source/dsc03046.htm HTTP/1.1" 200 1038 "http://photos.frachon.org/2003/anniversaire_logan/" "Mozilla/5.0 (Linux; Android 7.0;) AppleWebKit/537.36 (KHTML, like Gecko) Mobile Safari/537.36 (compatible; PetalBot;+https://webmaster.petalsearch.com/site/petalbot)" "photos.frachon.org"
114.119.147.209 - - [14/Nov/2022:07:02:13 -0800] "GET /2002/noel_en_france/source/dsc02492.htm HTTP/1.1" 200 1008 "http://photos.frachon.org/2002/noel_en_france/index7.htm" "Mozilla/5.0 (Linux; Android 7.0;) AppleWebKit/537.36 (KHTML, like Gecko) Mobile Safari/537.36 (compatible; PetalBot;+https://webmaster.petalsearch.com/site/petalbot)" "photos.frachon.org"
114.119.145.183 - - [14/Nov/2022:07:07:46 -0800] "GET /2003/vacances_portland/source/dsc04395.htm HTTP/1.1" 200 1015 "http://photos.frachon.org/2003/vacances_portland/index3.htm" "Mozilla/5.0 (Linux; Android 7.0;) AppleWebKit/537.36 (KHTML, like Gecko) Mobile Safari/537.36 (compatible; PetalBot;+https://webmaster.petalsearch.com/site/petalbot)" "photos.frachon.org"
114.119.132.59 - - [14/Nov/2022:07:09:07 -0800] "GET /robots.txt HTTP/1.1" 404 88 "-" "Mozilla/5.0 (compatible;PetalBot;+https://webmaster.petalsearch.com/site/petalbot)" "frachon.org"
114.119.147.209 - - [14/Nov/2022:07:13:18 -0800] "GET /2004/SejourAndreCatherine/source/dsc06345.htm HTTP/1.1" 200 1057 "http://photos.frachon.org/2004/SejourAndreCatherine/index2.htm" "Mozilla/5.0 (Linux; Android 7.0;) AppleWebKit/537.36 (KHTML, like Gecko) Mobile Safari/537.36 (compatible; PetalBot;+https://webmaster.petalsearch.com/site/petalbot)" "photos.frachon.org"
114.119.147.209 - - [14/Nov/2022:07:18:46 -0800] "GET /2003/halloween/index.htm HTTP/1.1" 200 1042 "http://photos.frachon.org/2003/halloween/index2.htm" "Mozilla/5.0 (Linux; Android 7.0;) AppleWebKit/537.36 (KHTML, like Gecko) Mobile Safari/537.36 (compatible; PetalBot;+https://webmaster.petalsearch.com/site/petalbot)" "photos.frachon.org"
114.119.147.205 - - [14/Nov/2022:07:24:11 -0800] "GET /2002/employee_day_29092002/source/dsc01801.htm HTTP/1.1" 200 1013 "http://photos.frachon.org/2002/employee_day_29092002/index2.htm" "Mozilla/5.0 (Linux; Android 7.0;) AppleWebKit/537.36 (KHTML, like Gecko) Mobile Safari/537.36 (compatible; PetalBot;+https://webmaster.petalsearch.com/site/petalbot)" "photos.frachon.org"
114.119.147.205 - - [14/Nov/2022:07:29:37 -0800] "GET /2004/vacances-suede/source/dsc06655.htm HTTP/1.1" 200 1081 "http://photos.frachon.org/source/dsc06636.htm" "Mozilla/5.0 (Linux; Android 7.0;) AppleWebKit/537.36 (KHTML, like Gecko) Mobile Safari/537.36 (compatible; PetalBot;+https://webmaster.petalsearch.com/site/petalbot)" "photos.frachon.org"
114.119.147.209 - - [14/Nov/2022:07:35:00 -0800] "GET /2004/laborday/source/dsc07052.htm HTTP/1.1" 200 1082 "http://photos.frachon.org/source/bellito_dsc02713.htm" "Mozilla/5.0 (Linux; Android 7.0;) AppleWebKit/537.36 (KHTML, like Gecko) Mobile Safari/537.36 (compatible; PetalBot;+https://webmaster.petalsearch.com/site/petalbot)" "photos.frachon.org"
114.119.147.209 - - [14/Nov/2022:07:40:24 -0800] "GET /2005/nanjing_february/source/dsc08237.htm HTTP/1.1" 200 1048 "http://photos.frachon.org/2005/nanjing_february/index4.htm" "Mozilla/5.0 (Linux; Android 7.0;) AppleWebKit/537.36 (KHTML, like Gecko) Mobile Safari/537.36 (compatible; PetalBot;+https://webmaster.petalsearch.com/site/petalbot)" "photos.frachon.org"
114.119.145.183 - - [14/Nov/2022:07:45:46 -0800] "GET /2002/Picnic_Santa_Cruz_21_07_2002/source/dsc01343.htm HTTP/1.1" 200 1155 "http://photos.frachon.org/source/dsc01327.htm" "Mozilla/5.0 (Linux; Android 7.0;) AppleWebKit/537.36 (KHTML, like Gecko) Mobile Safari/537.36 (compatible; PetalBot;+https://webmaster.petalsearch.com/site/petalbot)" "photos.frachon.org"
114.119.147.184 - - [14/Nov/2022:07:51:08 -0800] "GET /2004/vacances-suede/source/dsc06669.htm HTTP/1.1" 200 1077 "http://photos.frachon.org/2004/vacances-suede/index2.htm" "Mozilla/5.0 (Linux; Android 7.0;) AppleWebKit/537.36 (KHTML, like Gecko) Mobile Safari/537.36 (compatible; PetalBot;+https://webmaster.petalsearch.com/site/petalbot)" "photos.frachon.org"
114.119.147.213 - - [14/Nov/2022:07:56:33 -0800] "GET /2005/30ans-bruno/source/dsc08738.htm HTTP/1.1" 200 1047 "http://photos.frachon.org/2005/30ans-bruno/index.htm" "Mozilla/5.0 (Linux; Android 7.0;) AppleWebKit/537.36 (KHTML, like Gecko) Mobile Safari/537.36 (compatible; PetalBot;+https://webmaster.petalsearch.com/site/petalbot)" "photos.frachon.org"
114.119.147.184 - - [14/Nov/2022:08:01:54 -0800] "GET /2002/noel_en_france/source/dsc02427.htm HTTP/1.1" 200 1047 "http://photos.frachon.org/2002/noel_en_france/index5.htm" "Mozilla/5.0 (Linux; Android 7.0;) AppleWebKit/537.36 (KHTML, like Gecko) Mobile Safari/537.36 (compatible; PetalBot;+https://webmaster.petalsearch.com/site/petalbot)" "photos.frachon.org"
216.244.66.228 - - [14/Nov/2022:08:06:34 -0800] "GET /robots.txt HTTP/1.1" 404 73 "-" "Mozilla/5.0 (compatible; DotBot/1.2; +https://opensiteexplorer.org/dotbot; help@moz.com)" "frachon.org"
216.244.66.228 - - [14/Nov/2022:08:06:36 -0800] "GET /robots.txt HTTP/1.1" 404 73 "-" "Mozilla/5.0 (compatible; DotBot/1.2; +https://opensiteexplorer.org/dotbot; help@moz.com)" "photos.frachon.org"
114.119.147.213 - - [14/Nov/2022:08:07:16 -0800] "GET /2000/voyage_de_noces/source/karine_dominant_la_po_205b.htm HTTP/1.1" 200 1209 "http://photos.frachon.org/2000/voyage_de_noces/index2.htm" "Mozilla/5.0 (Linux; Android 7.0;) AppleWebKit/537.36 (KHTML, like Gecko) Mobile Safari/537.36 (compatible; PetalBot;+https://webmaster.petalsearch.com/site/petalbot)" "photos.frachon.org"
114.119.147.209 - - [14/Nov/2022:08:12:41 -0800] "GET /2005/metamorphose_jardin/source/dsc08016.htm HTTP/1.1" 200 1075 "http://photos.frachon.org/source/dsc07886.htm" "Mozilla/5.0 (Linux; Android 7.0;) AppleWebKit/537.36 (KHTML, like Gecko) Mobile Safari/537.36 (compatible; PetalBot;+https://webmaster.petalsearch.com/site/petalbot)" "photos.frachon.org"
114.119.147.209 - - [14/Nov/2022:08:18:08 -0800] "GET /2003/vacances_portland/source/dsc04282.htm HTTP/1.1" 200 1008 "http://photos.frachon.org/source/dsc04362.htm" "Mozilla/5.0 (Linux; Android 7.0;) AppleWebKit/537.36 (KHTML, like Gecko) Mobile Safari/537.36 (compatible; PetalBot;+https://webmaster.petalsearch.com/site/petalbot)" "photos.frachon.org"
114.119.147.209 - - [14/Nov/2022:08:23:44 -0800] "GET /2004/SejourAndreCatherine/source/pict0488.htm HTTP/1.1" 200 1053 "http://photos.frachon.org/2004/SejourAndreCatherine/index4.htm" "Mozilla/5.0 (Linux; Android 7.0;) AppleWebKit/537.36 (KHTML, like Gecko) Mobile Safari/537.36 (compatible; PetalBot;+https://webmaster.petalsearch.com/site/petalbot)" "photos.frachon.org"
114.119.145.183 - - [14/Nov/2022:08:29:10 -0800] "GET /2004/vacances-suede/image/113_1332p.jpg HTTP/1.1" 200 86384 "http://photos.frachon.org/2004/vacances-suede/source/113_1332p.htm" "Mozilla/5.0 (Linux; Android 7.0;) AppleWebKit/537.36 (KHTML, like Gecko) Mobile Safari/537.36 (compatible; PetalBot;+https://webmaster.petalsearch.com/site/petalbot)" "photos.frachon.org"
114.119.147.209 - - [14/Nov/2022:08:34:43 -0800] "GET /2005/metamorphose_jardin/source/dsc08374.htm HTTP/1.1" 200 1057 "http://photos.frachon.org/source/dsc07886.htm" "Mozilla/5.0 (Linux; Android 7.0;) AppleWebKit/537.36 (KHTML, like Gecko) Mobile Safari/537.36 (compatible; PetalBot;+https://webmaster.petalsearch.com/site/petalbot)" "photos.frachon.org"
114.119.147.184 - - [14/Nov/2022:08:40:14 -0800] "GET /2004/vacances-suede/source/dsc06786.htm HTTP/1.1" 200 1077 "http://photos.frachon.org/2004/vacances-suede/index7.htm" "Mozilla/5.0 (Linux; Android 7.0;) AppleWebKit/537.36 (KHTML, like Gecko) Mobile Safari/537.36 (compatible; PetalBot;+https://webmaster.petalsearch.com/site/petalbot)" "photos.frachon.org"
114.119.147.184 - - [14/Nov/2022:08:45:48 -0800] "GET /2002/noah_album_naissance/source/mov01428.htm HTTP/1.1" 200 1257 "http://photos.frachon.org/2002/noah_album_naissance/index.htm" "Mozilla/5.0 (Linux; Android 7.0;) AppleWebKit/537.36 (KHTML, like Gecko) Mobile Safari/537.36 (compatible; PetalBot;+https://webmaster.petalsearch.com/site/petalbot)" "photos.frachon.org"
114.119.147.184 - - [14/Nov/2022:08:51:30 -0800] "GET /2004/vacances-suede/source/dsc06714.htm HTTP/1.1" 200 1063 "http://photos.frachon.org/2004/vacances-suede/index3.htm" "Mozilla/5.0 (Linux; Android 7.0;) AppleWebKit/537.36 (KHTML, like Gecko) Mobile Safari/537.36 (compatible; PetalBot;+https://webmaster.petalsearch.com/site/petalbot)" "photos.frachon.org"
114.119.147.184 - - [14/Nov/2022:08:57:18 -0800] "GET /2004/SejourAndreCatherine/source/dsc06287.htm HTTP/1.1" 200 1059 "http://photos.frachon.org/2004/SejourAndreCatherine/index.htm" "Mozilla/5.0 (Linux; Android 7.0;) AppleWebKit/537.36 (KHTML, like Gecko) Mobile Safari/537.36 (compatible; PetalBot;+https://webmaster.petalsearch.com/site/petalbot)" "photos.frachon.org"
114.119.147.205 - - [14/Nov/2022:09:03:15 -0800] "GET /2003/halloween/source/img_0995.htm HTTP/1.1" 200 1057 "http://photos.frachon.org/source/img_0959.htm" "Mozilla/5.0 (Linux; Android 7.0;) AppleWebKit/537.36 (KHTML, like Gecko) Mobile Safari/537.36 (compatible; PetalBot;+https://webmaster.petalsearch.com/site/petalbot)" "photos.frachon.org"
114.119.147.205 - - [14/Nov/2022:09:09:34 -0800] "GET /2005/metamorphose_jardin/source/dsc08291.htm HTTP/1.1" 200 1060 "http://photos.frachon.org/source/dsc07886.htm" "Mozilla/5.0 (Linux; Android 7.0;) AppleWebKit/537.36 (KHTML, like Gecko) Mobile Safari/537.36 (compatible; PetalBot;+https://webmaster.petalsearch.com/site/petalbot)" "photos.frachon.org"
216.244.66.228 - - [14/Nov/2022:09:09:51 -0800] "GET /robots.txt HTTP/1.1" 404 73 "-" "Mozilla/5.0 (compatible; DotBot/1.2; +https://opensiteexplorer.org/dotbot; help@moz.com)" "frachon.org"
216.244.66.228 - - [14/Nov/2022:09:09:52 -0800] "GET /robots.txt HTTP/1.1" 404 73 "-" "Mozilla/5.0 (compatible; DotBot/1.2; +https://opensiteexplorer.org/dotbot; help@moz.com)" "photos.frachon.org"
