34.139.25.199 - - [24/Nov/2022:16:24:03 -0800] "GET /robots.txt HTTP/1.1" 404 88 "-" "ZoominfoBot (zoominfobot at zoominfo dot com)" "www.frachon.org"
34.139.25.199 - - [24/Nov/2022:16:24:03 -0800] "GET /?C=M;O=A HTTP/1.1" 200 377 "-" "ZoominfoBot (zoominfobot at zoominfo dot com)" "www.frachon.org"
5.188.62.140 - - [24/Nov/2022:16:41:40 -0800] "GET / HTTP/1.1" 200 377 "-" "Mozilla/5.0 (Windows NT 6.1; WOW64) AppleWebKit/537.36 (KHTML, like Gecko) Chrome/101.0.4951.67 Safari/537.36" "frachon.org"
5.188.62.140 - - [24/Nov/2022:16:41:44 -0800] "GET / HTTP/1.1" 200 377 "http://frachon.org/" "Mozilla/5.0 (Windows NT 6.1; WOW64) AppleWebKit/537.36 (KHTML, like Gecko) Chrome/99.0.4844.84 Safari/537.36" "frachon.org"
5.188.62.140 - - [24/Nov/2022:16:41:49 -0800] "GET /admin HTTP/1.1" 404 88 "http://frachon.org/" "Mozilla/5.0 (Windows NT 6.1; WOW64) AppleWebKit/537.36 (KHTML, like Gecko) Chrome/99.0.4844.84 Safari/537.36" "frachon.org"
114.119.135.237 - - [24/Nov/2022:16:45:50 -0800] "GET /source/bellito_dsc02713.htm HTTP/1.1" 200 125 "http://photos.frachon.org/index.htm" "Mozilla/5.0 (Linux; Android 7.0;) AppleWebKit/537.36 (KHTML, like Gecko) Mobile Safari/537.36 (compatible; PetalBot;+https://webmaster.petalsearch.com/site/petalbot)" "photos.frachon.org"
216.244.66.228 - - [24/Nov/2022:16:48:02 -0800] "GET /robots.txt HTTP/1.1" 404 73 "-" "Mozilla/5.0 (compatible; DotBot/1.2; +https://opensiteexplorer.org/dotbot; help@moz.com)" "frachon.org"
216.244.66.228 - - [24/Nov/2022:16:48:02 -0800] "GET /robots.txt HTTP/1.1" 404 73 "-" "Mozilla/5.0 (compatible; DotBot/1.2; +https://opensiteexplorer.org/dotbot; help@moz.com)" "photos.frachon.org"
114.119.157.158 - - [24/Nov/2022:16:55:51 -0800] "GET /2005/metamorphose_jardin/source/dsc08373.htm HTTP/1.1" 200 1058 "http://photos.frachon.org/2005/metamorphose_jardin/" "Mozilla/5.0 (Linux; Android 7.0;) AppleWebKit/537.36 (KHTML, like Gecko) Mobile Safari/537.36 (compatible; PetalBot;+https://webmaster.petalsearch.com/site/petalbot)" "photos.frachon.org"
114.119.136.11 - - [24/Nov/2022:17:00:53 -0800] "GET /2002/noah_premiers_jours_maison/source/dsc01535.htm HTTP/1.1" 200 1031 "http://photos.frachon.org/2002/noah_premiers_jours_maison/" "Mozilla/5.0 (Linux; Android 7.0;) AppleWebKit/537.36 (KHTML, like Gecko) Mobile Safari/537.36 (compatible; PetalBot;+https://webmaster.petalsearch.com/site/petalbot)" "photos.frachon.org"
114.119.157.128 - - [24/Nov/2022:17:05:52 -0800] "GET /2002/picnic_santa_cruz_14_07_2002/source/dsc01290.htm HTTP/1.1" 200 1174 "http://photos.frachon.org/2002/picnic_santa_cruz_14_07_2002/" "Mozilla/5.0 (Linux; Android 7.0;) AppleWebKit/537.36 (KHTML, like Gecko) Mobile Safari/537.36 (compatible; PetalBot;+https://webmaster.petalsearch.com/site/petalbot)" "photos.frachon.org"
114.119.148.169 - - [24/Nov/2022:17:11:01 -0800] "GET /2002/noel_en_france/source/dsc02283.htm HTTP/1.1" 200 1006 "http://photos.frachon.org/2002/noel_en_france/index2.htm" "Mozilla/5.0 (Linux; Android 7.0;) AppleWebKit/537.36 (KHTML, like Gecko) Mobile Safari/537.36 (compatible; PetalBot;+https://webmaster.petalsearch.com/site/petalbot)" "photos.frachon.org"
114.119.153.208 - - [24/Nov/2022:17:15:54 -0800] "GET /2003/vacances_portland/source/dsc04304.htm HTTP/1.1" 200 1006 "http://photos.frachon.org/2003/vacances_portland/index.htm" "Mozilla/5.0 (Linux; Android 7.0;) AppleWebKit/537.36 (KHTML, like Gecko) Mobile Safari/537.36 (compatible; PetalBot;+https://webmaster.petalsearch.com/site/petalbot)" "photos.frachon.org"
114.119.136.11 - - [24/Nov/2022:17:20:56 -0800] "GET /2003/noel/source/dsc05463.htm HTTP/1.1" 200 1061 "http://photos.frachon.org/2003/noel/index3.htm" "Mozilla/5.0 (Linux; Android 7.0;) AppleWebKit/537.36 (KHTML, like Gecko) Mobile Safari/537.36 (compatible; PetalBot;+https://webmaster.petalsearch.com/site/petalbot)" "photos.frachon.org"
114.119.148.169 - - [24/Nov/2022:17:25:53 -0800] "GET /2003/low_wedding/image/dsc04502.jpg HTTP/1.1" 200 59861 "http://photos.frachon.org/2003/low_wedding/source/dsc04502.htm" "Mozilla/5.0 (Linux; Android 7.0;) AppleWebKit/537.36 (KHTML, like Gecko) Mobile Safari/537.36 (compatible; PetalBot;+https://webmaster.petalsearch.com/site/petalbot)" "photos.frachon.org"
114.119.153.208 - - [24/Nov/2022:17:30:55 -0800] "GET /2004/laborday/source/dsc07050.htm HTTP/1.1" 200 1072 "http://photos.frachon.org/2004/laborday/index.htm" "Mozilla/5.0 (Linux; Android 7.0;) AppleWebKit/537.36 (KHTML, like Gecko) Mobile Safari/537.36 (compatible; PetalBot;+https://webmaster.petalsearch.com/site/petalbot)" "photos.frachon.org"
34.139.25.199 - - [24/Nov/2022:17:32:41 -0800] "GET /assets/ HTTP/1.1" 200 452 "-" "ZoominfoBot (zoominfobot at zoominfo dot com)" "www.frachon.org"
114.119.153.208 - - [24/Nov/2022:17:36:02 -0800] "GET /2003/sejour_frachon/source/dsc04637.htm HTTP/1.1" 404 88 "http://photos.frachon.org/2003/sejour_frachon/index3.htm" "Mozilla/5.0 (Linux; Android 7.0;) AppleWebKit/537.36 (KHTML, like Gecko) Mobile Safari/537.36 (compatible; PetalBot;+https://webmaster.petalsearch.com/site/petalbot)" "photos.frachon.org"
114.119.162.33 - - [24/Nov/2022:17:41:02 -0800] "GET /2002/employee_day_29092002/source/dsc01793.htm HTTP/1.1" 200 1012 "http://photos.frachon.org/2002/employee_day_29092002/index.htm" "Mozilla/5.0 (Linux; Android 7.0;) AppleWebKit/537.36 (KHTML, like Gecko) Mobile Safari/537.36 (compatible; PetalBot;+https://webmaster.petalsearch.com/site/petalbot)" "photos.frachon.org"
114.119.136.11 - - [24/Nov/2022:17:46:05 -0800] "GET /2002/picnic_menlo_27_07_2002/source/dsc01364.htm HTTP/1.1" 200 1150 "http://photos.frachon.org/source/dsc01356.htm" "Mozilla/5.0 (Linux; Android 7.0;) AppleWebKit/537.36 (KHTML, like Gecko) Mobile Safari/537.36 (compatible; PetalBot;+https://webmaster.petalsearch.com/site/petalbot)" "photos.frachon.org"
114.119.157.128 - - [24/Nov/2022:17:51:02 -0800] "GET /source/dsc01912.htm HTTP/1.1" 200 126 "http://photos.frachon.org/index.htm" "Mozilla/5.0 (Linux; Android 7.0;) AppleWebKit/537.36 (KHTML, like Gecko) Mobile Safari/537.36 (compatible; PetalBot;+https://webmaster.petalsearch.com/site/petalbot)" "photos.frachon.org"
216.244.66.228 - - [24/Nov/2022:17:55:32 -0800] "GET /robots.txt HTTP/1.1" 404 73 "-" "Mozilla/5.0 (compatible; DotBot/1.2; +https://opensiteexplorer.org/dotbot; help@moz.com)" "photos.frachon.org"
114.119.135.237 - - [24/Nov/2022:17:56:03 -0800] "GET /2004/vacances-suede/source/dsc06763.htm HTTP/1.1" 200 1071 "http://photos.frachon.org/2004/vacances-suede/index6.htm" "Mozilla/5.0 (Linux; Android 7.0;) AppleWebKit/537.36 (KHTML, like Gecko) Mobile Safari/537.36 (compatible; PetalBot;+https://webmaster.petalsearch.com/site/petalbot)" "photos.frachon.org"
114.119.157.128 - - [24/Nov/2022:18:01:02 -0800] "GET /source/trillaud_-_les_valises_3.htm HTTP/1.1" 200 136 "http://photos.frachon.org/index2.htm" "Mozilla/5.0 (Linux; Android 7.0;) AppleWebKit/537.36 (KHTML, like Gecko) Mobile Safari/537.36 (compatible; PetalBot;+https://webmaster.petalsearch.com/site/petalbot)" "photos.frachon.org"
34.139.25.199 - - [24/Nov/2022:18:01:52 -0800] "GET /photos/ HTTP/1.1" 200 1817 "-" "ZoominfoBot (zoominfobot at zoominfo dot com)" "www.frachon.org"
114.119.148.50 - - [24/Nov/2022:18:06:04 -0800] "GET /2002/noel_en_france/source/dsc02434.htm HTTP/1.1" 200 1018 "http://photos.frachon.org/2002/noel_en_france/index5.htm" "Mozilla/5.0 (Linux; Android 7.0;) AppleWebKit/537.36 (KHTML, like Gecko) Mobile Safari/537.36 (compatible; PetalBot;+https://webmaster.petalsearch.com/site/petalbot)" "photos.frachon.org"
34.139.25.199 - - [24/Nov/2022:18:07:12 -0800] "GET /robots.txt HTTP/1.1" 404 88 "-" "ZoominfoBot (zoominfobot at zoominfo dot com)" "frachon.org"
34.139.25.199 - - [24/Nov/2022:18:07:12 -0800] "GET /?C=N;O=D HTTP/1.1" 200 375 "-" "ZoominfoBot (zoominfobot at zoominfo dot com)" "frachon.org"
114.119.136.11 - - [24/Nov/2022:18:11:02 -0800] "GET /2000/avant_mariage/image/?C=D%3BO%3DA HTTP/1.1" 200 428 "http://photos.frachon.org/2000/avant_mariage/image/?C=N%3BO%3DD" "Mozilla/5.0 (Linux; Android 7.0;) AppleWebKit/537.36 (KHTML, like Gecko) Mobile Safari/537.36 (compatible; PetalBot;+https://webmaster.petalsearch.com/site/petalbot)" "photos.frachon.org"
114.119.148.169 - - [24/Nov/2022:18:16:10 -0800] "GET /2004/SejourAndreCatherine/source/dsc06389.htm HTTP/1.1" 200 1063 "http://photos.frachon.org/2004/SejourAndreCatherine/index2.htm" "Mozilla/5.0 (Linux; Android 7.0;) AppleWebKit/537.36 (KHTML, like Gecko) Mobile Safari/537.36 (compatible; PetalBot;+https://webmaster.petalsearch.com/site/petalbot)" "photos.frachon.org"
114.119.129.205 - - [24/Nov/2022:18:21:22 -0800] "GET /2002/picnic_santa_cruz_14_07_2002/source/mov01285.htm HTTP/1.1" 200 1206 "http://photos.frachon.org/2002/picnic_santa_cruz_14_07_2002/index2.htm" "Mozilla/5.0 (Linux; Android 7.0;) AppleWebKit/537.36 (KHTML, like Gecko) Mobile Safari/537.36 (compatible; PetalBot;+https://webmaster.petalsearch.com/site/petalbot)" "photos.frachon.org"
114.119.129.205 - - [24/Nov/2022:18:26:27 -0800] "GET /source/dsc00811.htm HTTP/1.1" 200 132 "http://photos.frachon.org/index2.htm" "Mozilla/5.0 (Linux; Android 7.0;) AppleWebKit/537.36 (KHTML, like Gecko) Mobile Safari/537.36 (compatible; PetalBot;+https://webmaster.petalsearch.com/site/petalbot)" "photos.frachon.org"
114.119.153.208 - - [24/Nov/2022:18:31:28 -0800] "GET /2003/sejour_frachon/ HTTP/1.1" 200 1100 "-" "Mozilla/5.0 (Linux; Android 7.0;) AppleWebKit/537.36 (KHTML, like Gecko) Mobile Safari/537.36 (compatible; PetalBot;+https://webmaster.petalsearch.com/site/petalbot)" "photos.frachon.org"
114.119.157.158 - - [24/Nov/2022:18:36:26 -0800] "GET /2002/halloween/ HTTP/1.1" 200 1144 "http://photos.frachon.org/index.htm" "Mozilla/5.0 (Linux; Android 7.0;) AppleWebKit/537.36 (KHTML, like Gecko) Mobile Safari/537.36 (compatible; PetalBot;+https://webmaster.petalsearch.com/site/petalbot)" "photos.frachon.org"
114.119.153.208 - - [24/Nov/2022:18:41:25 -0800] "GET /2002/picnic_santa_cruz_14_07_2002/source/dsc01307.htm HTTP/1.1" 200 1159 "http://photos.frachon.org/2002/picnic_santa_cruz_14_07_2002/" "Mozilla/5.0 (Linux; Android 7.0;) AppleWebKit/537.36 (KHTML, like Gecko) Mobile Safari/537.36 (compatible; PetalBot;+https://webmaster.petalsearch.com/site/petalbot)" "photos.frachon.org"
34.139.25.199 - - [24/Nov/2022:18:45:25 -0800] "GET /?C=S;O=A HTTP/1.1" 200 377 "-" "ZoominfoBot (zoominfobot at zoominfo dot com)" "frachon.org"
114.119.148.50 - - [24/Nov/2022:18:46:27 -0800] "GET /2004/laborday/ HTTP/1.1" 200 1067 "http://photos.frachon.org/index.htm" "Mozilla/5.0 (Linux; Android 7.0;) AppleWebKit/537.36 (KHTML, like Gecko) Mobile Safari/537.36 (compatible; PetalBot;+https://webmaster.petalsearch.com/site/petalbot)" "photos.frachon.org"
114.119.157.158 - - [24/Nov/2022:18:51:26 -0800] "GET /source/dsc05214.htm HTTP/1.1" 200 121 "http://photos.frachon.org/index.htm" "Mozilla/5.0 (Linux; Android 7.0;) AppleWebKit/537.36 (KHTML, like Gecko) Mobile Safari/537.36 (compatible; PetalBot;+https://webmaster.petalsearch.com/site/petalbot)" "photos.frachon.org"
34.139.25.199 - - [24/Nov/2022:18:55:51 -0800] "GET /iweb/ HTTP/1.1" 200 243 "-" "ZoominfoBot (zoominfobot at zoominfo dot com)" "frachon.org"
114.119.129.205 - - [24/Nov/2022:18:56:25 -0800] "GET /2005/nanjing_february/ HTTP/1.1" 200 1179 "-" "Mozilla/5.0 (Linux; Android 7.0;) AppleWebKit/537.36 (KHTML, like Gecko) Mobile Safari/537.36 (compatible; PetalBot;+https://webmaster.petalsearch.com/site/petalbot)" "photos.frachon.org"
114.119.162.33 - - [24/Nov/2022:19:01:26 -0800] "GET /2004/SejourAndreCatherine/source/pict0564.htm HTTP/1.1" 200 1050 "http://photos.frachon.org/2004/SejourAndreCatherine/index5.htm" "Mozilla/5.0 (Linux; Android 7.0;) AppleWebKit/537.36 (KHTML, like Gecko) Mobile Safari/537.36 (compatible; PetalBot;+https://webmaster.petalsearch.com/site/petalbot)" "photos.frachon.org"
114.119.153.208 - - [24/Nov/2022:19:06:29 -0800] "GET /2004/SejourAndreCatherine/source/pict0499.htm HTTP/1.1" 200 1055 "http://photos.frachon.org/2004/SejourAndreCatherine/index4.htm" "Mozilla/5.0 (Linux; Android 7.0;) AppleWebKit/537.36 (KHTML, like Gecko) Mobile Safari/537.36 (compatible; PetalBot;+https://webmaster.petalsearch.com/site/petalbot)" "photos.frachon.org"
114.119.157.128 - - [24/Nov/2022:19:11:25 -0800] "GET /2002/Picnic_Santa_Cruz_21_07_2002/source/dsc01339.htm HTTP/1.1" 200 1140 "http://photos.frachon.org/source/dsc01327.htm" "Mozilla/5.0 (Linux; Android 7.0;) AppleWebKit/537.36 (KHTML, like Gecko) Mobile Safari/537.36 (compatible; PetalBot;+https://webmaster.petalsearch.com/site/petalbot)" "photos.frachon.org"
34.139.25.199 - - [24/Nov/2022:19:20:15 -0800] "GET /?C=M;O=A HTTP/1.1" 200 377 "-" "ZoominfoBot (zoominfobot at zoominfo dot com)" "frachon.org"
34.139.25.199 - - [24/Nov/2022:19:50:59 -0800] "GET /?C=D;O=A HTTP/1.1" 200 377 "-" "ZoominfoBot (zoominfobot at zoominfo dot com)" "www.frachon.org"
34.139.25.199 - - [24/Nov/2022:19:52:19 -0800] "GET /?C=N;O=D HTTP/1.1" 200 375 "-" "ZoominfoBot (zoominfobot at zoominfo dot com)" "www.frachon.org"
216.244.66.228 - - [24/Nov/2022:20:03:28 -0800] "GET /robots.txt HTTP/1.1" 404 73 "-" "Mozilla/5.0 (compatible; DotBot/1.2; +https://opensiteexplorer.org/dotbot; help@moz.com)" "frachon.org"
216.244.66.228 - - [24/Nov/2022:20:03:28 -0800] "GET /robots.txt HTTP/1.1" 404 73 "-" "Mozilla/5.0 (compatible; DotBot/1.2; +https://opensiteexplorer.org/dotbot; help@moz.com)" "photos.frachon.org"
34.139.25.199 - - [24/Nov/2022:20:10:47 -0800] "GET /iweb/ HTTP/1.1" 200 243 "-" "ZoominfoBot (zoominfobot at zoominfo dot com)" "www.frachon.org"
34.139.25.199 - - [24/Nov/2022:20:21:19 -0800] "GET /?C=D;O=A HTTP/1.1" 200 377 "-" "ZoominfoBot (zoominfobot at zoominfo dot com)" "frachon.org"
34.139.25.199 - - [24/Nov/2022:20:38:56 -0800] "GET /?C=S;O=A HTTP/1.1" 200 377 "-" "ZoominfoBot (zoominfobot at zoominfo dot com)" "www.frachon.org"
143.244.180.216 - - [24/Nov/2022:20:55:19 -0800] "GET /wp-22.php?sfilename=on.php&sfilecontent=<%3F%3D409723%2A20%3B&supfiles=on.php HTTP/1.1" 404 73 "-" "Mozilla/5.0 (iPhone; CPU iPhone OS 14_2 like Mac OS X) AppleWebKit/605.1.15 (KHTML, like Gecko) Version/14.0.1 Mobile/15E148 Safari/604.1" "frachon.org"
34.139.25.199 - - [24/Nov/2022:21:45:52 -0800] "GET /photos/ HTTP/1.1" 200 1817 "-" "ZoominfoBot (zoominfobot at zoominfo dot com)" "frachon.org"
34.139.25.199 - - [24/Nov/2022:21:52:58 -0800] "GET /assets/ HTTP/1.1" 200 452 "-" "ZoominfoBot (zoominfobot at zoominfo dot com)" "frachon.org"
40.77.167.105 - - [24/Nov/2022:22:05:16 -0800] "GET /robots.txt HTTP/1.1" 404 88 "-" "Mozilla/5.0 (compatible; bingbot/2.0; +http://www.bing.com/bingbot.htm)" "www.frachon.org"
207.46.13.187 - - [24/Nov/2022:22:05:31 -0800] "GET / HTTP/1.1" 200 377 "-" "Mozilla/5.0 AppleWebKit/537.36 (KHTML, like Gecko; compatible; bingbot/2.0; +http://www.bing.com/bingbot.htm) Chrome/103.0.5060.134 Safari/537.36" "www.frachon.org"
114.119.153.208 - - [24/Nov/2022:22:36:07 -0800] "GET /2004/TruckeeMarch2004/source/12.htm HTTP/1.1" 200 1045 "http://photos.frachon.org/2004/TruckeeMarch2004/" "Mozilla/5.0 (Linux; Android 7.0;) AppleWebKit/537.36 (KHTML, like Gecko) Mobile Safari/537.36 (compatible; PetalBot;+https://webmaster.petalsearch.com/site/petalbot)" "photos.frachon.org"
34.171.122.59 - - [24/Nov/2022:22:40:29 -0800] "GET /wp-2018.php HTTP/1.1" 404 88 "-" "Go-http-client/1.1" "frachon.org"
34.171.122.59 - - [24/Nov/2022:22:40:29 -0800] "GET /wp-2020.php HTTP/1.1" 404 88 "-" "Go-http-client/1.1" "frachon.org"
34.171.122.59 - - [24/Nov/2022:22:40:29 -0800] "GET /wp-2021.php HTTP/1.1" 404 88 "-" "Go-http-client/1.1" "frachon.org"
34.171.122.59 - - [24/Nov/2022:22:40:29 -0800] "GET /wp-2022.php HTTP/1.1" 404 88 "-" "Go-http-client/1.1" "frachon.org"
34.171.122.59 - - [24/Nov/2022:22:40:29 -0800] "GET /0z.php HTTP/1.1" 404 88 "-" "Go-http-client/1.1" "frachon.org"
34.171.122.59 - - [24/Nov/2022:22:40:29 -0800] "GET /lock360.php HTTP/1.1" 404 88 "-" "Go-http-client/1.1" "frachon.org"
34.171.122.59 - - [24/Nov/2022:22:40:29 -0800] "GET /wp-22.php HTTP/1.1" 404 88 "-" "Go-http-client/1.1" "frachon.org"
34.171.122.59 - - [24/Nov/2022:22:40:29 -0800] "GET /wp-2019.php HTTP/1.1" 404 88 "-" "Go-http-client/1.1" "frachon.org"
34.171.122.59 - - [24/Nov/2022:22:40:29 -0800] "GET /fw.php HTTP/1.1" 404 88 "-" "Go-http-client/1.1" "frachon.org"
34.171.122.59 - - [24/Nov/2022:22:40:29 -0800] "GET /2index.php HTTP/1.1" 404 88 "-" "Go-http-client/1.1" "frachon.org"
34.171.122.59 - - [24/Nov/2022:22:40:29 -0800] "GET /C.php HTTP/1.1" 404 88 "-" "Go-http-client/1.1" "frachon.org"
34.171.122.59 - - [24/Nov/2022:22:40:30 -0800] "GET /c.php HTTP/1.1" 404 88 "-" "Go-http-client/1.1" "frachon.org"
34.171.122.59 - - [24/Nov/2022:22:40:30 -0800] "GET /01.php HTTP/1.1" 404 88 "-" "Go-http-client/1.1" "frachon.org"
34.171.122.59 - - [24/Nov/2022:22:40:30 -0800] "GET /1.php HTTP/1.1" 404 88 "-" "Go-http-client/1.1" "frachon.org"
34.171.122.59 - - [24/Nov/2022:22:40:30 -0800] "GET /02.php HTTP/1.1" 404 88 "-" "Go-http-client/1.1" "frachon.org"
34.171.122.59 - - [24/Nov/2022:22:40:30 -0800] "GET /wp.php HTTP/1.1" 404 88 "-" "Go-http-client/1.1" "frachon.org"
34.171.122.59 - - [24/Nov/2022:22:40:30 -0800] "GET /404.php HTTP/1.1" 404 88 "-" "Go-http-client/1.1" "frachon.org"
34.171.122.59 - - [24/Nov/2022:22:40:30 -0800] "GET /403.php HTTP/1.1" 404 88 "-" "Go-http-client/1.1" "frachon.org"
34.171.122.59 - - [24/Nov/2022:22:40:30 -0800] "GET /admin.php HTTP/1.1" 404 88 "-" "Go-http-client/1.1" "frachon.org"
34.171.122.59 - - [24/Nov/2022:22:40:30 -0800] "GET /good.php HTTP/1.1" 404 88 "-" "Go-http-client/1.1" "frachon.org"
34.171.122.59 - - [24/Nov/2022:22:40:30 -0800] "GET /wp-content/themes/wp-pridmag/init.php HTTP/1.1" 404 88 "-" "Go-http-client/1.1" "frachon.org"
34.171.122.59 - - [24/Nov/2022:22:40:30 -0800] "GET /radio.php HTTP/1.1" 404 88 "-" "Go-http-client/1.1" "frachon.org"
34.171.122.59 - - [24/Nov/2022:22:40:30 -0800] "GET /wp-includes/1index.php?pass=am*guAW8.ryDgz-TYF HTTP/1.1" 404 88 "-" "Go-http-client/1.1" "frachon.org"
34.171.122.59 - - [24/Nov/2022:22:40:30 -0800] "GET /1index.php?pass=am*guAW8.ryDgz-TYF HTTP/1.1" 404 88 "-" "Go-http-client/1.1" "frachon.org"
34.171.122.59 - - [24/Nov/2022:22:40:30 -0800] "GET /wp_wrong_datlib.php?pass=stusa HTTP/1.1" 404 88 "-" "Go-http-client/1.1" "frachon.org"
34.171.122.59 - - [24/Nov/2022:22:40:30 -0800] "GET /2index.php?pass=am*guAW8.ryDgz-TYF HTTP/1.1" 404 88 "-" "Go-http-client/1.1" "frachon.org"
34.171.122.59 - - [24/Nov/2022:22:40:30 -0800] "GET /autoload_classmap.php HTTP/1.1" 404 88 "-" "Go-http-client/1.1" "frachon.org"
34.171.122.59 - - [24/Nov/2022:22:40:30 -0800] "GET /wikindex.php HTTP/1.1" 404 88 "-" "Go-http-client/1.1" "frachon.org"
34.171.122.59 - - [24/Nov/2022:22:40:30 -0800] "GET /Deadcode1975xxxxxxxxxxxxxxxxxxxxxxxxxxxx.php HTTP/1.1" 404 88 "-" "Go-http-client/1.1" "frachon.org"
34.171.122.59 - - [24/Nov/2022:22:40:30 -0800] "GET /1h6j5.php HTTP/1.1" 404 88 "-" "Go-http-client/1.1" "frachon.org"
34.171.122.59 - - [24/Nov/2022:22:40:31 -0800] "GET /wp-admin/setup-config.php HTTP/1.1" 404 88 "-" "Go-http-client/1.1" "frachon.org"
34.171.122.59 - - [24/Nov/2022:22:40:31 -0800] "GET /wp-admin/xleet.php HTTP/1.1" 404 88 "-" "Go-http-client/1.1" "frachon.org"
34.171.122.59 - - [24/Nov/2022:22:40:31 -0800] "GET /wp-content/fw.php HTTP/1.1" 404 88 "-" "Go-http-client/1.1" "frachon.org"
34.171.122.59 - - [24/Nov/2022:22:40:31 -0800] "GET /wp-admin/fx.php HTTP/1.1" 404 88 "-" "Go-http-client/1.1" "frachon.org"
34.171.122.59 - - [24/Nov/2022:22:40:31 -0800] "GET /4price.php HTTP/1.1" 404 88 "-" "Go-http-client/1.1" "frachon.org"
34.171.122.59 - - [24/Nov/2022:22:40:31 -0800] "GET /utchiha.php HTTP/1.1" 404 88 "-" "Go-http-client/1.1" "frachon.org"
34.171.122.59 - - [24/Nov/2022:22:40:31 -0800] "GET /wp-admin/priv8.php HTTP/1.1" 404 88 "-" "Go-http-client/1.1" "frachon.org"
34.171.122.59 - - [24/Nov/2022:22:40:31 -0800] "GET /wp-admin/rss.php HTTP/1.1" 404 88 "-" "Go-http-client/1.1" "frachon.org"
34.171.122.59 - - [24/Nov/2022:22:40:31 -0800] "GET /uploads/xleet.php HTTP/1.1" 404 88 "-" "Go-http-client/1.1" "frachon.org"
34.171.122.59 - - [24/Nov/2022:22:40:31 -0800] "GET /upload.php?mr=exe3 HTTP/1.1" 404 88 "-" "Go-http-client/1.1" "frachon.org"
34.171.122.59 - - [24/Nov/2022:22:40:31 -0800] "GET /about.php HTTP/1.1" 404 88 "-" "Go-http-client/1.1" "frachon.org"
34.171.122.59 - - [24/Nov/2022:22:40:31 -0800] "GET /wp-includes/customize/class-wp-customize-nav-menu.php?new HTTP/1.1" 404 88 "-" "Go-http-client/1.1" "frachon.org"
34.171.122.59 - - [24/Nov/2022:22:40:31 -0800] "GET /ALFA_DATA/alfacgiapi/ups.php HTTP/1.1" 404 88 "-" "Go-http-client/1.1" "frachon.org"
34.171.122.59 - - [24/Nov/2022:22:40:31 -0800] "GET /3index.php HTTP/1.1" 404 88 "-" "Go-http-client/1.1" "frachon.org"
34.171.122.59 - - [24/Nov/2022:22:40:31 -0800] "GET /alfa.php HTTP/1.1" 404 88 "-" "Go-http-client/1.1" "frachon.org"
34.171.122.59 - - [24/Nov/2022:22:40:31 -0800] "GET /old-index.php HTTP/1.1" 404 88 "-" "Go-http-client/1.1" "frachon.org"
34.171.122.59 - - [24/Nov/2022:22:40:31 -0800] "GET /baindex.php HTTP/1.1" 404 88 "-" "Go-http-client/1.1" "frachon.org"
34.171.122.59 - - [24/Nov/2022:22:40:31 -0800] "GET /wikindex.php HTTP/1.1" 404 88 "-" "Go-http-client/1.1" "frachon.org"
34.171.122.59 - - [24/Nov/2022:22:40:31 -0800] "GET /doc.php HTTP/1.1" 404 88 "-" "Go-http-client/1.1" "frachon.org"
34.171.122.59 - - [24/Nov/2022:22:40:31 -0800] "GET /haxor.php HTTP/1.1" 404 88 "-" "Go-http-client/1.1" "frachon.org"
34.171.122.59 - - [24/Nov/2022:22:40:31 -0800] "GET /marijuana.php HTTP/1.1" 404 88 "-" "Go-http-client/1.1" "frachon.org"
34.171.122.59 - - [24/Nov/2022:22:40:32 -0800] "GET /mass.php HTTP/1.1" 404 88 "-" "Go-http-client/1.1" "frachon.org"
34.171.122.59 - - [24/Nov/2022:22:40:32 -0800] "GET /mini.php HTTP/1.1" 404 88 "-" "Go-http-client/1.1" "frachon.org"
34.171.122.59 - - [24/Nov/2022:22:40:32 -0800] "GET /priv8.php HTTP/1.1" 404 88 "-" "Go-http-client/1.1" "frachon.org"
34.171.122.59 - - [24/Nov/2022:22:40:32 -0800] "GET /shell.php HTTP/1.1" 404 88 "-" "Go-http-client/1.1" "frachon.org"
34.171.122.59 - - [24/Nov/2022:22:40:32 -0800] "GET /small.php HTTP/1.1" 404 88 "-" "Go-http-client/1.1" "frachon.org"
34.171.122.59 - - [24/Nov/2022:22:40:32 -0800] "GET /wso.php HTTP/1.1" 404 88 "-" "Go-http-client/1.1" "frachon.org"
34.171.122.59 - - [24/Nov/2022:22:40:32 -0800] "GET /mininew.php HTTP/1.1" 404 88 "-" "Go-http-client/1.1" "frachon.org"
34.171.122.59 - - [24/Nov/2022:22:40:32 -0800] "GET /xleet.php HTTP/1.1" 404 88 "-" "Go-http-client/1.1" "frachon.org"
34.171.122.59 - - [24/Nov/2022:22:40:32 -0800] "GET /1337.php HTTP/1.1" 404 88 "-" "Go-http-client/1.1" "frachon.org"
34.171.122.59 - - [24/Nov/2022:22:40:32 -0800] "GET /wxo.php HTTP/1.1" 404 88 "-" "Go-http-client/1.1" "frachon.org"
34.171.122.59 - - [24/Nov/2022:22:40:32 -0800] "GET /wp-info.php HTTP/1.1" 404 88 "-" "Go-http-client/1.1" "frachon.org"
34.171.122.59 - - [24/Nov/2022:22:40:32 -0800] "GET /up-kon.php HTTP/1.1" 404 88 "-" "Go-http-client/1.1" "frachon.org"
34.171.122.59 - - [24/Nov/2022:22:40:32 -0800] "GET /hehe.php HTTP/1.1" 404 88 "-" "Go-http-client/1.1" "frachon.org"
34.171.122.59 - - [24/Nov/2022:22:40:32 -0800] "GET /3x.php?3x=3x HTTP/1.1" 404 88 "-" "Go-http-client/1.1" "frachon.org"
34.171.122.59 - - [24/Nov/2022:22:40:32 -0800] "GET /xmlrqc.php HTTP/1.1" 404 88 "-" "Go-http-client/1.1" "frachon.org"
34.171.122.59 - - [24/Nov/2022:22:40:32 -0800] "GET /wp-blog.php HTTP/1.1" 404 88 "-" "Go-http-client/1.1" "frachon.org"
34.171.122.59 - - [24/Nov/2022:22:40:32 -0800] "GET /xwxx.php HTTP/1.1" 404 88 "-" "Go-http-client/1.1" "frachon.org"
34.171.122.59 - - [24/Nov/2022:22:40:32 -0800] "GET /wp-content/plugins/fighter/fk.php HTTP/1.1" 404 88 "-" "Go-http-client/1.1" "frachon.org"
34.171.122.59 - - [24/Nov/2022:22:40:32 -0800] "GET /wp-x.php HTTP/1.1" 404 88 "-" "Go-http-client/1.1" "frachon.org"
34.171.122.59 - - [24/Nov/2022:22:40:32 -0800] "GET /xl.php HTTP/1.1" 404 88 "-" "Go-http-client/1.1" "frachon.org"
34.171.122.59 - - [24/Nov/2022:22:40:32 -0800] "GET /wp-god.php HTTP/1.1" 404 88 "-" "Go-http-client/1.1" "frachon.org"
34.171.122.59 - - [24/Nov/2022:22:40:32 -0800] "GET /wp-easy.php HTTP/1.1" 404 88 "-" "Go-http-client/1.1" "frachon.org"
34.171.122.59 - - [24/Nov/2022:22:40:32 -0800] "GET /wp-content/plugins/easybusy/wp-blog.php HTTP/1.1" 404 88 "-" "Go-http-client/1.1" "frachon.org"
34.171.122.59 - - [24/Nov/2022:22:40:32 -0800] "GET /DKIZ.php?DKIZ HTTP/1.1" 404 88 "-" "Go-http-client/1.1" "frachon.org"
34.171.122.59 - - [24/Nov/2022:22:40:33 -0800] "GET /pi.php HTTP/1.1" 404 88 "-" "Go-http-client/1.1" "frachon.org"
34.171.122.59 - - [24/Nov/2022:22:40:33 -0800] "GET /wp-includes/assets/pi.php HTTP/1.1" 404 88 "-" "Go-http-client/1.1" "frachon.org"
34.171.122.59 - - [24/Nov/2022:22:40:33 -0800] "GET /XxX.php HTTP/1.1" 404 88 "-" "Go-http-client/1.1" "frachon.org"
34.171.122.59 - - [24/Nov/2022:22:40:33 -0800] "GET /new-index.php HTTP/1.1" 404 88 "-" "Go-http-client/1.1" "frachon.org"
34.171.122.59 - - [24/Nov/2022:22:40:33 -0800] "GET /xml.php HTTP/1.1" 404 88 "-" "Go-http-client/1.1" "frachon.org"
34.171.122.59 - - [24/Nov/2022:22:40:33 -0800] "GET /wp_logx.php HTTP/1.1" 404 88 "-" "Go-http-client/1.1" "frachon.org"
34.171.122.59 - - [24/Nov/2022:22:40:33 -0800] "GET /wp-content/upload.php HTTP/1.1" 404 88 "-" "Go-http-client/1.1" "frachon.org"
34.171.122.59 - - [24/Nov/2022:22:40:33 -0800] "GET /crypted.php HTTP/1.1" 404 88 "-" "Go-http-client/1.1" "frachon.org"
34.171.122.59 - - [24/Nov/2022:22:40:33 -0800] "GET /wpx.php HTTP/1.1" 404 88 "-" "Go-http-client/1.1" "frachon.org"
34.171.122.59 - - [24/Nov/2022:22:40:33 -0800] "GET /ini.php HTTP/1.1" 404 88 "-" "Go-http-client/1.1" "frachon.org"
34.171.122.59 - - [24/Nov/2022:22:40:33 -0800] "GET /xx.php HTTP/1.1" 404 88 "-" "Go-http-client/1.1" "frachon.org"
34.171.122.59 - - [24/Nov/2022:22:40:33 -0800] "GET /reminder.php HTTP/1.1" 404 88 "-" "Go-http-client/1.1" "frachon.org"
34.171.122.59 - - [24/Nov/2022:22:40:33 -0800] "GET /wp-content/plugins//masterx/wpx.php HTTP/1.1" 404 88 "-" "Go-http-client/1.1" "frachon.org"
34.171.122.59 - - [24/Nov/2022:22:40:33 -0800] "GET /image/screenshot_1.php HTTP/1.1" 404 88 "-" "Go-http-client/1.1" "frachon.org"
34.171.122.59 - - [24/Nov/2022:22:40:33 -0800] "GET /screenshot_1.php HTTP/1.1" 404 88 "-" "Go-http-client/1.1" "frachon.org"
34.171.122.59 - - [24/Nov/2022:22:40:33 -0800] "GET /mad.php HTTP/1.1" 404 88 "-" "Go-http-client/1.1" "frachon.org"
34.171.122.59 - - [24/Nov/2022:22:40:33 -0800] "GET /admin/controller/extension/wpm.php HTTP/1.1" 404 88 "-" "Go-http-client/1.1" "frachon.org"
34.171.122.59 - - [24/Nov/2022:22:40:33 -0800] "GET /xlt.php HTTP/1.1" 404 88 "-" "Go-http-client/1.1" "frachon.org"
34.171.122.59 - - [24/Nov/2022:22:40:33 -0800] "GET /xl.php HTTP/1.1" 404 88 "-" "Go-http-client/1.1" "frachon.org"
34.171.122.59 - - [24/Nov/2022:22:40:33 -0800] "GET /lufix.php HTTP/1.1" 404 88 "-" "Go-http-client/1.1" "frachon.org"
34.171.122.59 - - [24/Nov/2022:22:40:33 -0800] "GET /uploads/up.php HTTP/1.1" 404 88 "-" "Go-http-client/1.1" "frachon.org"
34.171.122.59 - - [24/Nov/2022:22:40:33 -0800] "GET /images/vuln.php HTTP/1.1" 404 88 "-" "Go-http-client/1.1" "frachon.org"
34.171.122.59 - - [24/Nov/2022:22:40:33 -0800] "GET /up.php HTTP/1.1" 404 88 "-" "Go-http-client/1.1" "frachon.org"
34.171.122.59 - - [24/Nov/2022:22:40:34 -0800] "GET /media-admin.php HTTP/1.1" 404 88 "-" "Go-http-client/1.1" "frachon.org"
34.171.122.59 - - [24/Nov/2022:22:40:34 -0800] "GET /1index.php HTTP/1.1" 404 88 "-" "Go-http-client/1.1" "frachon.org"
34.171.122.59 - - [24/Nov/2022:22:40:34 -0800] "GET /payout.php HTTP/1.1" 404 88 "-" "Go-http-client/1.1" "frachon.org"
34.171.122.59 - - [24/Nov/2022:22:40:34 -0800] "GET /google.php HTTP/1.1" 404 88 "-" "Go-http-client/1.1" "frachon.org"
34.171.122.59 - - [24/Nov/2022:22:40:34 -0800] "GET /srx.php HTTP/1.1" 404 88 "-" "Go-http-client/1.1" "frachon.org"
34.171.122.59 - - [24/Nov/2022:22:40:34 -0800] "GET /x.php HTTP/1.1" 404 88 "-" "Go-http-client/1.1" "frachon.org"
34.171.122.59 - - [24/Nov/2022:22:40:34 -0800] "GET /upload.php HTTP/1.1" 404 88 "-" "Go-http-client/1.1" "frachon.org"
34.171.122.59 - - [24/Nov/2022:22:40:34 -0800] "GET /ups.php HTTP/1.1" 404 88 "-" "Go-http-client/1.1" "frachon.org"
114.119.136.11 - - [24/Nov/2022:22:41:08 -0800] "GET /2002/noel_en_france/source/dsc02235.htm HTTP/1.1" 200 1011 "http://photos.frachon.org/2002/noel_en_france/" "Mozilla/5.0 (Linux; Android 7.0;) AppleWebKit/537.36 (KHTML, like Gecko) Mobile Safari/537.36 (compatible; PetalBot;+https://webmaster.petalsearch.com/site/petalbot)" "photos.frachon.org"
114.119.129.205 - - [24/Nov/2022:22:46:12 -0800] "GET /2003/noel/ HTTP/1.1" 200 1066 "http://photos.frachon.org/index.htm" "Mozilla/5.0 (Linux; Android 7.0;) AppleWebKit/537.36 (KHTML, like Gecko) Mobile Safari/537.36 (compatible; PetalBot;+https://webmaster.petalsearch.com/site/petalbot)" "photos.frachon.org"
34.211.120.127 - - [25/Nov/2022:01:07:02 -0800] "GET / HTTP/1.1" 200 377 "-" "Mozilla/5.0 (X11; Linux x86_64) AppleWebKit/537.36 (KHTML, like Gecko) Chrome/83.0.4103.97 Safari/537.36" "frachon.org"
54.184.62.246 - - [25/Nov/2022:01:07:33 -0800] "GET / HTTP/1.1" 200 377 "-" "Mozilla/5.0 (X11; Linux x86_64) AppleWebKit/537.36 (KHTML, like Gecko) Chrome/83.0.4103.97 Safari/537.36" "frachon.org"
35.90.189.231 - - [25/Nov/2022:01:07:59 -0800] "GET /favicon.ico HTTP/1.1" 404 88 "-" "Mozilla/5.0 (X11; Linux x86_64) AppleWebKit/537.36 (KHTML, like Gecko) Chrome/83.0.4103.97 Safari/537.36" "frachon.org"
35.90.189.231 - - [25/Nov/2022:01:08:04 -0800] "GET / HTTP/1.1" 200 377 "-" "Mozilla/5.0 (X11; Linux x86_64) AppleWebKit/537.36 (KHTML, like Gecko) Chrome/83.0.4103.97 Safari/537.36" "frachon.org"
114.119.157.158 - - [25/Nov/2022:01:25:49 -0800] "GET /2003/shenandoah-demenagement/source/dsc03152.htm HTTP/1.1" 200 1011 "http://photos.frachon.org/source/dsc03139.htm" "Mozilla/5.0 (Linux; Android 7.0;) AppleWebKit/537.36 (KHTML, like Gecko) Mobile Safari/537.36 (compatible; PetalBot;+https://webmaster.petalsearch.com/site/petalbot)" "photos.frachon.org"
114.119.153.208 - - [25/Nov/2022:01:30:50 -0800] "GET /2005/nanjing_february/source/dsc08231.htm HTTP/1.1" 200 1050 "http://photos.frachon.org/2005/nanjing_february/index4.htm" "Mozilla/5.0 (Linux; Android 7.0;) AppleWebKit/537.36 (KHTML, like Gecko) Mobile Safari/537.36 (compatible; PetalBot;+https://webmaster.petalsearch.com/site/petalbot)" "photos.frachon.org"
114.119.148.50 - - [25/Nov/2022:01:35:51 -0800] "GET /2003/vacances_portland/source/dsc04300.htm HTTP/1.1" 200 1007 "http://photos.frachon.org/2003/vacances_portland/index.htm" "Mozilla/5.0 (Linux; Android 7.0;) AppleWebKit/537.36 (KHTML, like Gecko) Mobile Safari/537.36 (compatible; PetalBot;+https://webmaster.petalsearch.com/site/petalbot)" "photos.frachon.org"
137.226.113.44 - - [25/Nov/2022:01:38:18 -0800] "GET / HTTP/1.1" 200 377 "-" "Mozilla/5.0 zgrab/0.x (compatible; Researchscan/http; +http://researchscan.comsys.rwth-aachen.de)" "www.frachon.org"
114.119.162.33 - - [25/Nov/2022:01:40:52 -0800] "GET /2005/nanjing_february/source/dsc08213.htm HTTP/1.1" 200 1048 "http://photos.frachon.org/2005/nanjing_february/index3.htm" "Mozilla/5.0 (Linux; Android 7.0;) AppleWebKit/537.36 (KHTML, like Gecko) Mobile Safari/537.36 (compatible; PetalBot;+https://webmaster.petalsearch.com/site/petalbot)" "photos.frachon.org"
114.119.148.50 - - [25/Nov/2022:01:45:50 -0800] "GET /2003/shenandoah-demenagement/source/dsc03155.htm HTTP/1.1" 200 1024 "http://photos.frachon.org/source/dsc03139.htm" "Mozilla/5.0 (Linux; Android 7.0;) AppleWebKit/537.36 (KHTML, like Gecko) Mobile Safari/537.36 (compatible; PetalBot;+https://webmaster.petalsearch.com/site/petalbot)" "photos.frachon.org"
114.119.153.208 - - [25/Nov/2022:01:50:52 -0800] "GET /2005/nanjing_february/source/dsc08139.htm HTTP/1.1" 200 1050 "http://photos.frachon.org/source/dsc08121.htm" "Mozilla/5.0 (Linux; Android 7.0;) AppleWebKit/537.36 (KHTML, like Gecko) Mobile Safari/537.36 (compatible; PetalBot;+https://webmaster.petalsearch.com/site/petalbot)" "photos.frachon.org"
114.119.153.208 - - [25/Nov/2022:01:55:52 -0800] "GET /2002/noah_1_a_2_mois/source/dsc01613.htm HTTP/1.1" 200 1004 "http://photos.frachon.org/source/dsc01613.htm" "Mozilla/5.0 (Linux; Android 7.0;) AppleWebKit/537.36 (KHTML, like Gecko) Mobile Safari/537.36 (compatible; PetalBot;+https://webmaster.petalsearch.com/site/petalbot)" "photos.frachon.org"
114.119.148.169 - - [25/Nov/2022:02:00:58 -0800] "GET /2003/shenandoah-demenagement/source/dsc03159.htm HTTP/1.1" 200 1023 "http://photos.frachon.org/source/dsc03139.htm" "Mozilla/5.0 (Linux; Android 7.0;) AppleWebKit/537.36 (KHTML, like Gecko) Mobile Safari/537.36 (compatible; PetalBot;+https://webmaster.petalsearch.com/site/petalbot)" "photos.frachon.org"
114.119.162.33 - - [25/Nov/2022:02:06:00 -0800] "GET /2002/noah_1_a_2_mois/image/dsc01866.jpg HTTP/1.1" 200 34985 "http://photos.frachon.org/2002/noah_1_a_2_mois/source/dsc01866.htm" "Mozilla/5.0 (Linux; Android 7.0;) AppleWebKit/537.36 (KHTML, like Gecko) Mobile Safari/537.36 (compatible; PetalBot;+https://webmaster.petalsearch.com/site/petalbot)" "photos.frachon.org"
216.244.66.228 - - [25/Nov/2022:02:10:53 -0800] "GET /robots.txt HTTP/1.1" 404 73 "-" "Mozilla/5.0 (compatible; DotBot/1.2; +https://opensiteexplorer.org/dotbot; help@moz.com)" "photos.frachon.org"
114.119.136.11 - - [25/Nov/2022:02:11:00 -0800] "GET /2002/picnic_menlo_27_07_2002/source/dsc01366.htm HTTP/1.1" 200 1201 "http://photos.frachon.org/source/dsc01356.htm" "Mozilla/5.0 (Linux; Android 7.0;) AppleWebKit/537.36 (KHTML, like Gecko) Mobile Safari/537.36 (compatible; PetalBot;+https://webmaster.petalsearch.com/site/petalbot)" "photos.frachon.org"
114.119.157.128 - - [25/Nov/2022:02:16:01 -0800] "GET /2003/vacances_portland/source/dsc04297.htm HTTP/1.1" 200 1004 "http://photos.frachon.org/2003/vacances_portland/index.htm" "Mozilla/5.0 (Linux; Android 7.0;) AppleWebKit/537.36 (KHTML, like Gecko) Mobile Safari/537.36 (compatible; PetalBot;+https://webmaster.petalsearch.com/site/petalbot)" "photos.frachon.org"
114.119.136.11 - - [25/Nov/2022:02:21:01 -0800] "GET /2000/mariage/source/karine_sur_la_place_d_2054.htm HTTP/1.1" 200 1175 "http://photos.frachon.org/source/bizzzzzou_nr_deux_des_3eb3.htm" "Mozilla/5.0 (Linux; Android 7.0;) AppleWebKit/537.36 (KHTML, like Gecko) Mobile Safari/537.36 (compatible; PetalBot;+https://webmaster.petalsearch.com/site/petalbot)" "photos.frachon.org"
114.119.162.33 - - [25/Nov/2022:02:26:05 -0800] "GET /2004/SejourAndreCatherine/source/pict0531.htm HTTP/1.1" 200 1053 "http://photos.frachon.org/2004/SejourAndreCatherine/index4.htm" "Mozilla/5.0 (Linux; Android 7.0;) AppleWebKit/537.36 (KHTML, like Gecko) Mobile Safari/537.36 (compatible; PetalBot;+https://webmaster.petalsearch.com/site/petalbot)" "photos.frachon.org"
114.119.129.205 - - [25/Nov/2022:02:31:05 -0800] "GET /2002/noel_en_france/source/dsc02355.htm HTTP/1.1" 200 1077 "http://photos.frachon.org/2002/noel_en_france/index4.htm" "Mozilla/5.0 (Linux; Android 7.0;) AppleWebKit/537.36 (KHTML, like Gecko) Mobile Safari/537.36 (compatible; PetalBot;+https://webmaster.petalsearch.com/site/petalbot)" "photos.frachon.org"
114.119.148.50 - - [25/Nov/2022:02:36:06 -0800] "GET /2003/Noah_eau/source/dsc03364.htm HTTP/1.1" 200 1008 "http://photos.frachon.org/source/dsc03364.htm" "Mozilla/5.0 (Linux; Android 7.0;) AppleWebKit/537.36 (KHTML, like Gecko) Mobile Safari/537.36 (compatible; PetalBot;+https://webmaster.petalsearch.com/site/petalbot)" "photos.frachon.org"
114.119.157.128 - - [25/Nov/2022:02:41:06 -0800] "GET /2003/Noah_eau/source/img_5588.htm HTTP/1.1" 200 1001 "http://photos.frachon.org/source/dsc03364.htm" "Mozilla/5.0 (Linux; Android 7.0;) AppleWebKit/537.36 (KHTML, like Gecko) Mobile Safari/537.36 (compatible; PetalBot;+https://webmaster.petalsearch.com/site/petalbot)" "photos.frachon.org"
114.119.157.128 - - [25/Nov/2022:02:46:06 -0800] "GET /2004/laborday/source/dsc07151.htm HTTP/1.1" 200 1060 "http://photos.frachon.org/2004/laborday/index6.htm" "Mozilla/5.0 (Linux; Android 7.0;) AppleWebKit/537.36 (KHTML, like Gecko) Mobile Safari/537.36 (compatible; PetalBot;+https://webmaster.petalsearch.com/site/petalbot)" "photos.frachon.org"
114.119.129.205 - - [25/Nov/2022:02:51:07 -0800] "GET /2002/noel_en_france/source/dsc02364.htm HTTP/1.1" 200 1053 "http://photos.frachon.org/2002/noel_en_france/index4.htm" "Mozilla/5.0 (Linux; Android 7.0;) AppleWebKit/537.36 (KHTML, like Gecko) Mobile Safari/537.36 (compatible; PetalBot;+https://webmaster.petalsearch.com/site/petalbot)" "photos.frachon.org"
114.119.157.158 - - [25/Nov/2022:02:56:10 -0800] "GET /2005/metamorphose_jardin/source/dsc08383.htm HTTP/1.1" 200 1056 "http://photos.frachon.org/2005/metamorphose_jardin/index2.htm" "Mozilla/5.0 (Linux; Android 7.0;) AppleWebKit/537.36 (KHTML, like Gecko) Mobile Safari/537.36 (compatible; PetalBot;+https://webmaster.petalsearch.com/site/petalbot)" "photos.frachon.org"
114.119.136.11 - - [25/Nov/2022:03:01:10 -0800] "GET /2002/noel_en_france/source/dsc02289.htm HTTP/1.1" 200 1027 "http://photos.frachon.org/2002/noel_en_france/index2.htm" "Mozilla/5.0 (Linux; Android 7.0;) AppleWebKit/537.36 (KHTML, like Gecko) Mobile Safari/537.36 (compatible; PetalBot;+https://webmaster.petalsearch.com/site/petalbot)" "photos.frachon.org"
114.119.148.50 - - [25/Nov/2022:03:06:09 -0800] "GET /2005/nanjing_february/source/dsc08133.htm HTTP/1.1" 200 1048 "http://photos.frachon.org/source/dsc08121.htm" "Mozilla/5.0 (Linux; Android 7.0;) AppleWebKit/537.36 (KHTML, like Gecko) Mobile Safari/537.36 (compatible; PetalBot;+https://webmaster.petalsearch.com/site/petalbot)" "photos.frachon.org"
114.119.153.208 - - [25/Nov/2022:03:11:11 -0800] "GET /2004/SejourAndreCatherine/source/pict0315.htm HTTP/1.1" 200 1057 "http://photos.frachon.org/2004/SejourAndreCatherine/index.htm" "Mozilla/5.0 (Linux; Android 7.0;) AppleWebKit/537.36 (KHTML, like Gecko) Mobile Safari/537.36 (compatible; PetalBot;+https://webmaster.petalsearch.com/site/petalbot)" "photos.frachon.org"
114.119.129.205 - - [25/Nov/2022:03:16:11 -0800] "GET /2002/noah_1_a_2_mois/ HTTP/1.1" 200 1225 "-" "Mozilla/5.0 (Linux; Android 7.0;) AppleWebKit/537.36 (KHTML, like Gecko) Mobile Safari/537.36 (compatible; PetalBot;+https://webmaster.petalsearch.com/site/petalbot)" "photos.frachon.org"
114.119.136.11 - - [25/Nov/2022:03:21:12 -0800] "GET /2004/vacances-suede/source/dsc06727.htm HTTP/1.1" 200 1071 "http://photos.frachon.org/2004/vacances-suede/index4.htm" "Mozilla/5.0 (Linux; Android 7.0;) AppleWebKit/537.36 (KHTML, like Gecko) Mobile Safari/537.36 (compatible; PetalBot;+https://webmaster.petalsearch.com/site/petalbot)" "photos.frachon.org"
114.119.162.33 - - [25/Nov/2022:03:26:11 -0800] "GET /2003/shenandoah-demenagement/image/dsc03136.jpg HTTP/1.1" 200 35491 "http://photos.frachon.org/2003/shenandoah-demenagement/source/dsc03136.htm" "Mozilla/5.0 (Linux; Android 7.0;) AppleWebKit/537.36 (KHTML, like Gecko) Mobile Safari/537.36 (compatible; PetalBot;+https://webmaster.petalsearch.com/site/petalbot)" "photos.frachon.org"
114.119.153.208 - - [25/Nov/2022:03:31:11 -0800] "GET /2000/voyage_de_noces/source/karine_essaye_le_chapeau.j.htm HTTP/1.1" 200 1183 "http://photos.frachon.org/2000/voyage_de_noces/" "Mozilla/5.0 (Linux; Android 7.0;) AppleWebKit/537.36 (KHTML, like Gecko) Mobile Safari/537.36 (compatible; PetalBot;+https://webmaster.petalsearch.com/site/petalbot)" "photos.frachon.org"
114.119.153.208 - - [25/Nov/2022:03:36:13 -0800] "GET /2003/vacances_portland/image/dsc04344.jpg HTTP/1.1" 200 37401 "http://photos.frachon.org/2003/vacances_portland/source/dsc04344.htm" "Mozilla/5.0 (Linux; Android 7.0;) AppleWebKit/537.36 (KHTML, like Gecko) Mobile Safari/537.36 (compatible; PetalBot;+https://webmaster.petalsearch.com/site/petalbot)" "photos.frachon.org"
114.119.157.128 - - [25/Nov/2022:03:41:14 -0800] "GET /2002/noel_en_france/source/dsc02196.htm HTTP/1.1" 200 1019 "http://photos.frachon.org/2002/noel_en_france/" "Mozilla/5.0 (Linux; Android 7.0;) AppleWebKit/537.36 (KHTML, like Gecko) Mobile Safari/537.36 (compatible; PetalBot;+https://webmaster.petalsearch.com/site/petalbot)" "photos.frachon.org"
114.119.136.11 - - [25/Nov/2022:03:46:14 -0800] "GET /2004/TruckeeMarch2004/source/5.htm HTTP/1.1" 200 1054 "http://photos.frachon.org/2004/TruckeeMarch2004/" "Mozilla/5.0 (Linux; Android 7.0;) AppleWebKit/537.36 (KHTML, like Gecko) Mobile Safari/537.36 (compatible; PetalBot;+https://webmaster.petalsearch.com/site/petalbot)" "photos.frachon.org"
114.119.153.208 - - [25/Nov/2022:03:51:13 -0800] "GET /2003/noel/source/dsc05410.htm HTTP/1.1" 200 1054 "http://photos.frachon.org/2003/noel/index2.htm" "Mozilla/5.0 (Linux; Android 7.0;) AppleWebKit/537.36 (KHTML, like Gecko) Mobile Safari/537.36 (compatible; PetalBot;+https://webmaster.petalsearch.com/site/petalbot)" "photos.frachon.org"
114.119.136.11 - - [25/Nov/2022:03:56:15 -0800] "GET /2004/laborday/source/dsc07058.htm HTTP/1.1" 200 1064 "http://photos.frachon.org/2004/laborday/index.htm" "Mozilla/5.0 (Linux; Android 7.0;) AppleWebKit/537.36 (KHTML, like Gecko) Mobile Safari/537.36 (compatible; PetalBot;+https://webmaster.petalsearch.com/site/petalbot)" "photos.frachon.org"
207.46.13.187 - - [25/Nov/2022:04:31:17 -0800] "GET / HTTP/1.1" 200 377 "-" "Mozilla/5.0 AppleWebKit/537.36 (KHTML, like Gecko; compatible; bingbot/2.0; +http://www.bing.com/bingbot.htm) Chrome/103.0.5060.134 Safari/537.36" "www.frachon.org"
77.88.5.82 - - [25/Nov/2022:05:40:54 -0800] "GET /robots.txt HTTP/1.1" 404 73 "-" "Mozilla/5.0 (compatible; YandexBot/3.0; +http://yandex.com/bots)" "frachon.org"
77.88.5.216 - - [25/Nov/2022:05:40:57 -0800] "GET /iweb/ HTTP/1.1" 200 243 "-" "Mozilla/5.0 (compatible; YandexBot/3.0; +http://yandex.com/bots)" "frachon.org"
34.78.36.141 - - [25/Nov/2022:06:16:43 -0800] "GET / HTTP/1.1" 200 840 "-" "Mozilla/5.0 (Windows NT 10.0; Win64; x64) AppleWebKit/537.36 (KHTML, like Gecko) Chrome/84.0.4147.105 Safari/537.36" "www.frachon.org"
216.244.66.228 - - [25/Nov/2022:08:13:47 -0800] "GET /robots.txt HTTP/1.1" 404 73 "-" "Mozilla/5.0 (compatible; DotBot/1.2; +https://opensiteexplorer.org/dotbot; help@moz.com)" "photos.frachon.org"
114.119.157.128 - - [25/Nov/2022:08:46:04 -0800] "GET /2003/4th_july/source/dsc04037.htm HTTP/1.1" 200 1263 "http://photos.frachon.org/source/dsc04028.htm" "Mozilla/5.0 (Linux; Android 7.0;) AppleWebKit/537.36 (KHTML, like Gecko) Mobile Safari/537.36 (compatible; PetalBot;+https://webmaster.petalsearch.com/site/petalbot)" "photos.frachon.org"
114.119.129.205 - - [25/Nov/2022:08:51:26 -0800] "GET /source/emma-dec-2001.htm HTTP/1.1" 200 143 "http://photos.frachon.org/index2.htm" "Mozilla/5.0 (Linux; Android 7.0;) AppleWebKit/537.36 (KHTML, like Gecko) Mobile Safari/537.36 (compatible; PetalBot;+https://webmaster.petalsearch.com/site/petalbot)" "photos.frachon.org"
114.119.157.128 - - [25/Nov/2022:08:56:43 -0800] "GET /2002/noah_album_naissance/source/dsc01453.htm HTTP/1.1" 200 1203 "http://photos.frachon.org/source/dsc01444.htm" "Mozilla/5.0 (Linux; Android 7.0;) AppleWebKit/537.36 (KHTML, like Gecko) Mobile Safari/537.36 (compatible; PetalBot;+https://webmaster.petalsearch.com/site/petalbot)" "photos.frachon.org"
114.119.153.208 - - [25/Nov/2022:09:02:02 -0800] "GET /2002/halloween/source/dsc01913.htm HTTP/1.1" 200 1025 "http://photos.frachon.org/2002/halloween/" "Mozilla/5.0 (Linux; Android 7.0;) AppleWebKit/537.36 (KHTML, like Gecko) Mobile Safari/537.36 (compatible; PetalBot;+https://webmaster.petalsearch.com/site/petalbot)" "photos.frachon.org"
114.119.148.169 - - [25/Nov/2022:09:07:20 -0800] "GET /2002/noel_en_france/source/dsc02546.htm HTTP/1.1" 200 1039 "http://photos.frachon.org/2002/noel_en_france/index8.htm" "Mozilla/5.0 (Linux; Android 7.0;) AppleWebKit/537.36 (KHTML, like Gecko) Mobile Safari/537.36 (compatible; PetalBot;+https://webmaster.petalsearch.com/site/petalbot)" "photos.frachon.org"
216.244.66.228 - - [25/Nov/2022:09:08:52 -0800] "GET /robots.txt HTTP/1.1" 404 73 "-" "Mozilla/5.0 (compatible; DotBot/1.2; +https://opensiteexplorer.org/dotbot; help@moz.com)" "photos.frachon.org"
114.119.162.33 - - [25/Nov/2022:09:12:31 -0800] "GET /2002/noel_en_france/source/dsc02321.htm HTTP/1.1" 200 1008 "http://photos.frachon.org/2002/noel_en_france/index3.htm" "Mozilla/5.0 (Linux; Android 7.0;) AppleWebKit/537.36 (KHTML, like Gecko) Mobile Safari/537.36 (compatible; PetalBot;+https://webmaster.petalsearch.com/site/petalbot)" "photos.frachon.org"
114.119.135.237 - - [25/Nov/2022:09:17:48 -0800] "GET /2003/anniversaire_logan/source/dsc03044.htm HTTP/1.1" 200 1245 "http://photos.frachon.org/source/dsc03037.htm" "Mozilla/5.0 (Linux; Android 7.0;) AppleWebKit/537.36 (KHTML, like Gecko) Mobile Safari/537.36 (compatible; PetalBot;+https://webmaster.petalsearch.com/site/petalbot)" "photos.frachon.org"
114.119.148.50 - - [25/Nov/2022:09:22:59 -0800] "GET /2004/SejourAndreCatherine/image/pict0473.jpg HTTP/1.1" 200 119841 "http://photos.frachon.org/2004/SejourAndreCatherine/source/pict0473.htm" "Mozilla/5.0 (Linux; Android 7.0;) AppleWebKit/537.36 (KHTML, like Gecko) Mobile Safari/537.36 (compatible; PetalBot;+https://webmaster.petalsearch.com/site/petalbot)" "photos.frachon.org"
114.119.148.50 - - [25/Nov/2022:09:28:13 -0800] "GET /2002/halloween/source/dsc01901.htm HTTP/1.1" 200 1015 "http://photos.frachon.org/2002/halloween/" "Mozilla/5.0 (Linux; Android 7.0;) AppleWebKit/537.36 (KHTML, like Gecko) Mobile Safari/537.36 (compatible; PetalBot;+https://webmaster.petalsearch.com/site/petalbot)" "photos.frachon.org"
114.119.153.208 - - [25/Nov/2022:09:33:28 -0800] "GET /2003/noel/image/dsc05365.jpg HTTP/1.1" 200 46874 "http://photos.frachon.org/2003/noel/source/dsc05365.htm" "Mozilla/5.0 (Linux; Android 7.0;) AppleWebKit/537.36 (KHTML, like Gecko) Mobile Safari/537.36 (compatible; PetalBot;+https://webmaster.petalsearch.com/site/petalbot)" "photos.frachon.org"
114.119.129.205 - - [25/Nov/2022:09:38:43 -0800] "GET /2002/employee_day_29092002/source/dsc01759.htm HTTP/1.1" 200 1017 "http://photos.frachon.org/2002/employee_day_29092002/index.htm" "Mozilla/5.0 (Linux; Android 7.0;) AppleWebKit/537.36 (KHTML, like Gecko) Mobile Safari/537.36 (compatible; PetalBot;+https://webmaster.petalsearch.com/site/petalbot)" "photos.frachon.org"
114.119.135.171 - - [25/Nov/2022:09:42:23 -0800] "GET /robots.txt HTTP/1.1" 404 88 "-" "Mozilla/5.0 (compatible;PetalBot;+https://webmaster.petalsearch.com/site/petalbot)" "photos.frachon.org"
114.119.148.50 - - [25/Nov/2022:09:43:59 -0800] "GET /2002/picnic_menlo_27_07_2002/source/dsc01357.htm HTTP/1.1" 200 1155 "http://photos.frachon.org/source/dsc01356.htm" "Mozilla/5.0 (Linux; Android 7.0;) AppleWebKit/537.36 (KHTML, like Gecko) Mobile Safari/537.36 (compatible; PetalBot;+https://webmaster.petalsearch.com/site/petalbot)" "photos.frachon.org"
114.119.153.208 - - [25/Nov/2022:09:49:18 -0800] "GET /2004/laborday/source/bellito_dsc02693.htm HTTP/1.1" 200 1084 "http://photos.frachon.org/2004/laborday/index3.htm" "Mozilla/5.0 (Linux; Android 7.0;) AppleWebKit/537.36 (KHTML, like Gecko) Mobile Safari/537.36 (compatible; PetalBot;+https://webmaster.petalsearch.com/site/petalbot)" "photos.frachon.org"
114.119.135.237 - - [25/Nov/2022:09:54:27 -0800] "GET /2000/avant_mariage/assets/?C=M%3BO%3DA HTTP/1.1" 200 439 "http://photos.frachon.org/2000/avant_mariage/assets/" "Mozilla/5.0 (Linux; Android 7.0;) AppleWebKit/537.36 (KHTML, like Gecko) Mobile Safari/537.36 (compatible; PetalBot;+https://webmaster.petalsearch.com/site/petalbot)" "photos.frachon.org"
137.184.212.145 - - [25/Nov/2022:09:59:24 -0800] "HEAD / HTTP/1.1" 200 - "https://www.bing.com" "Mozilla/5.0 (Windows NT 6.1) AppleWebKit/537.36 (KHTML, like Gecko) Chrome/41.0.2228.0 Safari/537.36" "frachon.org"
137.184.212.145 - - [25/Nov/2022:09:59:24 -0800] "GET /wp-login.php HTTP/1.1" 404 88 "http://frachon.org" "Mozilla/5.0 (Windows NT 6.1) AppleWebKit/537.36 (KHTML, like Gecko) Chrome/41.0.2228.0 Safari/537.36" "frachon.org"
137.184.212.145 - - [25/Nov/2022:09:59:24 -0800] "GET /wordpress/wp-login.php HTTP/1.1" 404 88 "http://frachon.org" "Mozilla/5.0 (Windows NT 6.1) AppleWebKit/537.36 (KHTML, like Gecko) Chrome/41.0.2228.0 Safari/537.36" "frachon.org"
137.184.212.145 - - [25/Nov/2022:09:59:24 -0800] "GET /blog/wp-login.php HTTP/1.1" 404 88 "http://frachon.org" "Mozilla/5.0 (Windows NT 6.1) AppleWebKit/537.36 (KHTML, like Gecko) Chrome/41.0.2228.0 Safari/537.36" "frachon.org"
137.184.212.145 - - [25/Nov/2022:09:59:24 -0800] "GET /wp/wp-login.php HTTP/1.1" 404 88 "http://frachon.org" "Mozilla/5.0 (Windows NT 6.1) AppleWebKit/537.36 (KHTML, like Gecko) Chrome/41.0.2228.0 Safari/537.36" "frachon.org"
114.119.148.50 - - [25/Nov/2022:09:59:38 -0800] "GET /2004/SejourAndreCatherine/source/dsc06358.htm HTTP/1.1" 200 1057 "http://photos.frachon.org/2004/SejourAndreCatherine/index2.htm" "Mozilla/5.0 (Linux; Android 7.0;) AppleWebKit/537.36 (KHTML, like Gecko) Mobile Safari/537.36 (compatible; PetalBot;+https://webmaster.petalsearch.com/site/petalbot)" "photos.frachon.org"
114.119.153.208 - - [25/Nov/2022:10:04:50 -0800] "GET /2002/noah_1_a_2_mois/index3.htm HTTP/1.1" 200 1258 "http://photos.frachon.org/source/dsc01613.htm" "Mozilla/5.0 (Linux; Android 7.0;) AppleWebKit/537.36 (KHTML, like Gecko) Mobile Safari/537.36 (compatible; PetalBot;+https://webmaster.petalsearch.com/site/petalbot)" "photos.frachon.org"
66.249.66.146 - - [25/Nov/2022:10:08:19 -0800] "GET /robots.txt HTTP/1.1" 404 88 "-" "Mozilla/5.0 (compatible; Googlebot/2.1; +http://www.google.com/bot.html)" "photos.frachon.org"
66.249.66.142 - - [25/Nov/2022:10:08:19 -0800] "GET /favicon.ico HTTP/1.1" 404 88 "-" "Googlebot-Image/1.0" "photos.frachon.org"
